{"id":12498,"date":"2020-02-16T11:27:07","date_gmt":"2020-02-16T11:27:07","guid":{"rendered":"https:\/\/escolagrancapita.wpcomstaging.com\/?page_id=12498"},"modified":"2020-02-16T11:27:07","modified_gmt":"2020-02-16T11:27:07","slug":"els-mitjans-de-comunicacio-a-3r-deso","status":"publish","type":"page","link":"https:\/\/escolagrancapita.wpcomstaging.com\/?page_id=12498","title":{"rendered":"Els mitjans de comunicaci\u00f3 a 3r d\u2019ESO"},"content":{"rendered":"<p style=\"text-align: justify;\">Dintre del projecte de tota l&#8217;escola sobre els mitjans de comunicaci\u00f3, els alumnes de 3r d&#8217;ESO, durant el segon trimestre, s&#8217;han dedicat a estudiar un dels g\u00e8neres period\u00edstics m\u00e9s interessants: el reportatge d&#8217;actualitat.<\/p>\n<p style=\"text-align: justify;\">Han conegut totes les passes necess\u00e0ries dels periodistes a l&#8217;hora de fer un reportatge audiovisual: una pluja d&#8217;idees amb els temes d&#8217;actualitat que m\u00e9s els interessaven, recerca de la informaci\u00f3 fonamental per al tema escollit, redacci\u00f3 d&#8217;un gui\u00f3, plasmaci\u00f3 del gui\u00f3 en un <a href=\"https:\/\/neoattack.com\/neowiki\/storyboard\/\"><em>storyboard<\/em> <\/a>per tenir en compte els diferents tipus de plans i transicions, la gravaci\u00f3 de les imatges i l&#8217;edici\u00f3 final del v\u00eddeo.<\/p>\n<p style=\"text-align: justify;\">En grups de cinc, els alumnes de 3r d&#8217;ESO han seguit tot aquest procediment per elaborar un reportatge audiovisual d&#8217;actualitat.<\/p>\n<p style=\"text-align: justify;\">A classe, van decidir sobre quin tema parlarien, quin enfocament donarien a aquest tema, van buscar la informaci\u00f3 que necessitaven i van elaborar el gui\u00f3 i l&#8217;<em>storyboard<\/em>.<\/p>\n<div id='gallery-1' class='gallery galleryid-12498 gallery-columns-2 gallery-size-full'><figure class='gallery-item'>\n\t\t\t<div class='gallery-icon landscape'>\n\t\t\t\t<img loading=\"lazy\" decoding=\"async\" width=\"2560\" height=\"1920\" src=\"https:\/\/i0.wp.com\/escolagrancapita.wpcomstaging.com\/wp-content\/uploads\/2020\/02\/3ESO_Reportatge-2-scaled.jpg?fit=2560%2C1920&amp;ssl=1\" class=\"attachment-full size-full\" alt=\"\" srcset=\"https:\/\/i0.wp.com\/escolagrancapita.wpcomstaging.com\/wp-content\/uploads\/2020\/02\/3ESO_Reportatge-2-scaled.jpg?w=2560&amp;ssl=1 2560w, https:\/\/i0.wp.com\/escolagrancapita.wpcomstaging.com\/wp-content\/uploads\/2020\/02\/3ESO_Reportatge-2-scaled.jpg?resize=300%2C225&amp;ssl=1 300w, https:\/\/i0.wp.com\/escolagrancapita.wpcomstaging.com\/wp-content\/uploads\/2020\/02\/3ESO_Reportatge-2-scaled.jpg?resize=1024%2C768&amp;ssl=1 1024w, https:\/\/i0.wp.com\/escolagrancapita.wpcomstaging.com\/wp-content\/uploads\/2020\/02\/3ESO_Reportatge-2-scaled.jpg?resize=768%2C576&amp;ssl=1 768w, https:\/\/i0.wp.com\/escolagrancapita.wpcomstaging.com\/wp-content\/uploads\/2020\/02\/3ESO_Reportatge-2-scaled.jpg?resize=1536%2C1152&amp;ssl=1 1536w, https:\/\/i0.wp.com\/escolagrancapita.wpcomstaging.com\/wp-content\/uploads\/2020\/02\/3ESO_Reportatge-2-scaled.jpg?resize=2048%2C1536&amp;ssl=1 2048w, https:\/\/i0.wp.com\/escolagrancapita.wpcomstaging.com\/wp-content\/uploads\/2020\/02\/3ESO_Reportatge-2-scaled.jpg?w=2250&amp;ssl=1 2250w\" sizes=\"auto, (max-width: 750px) 100vw, 750px\" \/>\n\t\t\t<\/div><\/figure><figure class='gallery-item'>\n\t\t\t<div class='gallery-icon landscape'>\n\t\t\t\t<img loading=\"lazy\" decoding=\"async\" width=\"2560\" height=\"1920\" src=\"https:\/\/i0.wp.com\/escolagrancapita.wpcomstaging.com\/wp-content\/uploads\/2020\/02\/3ESO_Reportatge-1-scaled-e1581847819147.jpg?fit=2560%2C1920&amp;ssl=1\" class=\"attachment-full size-full\" alt=\"\" srcset=\"https:\/\/i0.wp.com\/escolagrancapita.wpcomstaging.com\/wp-content\/uploads\/2020\/02\/3ESO_Reportatge-1-scaled-e1581847819147.jpg?w=2560&amp;ssl=1 2560w, https:\/\/i0.wp.com\/escolagrancapita.wpcomstaging.com\/wp-content\/uploads\/2020\/02\/3ESO_Reportatge-1-scaled-e1581847819147.jpg?resize=300%2C225&amp;ssl=1 300w, https:\/\/i0.wp.com\/escolagrancapita.wpcomstaging.com\/wp-content\/uploads\/2020\/02\/3ESO_Reportatge-1-scaled-e1581847819147.jpg?resize=1024%2C768&amp;ssl=1 1024w, https:\/\/i0.wp.com\/escolagrancapita.wpcomstaging.com\/wp-content\/uploads\/2020\/02\/3ESO_Reportatge-1-scaled-e1581847819147.jpg?resize=768%2C576&amp;ssl=1 768w, https:\/\/i0.wp.com\/escolagrancapita.wpcomstaging.com\/wp-content\/uploads\/2020\/02\/3ESO_Reportatge-1-scaled-e1581847819147.jpg?resize=1536%2C1152&amp;ssl=1 1536w, https:\/\/i0.wp.com\/escolagrancapita.wpcomstaging.com\/wp-content\/uploads\/2020\/02\/3ESO_Reportatge-1-scaled-e1581847819147.jpg?resize=2048%2C1536&amp;ssl=1 2048w, https:\/\/i0.wp.com\/escolagrancapita.wpcomstaging.com\/wp-content\/uploads\/2020\/02\/3ESO_Reportatge-1-scaled-e1581847819147.jpg?w=2250&amp;ssl=1 2250w\" sizes=\"auto, (max-width: 750px) 100vw, 750px\" \/>\n\t\t\t<\/div><\/figure>\n\t\t<\/div>\n\n<p style=\"text-align: justify;\">La gravaci\u00f3 de les imatges va tenir lloc majorit\u00e0riament fora del centre, aix\u00ed com l&#8217;edici\u00f3 final del reportatge.<\/p>\n<p style=\"text-align: justify;\">Per \u00faltim, van explicar a la resta del seus companys sobre quin tema i subtemes tractaven els seus reportatges, com l&#8217;havien elaborat i amb quines dificultats s&#8217;havien trobat.<\/p>\n<p style=\"text-align: justify;\">Aqu\u00ed teniu les edicions finals del reportatges:<\/p>\n<p style=\"text-align: justify;\"><strong>L&#8217;homof\u00f2bia<\/strong><\/p>\n<p><iframe loading=\"lazy\" src=\"https:\/\/www.youtube.com\/embed\/FB8aI1ExLcI\" width=\"1252\" height=\"704\" frameborder=\"0\" allowfullscreen=\"allowfullscreen\"><\/iframe><\/p>\n<p style=\"text-align: justify;\"><strong>El masclisme a les xarxes socials<\/strong><\/p>\n<p><iframe loading=\"lazy\" src=\"https:\/\/www.youtube.com\/embed\/HHezNVDPRQc\" width=\"1252\" height=\"704\" frameborder=\"0\" allowfullscreen=\"allowfullscreen\"><\/iframe><\/p>\n<p style=\"text-align: justify;\"><strong>L&#8217;assetjament escolar<em> (cyberbulling)<\/em><\/strong><\/p>\n<p><iframe loading=\"lazy\" src=\"https:\/\/www.youtube.com\/embed\/KZimoXOa8Ug\" width=\"1252\" height=\"704\" frameborder=\"0\" allowfullscreen=\"allowfullscreen\"><\/iframe><\/p>\n<p style=\"text-align: justify;\"><strong>Els <\/strong><em><strong>influencers <\/strong><\/em><\/p>\n<p><iframe loading=\"lazy\" src=\"https:\/\/www.youtube.com\/embed\/4Ge8-b323FM\" width=\"1244\" height=\"704\" frameborder=\"0\" allowfullscreen=\"allowfullscreen\"><\/iframe><\/p>\n<p style=\"text-align: justify;\"><strong>El vandalisme a Barcelona<\/strong><\/p>\n<p><iframe loading=\"lazy\" src=\"https:\/\/www.youtube.com\/embed\/LRz9cFB1Hxo\" width=\"1252\" height=\"704\" frameborder=\"0\" allowfullscreen=\"allowfullscreen\"><\/iframe><\/p>\n<p style=\"text-align: justify;\">Esperem que gaudiu d&#8217;aquests reporters gaireb\u00e9 professionals. I aix\u00f2 nom\u00e9s \u00e9s el comen\u00e7ament!<\/p>\n<p style=\"text-align: justify;\">Al tercer trimestre continuarem amb aquest projecte&#8230; <strong>A veure amb quines produccions ens sorprendran aquests aprenents de periodista!<\/strong><\/p>\n","protected":false},"excerpt":{"rendered":"<p>Dintre del projecte de tota l&#8217;escola sobre els mitjans de comunicaci\u00f3, els alumnes de 3r d&#8217;ESO, durant el segon trimestre, s&#8217;han dedicat a estudiar un dels g\u00e8neres period\u00edstics m\u00e9s interessants: el reportatge d&#8217;actualitat. Han conegut totes les passes necess\u00e0ries dels<\/p>\n","protected":false},"author":1,"featured_media":0,"parent":659,"menu_order":0,"comment_status":"closed","ping_status":"closed","template":"","meta":{"_crdt_document":"","footnotes":""},"categories":[92],"tags":[119,43,79,62],"class_list":["post-12498","page","type-page","status-publish","hentry","category-projectes","tag-curs-2019-20","tag-ed-secundaria","tag-projectes","tag-valors"],"jetpack_sharing_enabled":true,"_links":{"self":[{"href":"https:\/\/escolagrancapita.wpcomstaging.com\/index.php?rest_route=\/wp\/v2\/pages\/12498","targetHints":{"allow":["GET"]}}],"collection":[{"href":"https:\/\/escolagrancapita.wpcomstaging.com\/index.php?rest_route=\/wp\/v2\/pages"}],"about":[{"href":"https:\/\/escolagrancapita.wpcomstaging.com\/index.php?rest_route=\/wp\/v2\/types\/page"}],"author":[{"embeddable":true,"href":"https:\/\/escolagrancapita.wpcomstaging.com\/index.php?rest_route=\/wp\/v2\/users\/1"}],"replies":[{"embeddable":true,"href":"https:\/\/escolagrancapita.wpcomstaging.com\/index.php?rest_route=%2Fwp%2Fv2%2Fcomments&post=12498"}],"version-history":[{"count":0,"href":"https:\/\/escolagrancapita.wpcomstaging.com\/index.php?rest_route=\/wp\/v2\/pages\/12498\/revisions"}],"up":[{"embeddable":true,"href":"https:\/\/escolagrancapita.wpcomstaging.com\/index.php?rest_route=\/wp\/v2\/pages\/659"}],"wp:attachment":[{"href":"https:\/\/escolagrancapita.wpcomstaging.com\/index.php?rest_route=%2Fwp%2Fv2%2Fmedia&parent=12498"}],"wp:term":[{"taxonomy":"category","embeddable":true,"href":"https:\/\/escolagrancapita.wpcomstaging.com\/index.php?rest_route=%2Fwp%2Fv2%2Fcategories&post=12498"},{"taxonomy":"post_tag","embeddable":true,"href":"https:\/\/escolagrancapita.wpcomstaging.com\/index.php?rest_route=%2Fwp%2Fv2%2Ftags&post=12498"}],"curies":[{"name":"wp","href":"https:\/\/api.w.org\/{rel}","templated":true}]}}