{"id":13491,"date":"2020-11-07T16:46:33","date_gmt":"2020-11-07T16:46:33","guid":{"rendered":"https:\/\/escolagrancapita.wpcomstaging.com\/?page_id=13491"},"modified":"2020-12-08T11:12:47","modified_gmt":"2020-12-08T11:12:47","slug":"els-mussomnis","status":"publish","type":"page","link":"https:\/\/escolagrancapita.wpcomstaging.com\/?page_id=13491","title":{"rendered":"Els mussomnis"},"content":{"rendered":"<p>Primer d&#8217;ESO va comen\u00e7ar aquest curs tan convuls amb una novetat en una de les seves assignatures (Educaci\u00f3 Visual i Pl\u00e0stica).<\/p>\n<p>El primer treball (que van superar amb encert i en menys temps de l&#8217;esperat) va ser convertir la classe en un grup art\u00edstic i buscar un nom que els defin\u00eds. Ells i elles van anar m\u00e9s enll\u00e0 i van aconseguir inventar-se una paraula: <em><strong>Mussomnis<\/strong>.<\/em><\/p>\n<p>Aquest terme tan bell \u00e9s la uni\u00f3 de dues paraules:<em> Mussol<\/em> + <em>Somnis.<\/em><\/p>\n<div id='gallery-1' class='gallery galleryid-13491 gallery-columns-1 gallery-size-full'><figure class='gallery-item'>\n\t\t\t<div class='gallery-icon portrait'>\n\t\t\t\t<a href='https:\/\/escolagrancapita.wpcomstaging.com\/?attachment_id=13497'><img loading=\"lazy\" decoding=\"async\" width=\"1587\" height=\"2245\" src=\"https:\/\/i0.wp.com\/escolagrancapita.wpcomstaging.com\/wp-content\/uploads\/2020\/11\/MUSSOMNIS-1.jpg?fit=1587%2C2245&amp;ssl=1\" class=\"attachment-full size-full\" alt=\"\" srcset=\"https:\/\/i0.wp.com\/escolagrancapita.wpcomstaging.com\/wp-content\/uploads\/2020\/11\/MUSSOMNIS-1.jpg?w=1587&amp;ssl=1 1587w, https:\/\/i0.wp.com\/escolagrancapita.wpcomstaging.com\/wp-content\/uploads\/2020\/11\/MUSSOMNIS-1.jpg?resize=212%2C300&amp;ssl=1 212w, https:\/\/i0.wp.com\/escolagrancapita.wpcomstaging.com\/wp-content\/uploads\/2020\/11\/MUSSOMNIS-1.jpg?resize=724%2C1024&amp;ssl=1 724w, https:\/\/i0.wp.com\/escolagrancapita.wpcomstaging.com\/wp-content\/uploads\/2020\/11\/MUSSOMNIS-1.jpg?resize=768%2C1086&amp;ssl=1 768w, https:\/\/i0.wp.com\/escolagrancapita.wpcomstaging.com\/wp-content\/uploads\/2020\/11\/MUSSOMNIS-1.jpg?resize=1086%2C1536&amp;ssl=1 1086w, https:\/\/i0.wp.com\/escolagrancapita.wpcomstaging.com\/wp-content\/uploads\/2020\/11\/MUSSOMNIS-1.jpg?resize=1448%2C2048&amp;ssl=1 1448w, https:\/\/i0.wp.com\/escolagrancapita.wpcomstaging.com\/wp-content\/uploads\/2020\/11\/MUSSOMNIS-1.jpg?w=1500&amp;ssl=1 1500w\" sizes=\"auto, (max-width: 750px) 100vw, 750px\" \/><\/a>\n\t\t\t<\/div><\/figure>\n\t\t<\/div>\n\n<p style=\"text-align: justify;\">D&#8217;una banda, el mussol, representa l&#8217;atenci\u00f3 que tot l&#8217;alumnat presta en les classes de visual i pl\u00e0stica com si fossin un ocell amb uns ulls grans i ben oberts. Per una altra, els somnis simbolitzen les ganes d&#8217;aprendre, d&#8217;anar m\u00e9s enll\u00e0, d&#8217;aconseguir all\u00f2 que es proposen. Per\u00f2 a m\u00e9s cont\u00e9 un component po\u00e8tic que tamb\u00e9 els defineix: el silenci.<\/p>\n<p style=\"text-align: justify;\">A trav\u00e9s de l&#8217;<a href=\"https:\/\/www.enciclopedia.cat\/ec-gec-0076939.xml\" target=\"_blank\" rel=\"noopener noreferrer\">al\u00b7literaci\u00f3<\/a> (un efecte sonor creat per la repetici\u00f3 d&#8217;uns mateixos sons, en aquest cas la &#8220;S&#8221;) aquest nom adverteix que s\u00f3n un grup silenci\u00f3s, calmat i atent.<\/p>\n<p style=\"text-align: justify;\">Aquesta elecci\u00f3 \u00e9s el principi de la seva marxa com a grup ja que a partir d&#8217;ara s&#8217;han fet la promesa de treballar virtuts i qualitats com el suport, la solidaritat entre tots i totes, el sentiment de germanor i la const\u00e0ncia.<\/p>\n<p style=\"text-align: justify;\">Tots aquests valors van quedar reflectits en el poema que el professor (tamb\u00e9 <a href=\"https:\/\/ca.wikipedia.org\/wiki\/Slam\" target=\"_blank\" rel=\"noopener noreferrer\">slammer<\/a>) els va dedicar com a agra\u00efment a aquest principi de curs tan respectu\u00f3s.<\/p>\n","protected":false},"excerpt":{"rendered":"<p>Primer d&#8217;ESO va comen\u00e7ar aquest curs tan convuls amb una novetat en una de les seves assignatures (Educaci\u00f3 Visual i Pl\u00e0stica). El primer treball (que van superar amb encert i en menys temps de l&#8217;esperat) va ser convertir la classe<\/p>\n","protected":false},"author":1,"featured_media":0,"parent":659,"menu_order":0,"comment_status":"closed","ping_status":"closed","template":"","meta":{"_crdt_document":"","footnotes":""},"categories":[75],"tags":[127,43,62],"class_list":["post-13491","page","type-page","status-publish","hentry","category-activitats","tag-curs-2020-21","tag-ed-secundaria","tag-valors"],"jetpack_sharing_enabled":true,"_links":{"self":[{"href":"https:\/\/escolagrancapita.wpcomstaging.com\/index.php?rest_route=\/wp\/v2\/pages\/13491","targetHints":{"allow":["GET"]}}],"collection":[{"href":"https:\/\/escolagrancapita.wpcomstaging.com\/index.php?rest_route=\/wp\/v2\/pages"}],"about":[{"href":"https:\/\/escolagrancapita.wpcomstaging.com\/index.php?rest_route=\/wp\/v2\/types\/page"}],"author":[{"embeddable":true,"href":"https:\/\/escolagrancapita.wpcomstaging.com\/index.php?rest_route=\/wp\/v2\/users\/1"}],"replies":[{"embeddable":true,"href":"https:\/\/escolagrancapita.wpcomstaging.com\/index.php?rest_route=%2Fwp%2Fv2%2Fcomments&post=13491"}],"version-history":[{"count":0,"href":"https:\/\/escolagrancapita.wpcomstaging.com\/index.php?rest_route=\/wp\/v2\/pages\/13491\/revisions"}],"up":[{"embeddable":true,"href":"https:\/\/escolagrancapita.wpcomstaging.com\/index.php?rest_route=\/wp\/v2\/pages\/659"}],"wp:attachment":[{"href":"https:\/\/escolagrancapita.wpcomstaging.com\/index.php?rest_route=%2Fwp%2Fv2%2Fmedia&parent=13491"}],"wp:term":[{"taxonomy":"category","embeddable":true,"href":"https:\/\/escolagrancapita.wpcomstaging.com\/index.php?rest_route=%2Fwp%2Fv2%2Fcategories&post=13491"},{"taxonomy":"post_tag","embeddable":true,"href":"https:\/\/escolagrancapita.wpcomstaging.com\/index.php?rest_route=%2Fwp%2Fv2%2Ftags&post=13491"}],"curies":[{"name":"wp","href":"https:\/\/api.w.org\/{rel}","templated":true}]}}