{"id":13797,"date":"2020-11-28T11:35:33","date_gmt":"2020-11-28T11:35:33","guid":{"rendered":"https:\/\/escolagrancapita.wpcomstaging.com\/?page_id=13797"},"modified":"2020-11-28T11:45:29","modified_gmt":"2020-11-28T11:45:29","slug":"setmana-de-la-ciencia-entrevista-a-una-cientifica","status":"publish","type":"page","link":"https:\/\/escolagrancapita.wpcomstaging.com\/?page_id=13797","title":{"rendered":"Setmana de la Ci\u00e8ncia: Entrevista a una cient\u00edfica"},"content":{"rendered":"<p align=\"JUSTIFY\">5\u00e8 de Prim\u00e0ria ha pogut gaudir aquests darrers dies d&#8217;una experi\u00e8ncia molt interessant, la <a href=\"http:\/\/www.sjdespi.net\/wca\/la-ciutat-temes\/educacio\/setmana-de-la-ciencia-2020\" target=\"_blank\" rel=\"noopener noreferrer\"><strong>Setmana de la Ci\u00e8ncia<\/strong><\/a>!<\/p>\n<p align=\"JUSTIFY\">La seva activitat era &#8220;<strong>Entrevista a una cient\u00edfica<\/strong>&#8220;.<\/p>\n<p align=\"JUSTIFY\">Primer han visualitzat un v\u00eddeo sobre els aven\u00e7os en medicina i investigaci\u00f3 relacionats amb els nano robots.<\/p>\n<p align=\"JUSTIFY\">Despr\u00e9s de veure&#8217;l estaven molt inquiets i tenien molts dubtes sobre el tema, van fer les seves hip\u00f2tesis, van exposar les seves idees i van buscar informaci\u00f3 sobre el tema.<\/p>\n<p align=\"JUSTIFY\">Tota la classe va poder preparar un seguit de preguntes per fer-li a la <strong>Meritxell Teixid\u00f3,<\/strong> que dirigeix un projecte cient\u00edfic a l&#8217;<a href=\"https:\/\/www.irbbarcelona.org\/ca\" target=\"_blank\" rel=\"noopener noreferrer\">Institut de Recerca en Biomedicina de Barcelona (IRB)<\/a>.<\/p>\n<p align=\"JUSTIFY\">Durant l&#8217;entrevista ella va resoldre totes les preguntes i van gaudir d&#8217;una molt bona estona.<\/p>\n<div id='gallery-1' class='gallery galleryid-13797 gallery-columns-2 gallery-size-full'><figure class='gallery-item'>\n\t\t\t<div class='gallery-icon portrait'>\n\t\t\t\t<img loading=\"lazy\" decoding=\"async\" width=\"1920\" height=\"2560\" src=\"https:\/\/i0.wp.com\/escolagrancapita.wpcomstaging.com\/wp-content\/uploads\/2020\/11\/PRI_setciencia-1-scaled.jpg?fit=1920%2C2560&amp;ssl=1\" class=\"attachment-full size-full\" alt=\"\" srcset=\"https:\/\/i0.wp.com\/escolagrancapita.wpcomstaging.com\/wp-content\/uploads\/2020\/11\/PRI_setciencia-1-scaled.jpg?w=1920&amp;ssl=1 1920w, https:\/\/i0.wp.com\/escolagrancapita.wpcomstaging.com\/wp-content\/uploads\/2020\/11\/PRI_setciencia-1-scaled.jpg?resize=225%2C300&amp;ssl=1 225w, https:\/\/i0.wp.com\/escolagrancapita.wpcomstaging.com\/wp-content\/uploads\/2020\/11\/PRI_setciencia-1-scaled.jpg?resize=768%2C1024&amp;ssl=1 768w, https:\/\/i0.wp.com\/escolagrancapita.wpcomstaging.com\/wp-content\/uploads\/2020\/11\/PRI_setciencia-1-scaled.jpg?resize=1152%2C1536&amp;ssl=1 1152w, https:\/\/i0.wp.com\/escolagrancapita.wpcomstaging.com\/wp-content\/uploads\/2020\/11\/PRI_setciencia-1-scaled.jpg?resize=1536%2C2048&amp;ssl=1 1536w\" sizes=\"auto, (max-width: 750px) 100vw, 750px\" \/>\n\t\t\t<\/div><\/figure><figure class='gallery-item'>\n\t\t\t<div class='gallery-icon portrait'>\n\t\t\t\t<img loading=\"lazy\" decoding=\"async\" width=\"1920\" height=\"2560\" src=\"https:\/\/i0.wp.com\/escolagrancapita.wpcomstaging.com\/wp-content\/uploads\/2020\/11\/PRI_setciencia-6-scaled.jpg?fit=1920%2C2560&amp;ssl=1\" class=\"attachment-full size-full\" alt=\"\" srcset=\"https:\/\/i0.wp.com\/escolagrancapita.wpcomstaging.com\/wp-content\/uploads\/2020\/11\/PRI_setciencia-6-scaled.jpg?w=1920&amp;ssl=1 1920w, https:\/\/i0.wp.com\/escolagrancapita.wpcomstaging.com\/wp-content\/uploads\/2020\/11\/PRI_setciencia-6-scaled.jpg?resize=225%2C300&amp;ssl=1 225w, https:\/\/i0.wp.com\/escolagrancapita.wpcomstaging.com\/wp-content\/uploads\/2020\/11\/PRI_setciencia-6-scaled.jpg?resize=768%2C1024&amp;ssl=1 768w, https:\/\/i0.wp.com\/escolagrancapita.wpcomstaging.com\/wp-content\/uploads\/2020\/11\/PRI_setciencia-6-scaled.jpg?resize=1152%2C1536&amp;ssl=1 1152w, https:\/\/i0.wp.com\/escolagrancapita.wpcomstaging.com\/wp-content\/uploads\/2020\/11\/PRI_setciencia-6-scaled.jpg?resize=1536%2C2048&amp;ssl=1 1536w\" sizes=\"auto, (max-width: 750px) 100vw, 750px\" \/>\n\t\t\t<\/div><\/figure>\n\t\t<\/div>\n\n<p style=\"text-align: justify;\" align=\"JUSTIFY\">Gr\u00e0cies a aquesta activitat van sentir-se cient\u00edfics i cient\u00edfiques per un dia! Potser aquesta ser\u00e0 la seva professi\u00f3 quan siguin grans.<\/p>\n","protected":false},"excerpt":{"rendered":"<p>5\u00e8 de Prim\u00e0ria ha pogut gaudir aquests darrers dies d&#8217;una experi\u00e8ncia molt interessant, la Setmana de la Ci\u00e8ncia! La seva activitat era &#8220;Entrevista a una cient\u00edfica&#8220;. Primer han visualitzat un v\u00eddeo sobre els aven\u00e7os en medicina i investigaci\u00f3 relacionats amb<\/p>\n","protected":false},"author":1,"featured_media":0,"parent":661,"menu_order":0,"comment_status":"closed","ping_status":"closed","template":"","meta":{"_crdt_document":"","footnotes":""},"categories":[75],"tags":[127,86,56,102],"class_list":["post-13797","page","type-page","status-publish","hentry","category-activitats","tag-curs-2020-21","tag-ed-primaria","tag-sant-joan-despi","tag-setmana-de-la-ciencia"],"jetpack_sharing_enabled":true,"_links":{"self":[{"href":"https:\/\/escolagrancapita.wpcomstaging.com\/index.php?rest_route=\/wp\/v2\/pages\/13797","targetHints":{"allow":["GET"]}}],"collection":[{"href":"https:\/\/escolagrancapita.wpcomstaging.com\/index.php?rest_route=\/wp\/v2\/pages"}],"about":[{"href":"https:\/\/escolagrancapita.wpcomstaging.com\/index.php?rest_route=\/wp\/v2\/types\/page"}],"author":[{"embeddable":true,"href":"https:\/\/escolagrancapita.wpcomstaging.com\/index.php?rest_route=\/wp\/v2\/users\/1"}],"replies":[{"embeddable":true,"href":"https:\/\/escolagrancapita.wpcomstaging.com\/index.php?rest_route=%2Fwp%2Fv2%2Fcomments&post=13797"}],"version-history":[{"count":0,"href":"https:\/\/escolagrancapita.wpcomstaging.com\/index.php?rest_route=\/wp\/v2\/pages\/13797\/revisions"}],"up":[{"embeddable":true,"href":"https:\/\/escolagrancapita.wpcomstaging.com\/index.php?rest_route=\/wp\/v2\/pages\/661"}],"wp:attachment":[{"href":"https:\/\/escolagrancapita.wpcomstaging.com\/index.php?rest_route=%2Fwp%2Fv2%2Fmedia&parent=13797"}],"wp:term":[{"taxonomy":"category","embeddable":true,"href":"https:\/\/escolagrancapita.wpcomstaging.com\/index.php?rest_route=%2Fwp%2Fv2%2Fcategories&post=13797"},{"taxonomy":"post_tag","embeddable":true,"href":"https:\/\/escolagrancapita.wpcomstaging.com\/index.php?rest_route=%2Fwp%2Fv2%2Ftags&post=13797"}],"curies":[{"name":"wp","href":"https:\/\/api.w.org\/{rel}","templated":true}]}}

Setmana de la Ciència: Entrevista a una científica

<p align="JUSTIFY">5è de Primària ha pogut gaudir aquests darrers dies d&#8217;una experiència molt interessant, la <a href="http://www.sjdespi.net/wca/la-ciutat-temes/educacio/setmana-de-la-ciencia-2020" target="_blank" rel="noopener noreferrer"><strong>Setmana de la Ciència</strong></a>!</p>
<p align="JUSTIFY">La seva activitat era &#8220;<strong>Entrevista a una científica</strong>&#8220;.</p>
<p align="JUSTIFY">Primer han visualitzat un vídeo sobre els avenços en medicina i investigació relacionats amb els nano robots.</p>
<p align="JUSTIFY">Després de veure&#8217;l estaven molt inquiets i tenien molts dubtes sobre el tema, van fer les seves hipòtesis, van exposar les seves idees i van buscar informació sobre el tema.</p>
<p align="JUSTIFY">Tota la classe va poder preparar un seguit de preguntes per fer-li a la <strong>Meritxell Teixidó,</strong> que dirigeix un projecte científic a l&#8217;<a href="https://www.irbbarcelona.org/ca" target="_blank" rel="noopener noreferrer">Institut de Recerca en Biomedicina de Barcelona (IRB)</a>.</p>
<p align="JUSTIFY">Durant l&#8217;entrevista ella va resoldre totes les preguntes i van gaudir d&#8217;una molt bona estona.</p>
<div id='gallery-1' class='gallery galleryid-13797 gallery-columns-2 gallery-size-full'><figure class='gallery-item'>
			<div class='gallery-icon portrait'>
				<img loading="lazy" decoding="async" width="1920" height="2560" src="https://i0.wp.com/escolagrancapita.wpcomstaging.com/wp-content/uploads/2020/11/PRI_setciencia-1-scaled.jpg?fit=1920%2C2560&amp;ssl=1" class="attachment-full size-full" alt="" srcset="https://i0.wp.com/escolagrancapita.wpcomstaging.com/wp-content/uploads/2020/11/PRI_setciencia-1-scaled.jpg?w=1920&amp;ssl=1 1920w, https://i0.wp.com/escolagrancapita.wpcomstaging.com/wp-content/uploads/2020/11/PRI_setciencia-1-scaled.jpg?resize=225%2C300&amp;ssl=1 225w, https://i0.wp.com/escolagrancapita.wpcomstaging.com/wp-content/uploads/2020/11/PRI_setciencia-1-scaled.jpg?resize=768%2C1024&amp;ssl=1 768w, https://i0.wp.com/escolagrancapita.wpcomstaging.com/wp-content/uploads/2020/11/PRI_setciencia-1-scaled.jpg?resize=1152%2C1536&amp;ssl=1 1152w, https://i0.wp.com/escolagrancapita.wpcomstaging.com/wp-content/uploads/2020/11/PRI_setciencia-1-scaled.jpg?resize=1536%2C2048&amp;ssl=1 1536w" sizes="auto, (max-width: 750px) 100vw, 750px" />
			</div></figure><figure class='gallery-item'>
			<div class='gallery-icon portrait'>
				<img loading="lazy" decoding="async" width="1920" height="2560" src="https://i0.wp.com/escolagrancapita.wpcomstaging.com/wp-content/uploads/2020/11/PRI_setciencia-6-scaled.jpg?fit=1920%2C2560&amp;ssl=1" class="attachment-full size-full" alt="" srcset="https://i0.wp.com/escolagrancapita.wpcomstaging.com/wp-content/uploads/2020/11/PRI_setciencia-6-scaled.jpg?w=1920&amp;ssl=1 1920w, https://i0.wp.com/escolagrancapita.wpcomstaging.com/wp-content/uploads/2020/11/PRI_setciencia-6-scaled.jpg?resize=225%2C300&amp;ssl=1 225w, https://i0.wp.com/escolagrancapita.wpcomstaging.com/wp-content/uploads/2020/11/PRI_setciencia-6-scaled.jpg?resize=768%2C1024&amp;ssl=1 768w, https://i0.wp.com/escolagrancapita.wpcomstaging.com/wp-content/uploads/2020/11/PRI_setciencia-6-scaled.jpg?resize=1152%2C1536&amp;ssl=1 1152w, https://i0.wp.com/escolagrancapita.wpcomstaging.com/wp-content/uploads/2020/11/PRI_setciencia-6-scaled.jpg?resize=1536%2C2048&amp;ssl=1 1536w" sizes="auto, (max-width: 750px) 100vw, 750px" />
			</div></figure>
		</div>

<p style="text-align: justify;" align="JUSTIFY">Gràcies a aquesta activitat van sentir-se científics i científiques per un dia! Potser aquesta serà la seva professió quan siguin grans.</p>

<p>5è de Primària ha pogut gaudir aquests darrers dies d&#8217;una experiència molt interessant, la Setmana de la Ciència! La seva activitat era &#8220;Entrevista a una científica&#8220;. Primer han visualitzat un vídeo sobre els avenços en medicina i investigació relacionats amb</p>
