{"id":15318,"date":"2021-05-07T18:37:41","date_gmt":"2021-05-07T18:37:41","guid":{"rendered":"https:\/\/escolagrancapita.wpcomstaging.com\/?page_id=15318"},"modified":"2023-06-09T20:40:16","modified_gmt":"2023-06-09T20:40:16","slug":"alba-fernandez-finalista-al-premi-sambori-2020","status":"publish","type":"page","link":"https:\/\/escolagrancapita.wpcomstaging.com\/?page_id=15318","title":{"rendered":"Alba Fern\u00e1ndez, finalista al Premi Sambori 2020"},"content":{"rendered":"<p>El curs passat, tota la Prim\u00e0ria i la Secund\u00e0ria va participar al concurs de narrativa en catal\u00e0 <a href=\"http:\/\/www.sambori.net\/sambori-omnium\/\" target=\"_blank\" rel=\"noopener\"><strong>Sambori \u00d2mnium 2020<\/strong><\/a>.<\/p>\n<p>El 16 d&#8217;abril, l&#8217;<strong>Alba Fern\u00e1ndez<\/strong>, que el 2019-20 cursava 2n de Prim\u00e0ria, va rebre el premi com a finalista de la seva categoria al Patronat Cultural i Recreatiu de Cornell\u00e0 de Llobregat.<\/p>\n<p><img data-recalc-dims=\"1\" loading=\"lazy\" decoding=\"async\" class=\"aligncenter wp-image-15321 size-full\" src=\"https:\/\/i0.wp.com\/escolagrancapita.wpcomstaging.com\/wp-content\/uploads\/2021\/04\/PRI_PREMISAMBORI-2.jpg?resize=750%2C563&#038;ssl=1\" alt=\"\" width=\"750\" height=\"563\" srcset=\"https:\/\/i0.wp.com\/escolagrancapita.wpcomstaging.com\/wp-content\/uploads\/2021\/04\/PRI_PREMISAMBORI-2.jpg?w=1024&amp;ssl=1 1024w, https:\/\/i0.wp.com\/escolagrancapita.wpcomstaging.com\/wp-content\/uploads\/2021\/04\/PRI_PREMISAMBORI-2.jpg?resize=300%2C225&amp;ssl=1 300w, https:\/\/i0.wp.com\/escolagrancapita.wpcomstaging.com\/wp-content\/uploads\/2021\/04\/PRI_PREMISAMBORI-2.jpg?resize=768%2C576&amp;ssl=1 768w\" sizes=\"auto, (max-width: 750px) 100vw, 750px\" \/><\/p>\n<p>L\u2019\u00d2mnium ha publicat la seva hist\u00f2ria, titulada <em>&#8220;L\u2019unicorn sense mem\u00f2ria&#8221;, <\/em>junt amb la resta de textos guanyadors i finalistes al llibre del <strong>14\u00e8 premi Sambori de Narrativa escolar en catal\u00e0<\/strong>.<\/p>\n<p>L\u2019escola est\u00e0 molt orgullosa de la seva futura escriptora i anima a tots els alumnes a deixar volar la seva imaginaci\u00f3 a trav\u00e9s de l\u2019escriptura.<\/p>\n<p><img data-recalc-dims=\"1\" loading=\"lazy\" decoding=\"async\" class=\"aligncenter wp-image-15320 size-full\" src=\"https:\/\/i0.wp.com\/escolagrancapita.wpcomstaging.com\/wp-content\/uploads\/2021\/04\/PRI_PREMISAMBORI-1-rotated.jpg?resize=480%2C640&#038;ssl=1\" alt=\"\" width=\"480\" height=\"640\" srcset=\"https:\/\/i0.wp.com\/escolagrancapita.wpcomstaging.com\/wp-content\/uploads\/2021\/04\/PRI_PREMISAMBORI-1-rotated.jpg?w=480&amp;ssl=1 480w, https:\/\/i0.wp.com\/escolagrancapita.wpcomstaging.com\/wp-content\/uploads\/2021\/04\/PRI_PREMISAMBORI-1-rotated.jpg?resize=225%2C300&amp;ssl=1 225w\" sizes=\"auto, (max-width: 480px) 100vw, 480px\" \/><\/p>\n","protected":false},"excerpt":{"rendered":"<p>El curs passat, tota la Prim\u00e0ria i la Secund\u00e0ria va participar al concurs de narrativa en catal\u00e0 Sambori \u00d2mnium 2020. El 16 d&#8217;abril, l&#8217;Alba Fern\u00e1ndez, que el 2019-20 cursava 2n de Prim\u00e0ria, va rebre el premi com a finalista de<\/p>\n","protected":false},"author":1,"featured_media":0,"parent":661,"menu_order":0,"comment_status":"closed","ping_status":"closed","template":"","meta":{"_crdt_document":"","footnotes":""},"categories":[75],"tags":[127,86,123],"class_list":["post-15318","page","type-page","status-publish","hentry","category-activitats","tag-curs-2020-21","tag-ed-primaria","tag-sant-jordi"],"jetpack_sharing_enabled":true,"_links":{"self":[{"href":"https:\/\/escolagrancapita.wpcomstaging.com\/index.php?rest_route=\/wp\/v2\/pages\/15318","targetHints":{"allow":["GET"]}}],"collection":[{"href":"https:\/\/escolagrancapita.wpcomstaging.com\/index.php?rest_route=\/wp\/v2\/pages"}],"about":[{"href":"https:\/\/escolagrancapita.wpcomstaging.com\/index.php?rest_route=\/wp\/v2\/types\/page"}],"author":[{"embeddable":true,"href":"https:\/\/escolagrancapita.wpcomstaging.com\/index.php?rest_route=\/wp\/v2\/users\/1"}],"replies":[{"embeddable":true,"href":"https:\/\/escolagrancapita.wpcomstaging.com\/index.php?rest_route=%2Fwp%2Fv2%2Fcomments&post=15318"}],"version-history":[{"count":0,"href":"https:\/\/escolagrancapita.wpcomstaging.com\/index.php?rest_route=\/wp\/v2\/pages\/15318\/revisions"}],"up":[{"embeddable":true,"href":"https:\/\/escolagrancapita.wpcomstaging.com\/index.php?rest_route=\/wp\/v2\/pages\/661"}],"wp:attachment":[{"href":"https:\/\/escolagrancapita.wpcomstaging.com\/index.php?rest_route=%2Fwp%2Fv2%2Fmedia&parent=15318"}],"wp:term":[{"taxonomy":"category","embeddable":true,"href":"https:\/\/escolagrancapita.wpcomstaging.com\/index.php?rest_route=%2Fwp%2Fv2%2Fcategories&post=15318"},{"taxonomy":"post_tag","embeddable":true,"href":"https:\/\/escolagrancapita.wpcomstaging.com\/index.php?rest_route=%2Fwp%2Fv2%2Ftags&post=15318"}],"curies":[{"name":"wp","href":"https:\/\/api.w.org\/{rel}","templated":true}]}}

Alba Fernández, finalista al Premi Sambori 2020

<p>El curs passat, tota la Primària i la Secundària va participar al concurs de narrativa en català <a href="http://www.sambori.net/sambori-omnium/" target="_blank" rel="noopener"><strong>Sambori Òmnium 2020</strong></a>.</p>
<p>El 16 d&#8217;abril, l&#8217;<strong>Alba Fernández</strong>, que el 2019-20 cursava 2n de Primària, va rebre el premi com a finalista de la seva categoria al Patronat Cultural i Recreatiu de Cornellà de Llobregat.</p>
<p><img data-recalc-dims="1" loading="lazy" decoding="async" class="aligncenter wp-image-15321 size-full" src="https://i0.wp.com/escolagrancapita.wpcomstaging.com/wp-content/uploads/2021/04/PRI_PREMISAMBORI-2.jpg?resize=750%2C563&#038;ssl=1" alt="" width="750" height="563" srcset="https://i0.wp.com/escolagrancapita.wpcomstaging.com/wp-content/uploads/2021/04/PRI_PREMISAMBORI-2.jpg?w=1024&amp;ssl=1 1024w, https://i0.wp.com/escolagrancapita.wpcomstaging.com/wp-content/uploads/2021/04/PRI_PREMISAMBORI-2.jpg?resize=300%2C225&amp;ssl=1 300w, https://i0.wp.com/escolagrancapita.wpcomstaging.com/wp-content/uploads/2021/04/PRI_PREMISAMBORI-2.jpg?resize=768%2C576&amp;ssl=1 768w" sizes="auto, (max-width: 750px) 100vw, 750px" /></p>
<p>L’Òmnium ha publicat la seva història, titulada <em>&#8220;L’unicorn sense memòria&#8221;, </em>junt amb la resta de textos guanyadors i finalistes al llibre del <strong>14è premi Sambori de Narrativa escolar en català</strong>.</p>
<p>L’escola està molt orgullosa de la seva futura escriptora i anima a tots els alumnes a deixar volar la seva imaginació a través de l’escriptura.</p>
<p><img data-recalc-dims="1" loading="lazy" decoding="async" class="aligncenter wp-image-15320 size-full" src="https://i0.wp.com/escolagrancapita.wpcomstaging.com/wp-content/uploads/2021/04/PRI_PREMISAMBORI-1-rotated.jpg?resize=480%2C640&#038;ssl=1" alt="" width="480" height="640" srcset="https://i0.wp.com/escolagrancapita.wpcomstaging.com/wp-content/uploads/2021/04/PRI_PREMISAMBORI-1-rotated.jpg?w=480&amp;ssl=1 480w, https://i0.wp.com/escolagrancapita.wpcomstaging.com/wp-content/uploads/2021/04/PRI_PREMISAMBORI-1-rotated.jpg?resize=225%2C300&amp;ssl=1 225w" sizes="auto, (max-width: 480px) 100vw, 480px" /></p>

<p>El curs passat, tota la Primària i la Secundària va participar al concurs de narrativa en català Sambori Òmnium 2020. El 16 d&#8217;abril, l&#8217;Alba Fernández, que el 2019-20 cursava 2n de Primària, va rebre el premi com a finalista de</p>
