{"id":15426,"date":"2021-05-24T16:57:01","date_gmt":"2021-05-24T16:57:01","guid":{"rendered":"https:\/\/escolagrancapita.wpcomstaging.com\/?page_id=15426"},"modified":"2021-05-24T16:57:01","modified_gmt":"2021-05-24T16:57:01","slug":"xerrada-amb-els-autors-dels-llibres-de-lectura-a-3r-i-4t-deso","status":"publish","type":"page","link":"https:\/\/escolagrancapita.wpcomstaging.com\/?page_id=15426","title":{"rendered":"Xerrada amb els autors dels llibres de lectura a 3r i 4t d&#8217;ESO"},"content":{"rendered":"<p style=\"text-align: justify;\">3r i 4t d&#8217;ESO han tingut la sort de poder parlar amb els autors d&#8217;alguns dels llibres que han treballat a l&#8217;aula, tant a catal\u00e0 com a castell\u00e0.<\/p>\n<p style=\"text-align: justify;\">Aix\u00ed, el passat 12 d&#8217;abril, <strong><a href=\"https:\/\/revistadeletras.net\/author\/jorge-gamero\/\">Jorge Gamero<\/a><\/strong> va venir a l&#8217;aula de 3r d&#8217;ESO a parlar de dues de les seves obres: <a href=\"https:\/\/www.jollibre.com\/libro\/toquio-al-cor\"><em>T\u00f2quio al cor<\/em><\/a>, llegit a llengua catalana, i <a href=\"https:\/\/www.loqueleo.com\/es\/libro\/simon-no-saimon\"><em>Sim\u00f3n no, Saimon<\/em><\/a>, des de l&#8217;\u00e0rea de llengua castellana. L&#8217;autor els va parlar del seu proc\u00e9s creatiu i sobre com es va inspirar per escriure aquestes dues novel\u00b7les. Els i les alumnes van escoltar les seves explicacions amb molta atenci\u00f3 i inter\u00e8s.<\/p>\n<p style=\"text-align: justify;\"><img data-recalc-dims=\"1\" loading=\"lazy\" decoding=\"async\" class=\"aligncenter wp-image-15425 size-full\" src=\"https:\/\/i0.wp.com\/escolagrancapita.wpcomstaging.com\/wp-content\/uploads\/2021\/05\/3-4ESO-AUTORS-4-scaled.jpg?resize=750%2C563&#038;ssl=1\" alt=\"\" width=\"750\" height=\"563\" srcset=\"https:\/\/i0.wp.com\/escolagrancapita.wpcomstaging.com\/wp-content\/uploads\/2021\/05\/3-4ESO-AUTORS-4-scaled.jpg?w=2560&amp;ssl=1 2560w, https:\/\/i0.wp.com\/escolagrancapita.wpcomstaging.com\/wp-content\/uploads\/2021\/05\/3-4ESO-AUTORS-4-scaled.jpg?resize=300%2C225&amp;ssl=1 300w, https:\/\/i0.wp.com\/escolagrancapita.wpcomstaging.com\/wp-content\/uploads\/2021\/05\/3-4ESO-AUTORS-4-scaled.jpg?resize=1024%2C768&amp;ssl=1 1024w, https:\/\/i0.wp.com\/escolagrancapita.wpcomstaging.com\/wp-content\/uploads\/2021\/05\/3-4ESO-AUTORS-4-scaled.jpg?resize=768%2C576&amp;ssl=1 768w, https:\/\/i0.wp.com\/escolagrancapita.wpcomstaging.com\/wp-content\/uploads\/2021\/05\/3-4ESO-AUTORS-4-scaled.jpg?resize=1536%2C1152&amp;ssl=1 1536w, https:\/\/i0.wp.com\/escolagrancapita.wpcomstaging.com\/wp-content\/uploads\/2021\/05\/3-4ESO-AUTORS-4-scaled.jpg?resize=2048%2C1536&amp;ssl=1 2048w, https:\/\/i0.wp.com\/escolagrancapita.wpcomstaging.com\/wp-content\/uploads\/2021\/05\/3-4ESO-AUTORS-4-scaled.jpg?w=2250&amp;ssl=1 2250w\" sizes=\"auto, (max-width: 750px) 100vw, 750px\" \/><\/p>\n<p style=\"text-align: justify;\">Finalment, el Jorge els va signar els seus exemplars perqu\u00e8 tinguin un record d&#8217;aquest dia tan especial.<\/p>\n<div id='gallery-1' class='gallery galleryid-15426 gallery-columns-2 gallery-size-full'><figure class='gallery-item'>\n\t\t\t<div class='gallery-icon landscape'>\n\t\t\t\t<img loading=\"lazy\" decoding=\"async\" width=\"2560\" height=\"1920\" src=\"https:\/\/i0.wp.com\/escolagrancapita.wpcomstaging.com\/wp-content\/uploads\/2021\/05\/3-4ESO-AUTORS-2-scaled.jpg?fit=2560%2C1920&amp;ssl=1\" class=\"attachment-full size-full\" alt=\"\" srcset=\"https:\/\/i0.wp.com\/escolagrancapita.wpcomstaging.com\/wp-content\/uploads\/2021\/05\/3-4ESO-AUTORS-2-scaled.jpg?w=2560&amp;ssl=1 2560w, https:\/\/i0.wp.com\/escolagrancapita.wpcomstaging.com\/wp-content\/uploads\/2021\/05\/3-4ESO-AUTORS-2-scaled.jpg?resize=300%2C225&amp;ssl=1 300w, https:\/\/i0.wp.com\/escolagrancapita.wpcomstaging.com\/wp-content\/uploads\/2021\/05\/3-4ESO-AUTORS-2-scaled.jpg?resize=1024%2C768&amp;ssl=1 1024w, https:\/\/i0.wp.com\/escolagrancapita.wpcomstaging.com\/wp-content\/uploads\/2021\/05\/3-4ESO-AUTORS-2-scaled.jpg?resize=768%2C576&amp;ssl=1 768w, https:\/\/i0.wp.com\/escolagrancapita.wpcomstaging.com\/wp-content\/uploads\/2021\/05\/3-4ESO-AUTORS-2-scaled.jpg?resize=1536%2C1152&amp;ssl=1 1536w, https:\/\/i0.wp.com\/escolagrancapita.wpcomstaging.com\/wp-content\/uploads\/2021\/05\/3-4ESO-AUTORS-2-scaled.jpg?resize=2048%2C1536&amp;ssl=1 2048w, https:\/\/i0.wp.com\/escolagrancapita.wpcomstaging.com\/wp-content\/uploads\/2021\/05\/3-4ESO-AUTORS-2-scaled.jpg?w=2250&amp;ssl=1 2250w\" sizes=\"auto, (max-width: 750px) 100vw, 750px\" \/>\n\t\t\t<\/div><\/figure><figure class='gallery-item'>\n\t\t\t<div class='gallery-icon landscape'>\n\t\t\t\t<img loading=\"lazy\" decoding=\"async\" width=\"2560\" height=\"1920\" src=\"https:\/\/i0.wp.com\/escolagrancapita.wpcomstaging.com\/wp-content\/uploads\/2021\/05\/3-4ESO-AUTORS-1-scaled.jpg?fit=2560%2C1920&amp;ssl=1\" class=\"attachment-full size-full\" alt=\"\" srcset=\"https:\/\/i0.wp.com\/escolagrancapita.wpcomstaging.com\/wp-content\/uploads\/2021\/05\/3-4ESO-AUTORS-1-scaled.jpg?w=2560&amp;ssl=1 2560w, https:\/\/i0.wp.com\/escolagrancapita.wpcomstaging.com\/wp-content\/uploads\/2021\/05\/3-4ESO-AUTORS-1-scaled.jpg?resize=300%2C225&amp;ssl=1 300w, https:\/\/i0.wp.com\/escolagrancapita.wpcomstaging.com\/wp-content\/uploads\/2021\/05\/3-4ESO-AUTORS-1-scaled.jpg?resize=1024%2C768&amp;ssl=1 1024w, https:\/\/i0.wp.com\/escolagrancapita.wpcomstaging.com\/wp-content\/uploads\/2021\/05\/3-4ESO-AUTORS-1-scaled.jpg?resize=768%2C576&amp;ssl=1 768w, https:\/\/i0.wp.com\/escolagrancapita.wpcomstaging.com\/wp-content\/uploads\/2021\/05\/3-4ESO-AUTORS-1-scaled.jpg?resize=1536%2C1152&amp;ssl=1 1536w, https:\/\/i0.wp.com\/escolagrancapita.wpcomstaging.com\/wp-content\/uploads\/2021\/05\/3-4ESO-AUTORS-1-scaled.jpg?resize=2048%2C1536&amp;ssl=1 2048w, https:\/\/i0.wp.com\/escolagrancapita.wpcomstaging.com\/wp-content\/uploads\/2021\/05\/3-4ESO-AUTORS-1-scaled.jpg?w=2250&amp;ssl=1 2250w\" sizes=\"auto, (max-width: 750px) 100vw, 750px\" \/>\n\t\t\t<\/div><\/figure>\n\t\t<\/div>\n\n<p style=\"text-align: justify;\">El dia 7 de maig, 4t d&#8217;ESO va comptar amb una videoconfer\u00e8ncia de l&#8217;autora <strong><a href=\"https:\/\/maitecarranza.com\/\">Maite Carranza<\/a><\/strong>, per comentar el llibre que han treballat a llengua catalana: <a href=\"https:\/\/www.jollibre.com\/libro\/una-bala-per-al-record\"><em>Una bala per al record<\/em><\/a>. Va ser una hora molt interessant en qu\u00e8 els i les alumnes no deixaven de preguntar, tant per la seva obra en general com per aquesta novel\u00b7la en concret&#8230; Van viure el proc\u00e9s creatiu amb molta curiositat. Ll\u00e0stima de no haver-la pogut veure en persona degut a les circumst\u00e0ncies!<\/p>\n<p style=\"text-align: justify;\"><img data-recalc-dims=\"1\" loading=\"lazy\" decoding=\"async\" class=\"aligncenter wp-image-15424 size-full\" src=\"https:\/\/i0.wp.com\/escolagrancapita.wpcomstaging.com\/wp-content\/uploads\/2021\/05\/3-4ESO-AUTORS-3-scaled.jpg?resize=750%2C563&#038;ssl=1\" alt=\"\" width=\"750\" height=\"563\" srcset=\"https:\/\/i0.wp.com\/escolagrancapita.wpcomstaging.com\/wp-content\/uploads\/2021\/05\/3-4ESO-AUTORS-3-scaled.jpg?w=2560&amp;ssl=1 2560w, https:\/\/i0.wp.com\/escolagrancapita.wpcomstaging.com\/wp-content\/uploads\/2021\/05\/3-4ESO-AUTORS-3-scaled.jpg?resize=300%2C225&amp;ssl=1 300w, https:\/\/i0.wp.com\/escolagrancapita.wpcomstaging.com\/wp-content\/uploads\/2021\/05\/3-4ESO-AUTORS-3-scaled.jpg?resize=1024%2C768&amp;ssl=1 1024w, https:\/\/i0.wp.com\/escolagrancapita.wpcomstaging.com\/wp-content\/uploads\/2021\/05\/3-4ESO-AUTORS-3-scaled.jpg?resize=768%2C576&amp;ssl=1 768w, https:\/\/i0.wp.com\/escolagrancapita.wpcomstaging.com\/wp-content\/uploads\/2021\/05\/3-4ESO-AUTORS-3-scaled.jpg?resize=1536%2C1152&amp;ssl=1 1536w, https:\/\/i0.wp.com\/escolagrancapita.wpcomstaging.com\/wp-content\/uploads\/2021\/05\/3-4ESO-AUTORS-3-scaled.jpg?resize=2048%2C1536&amp;ssl=1 2048w, https:\/\/i0.wp.com\/escolagrancapita.wpcomstaging.com\/wp-content\/uploads\/2021\/05\/3-4ESO-AUTORS-3-scaled.jpg?w=2250&amp;ssl=1 2250w\" sizes=\"auto, (max-width: 750px) 100vw, 750px\" \/><\/p>\n","protected":false},"excerpt":{"rendered":"<p>3r i 4t d&#8217;ESO han tingut la sort de poder parlar amb els autors d&#8217;alguns dels llibres que han treballat a l&#8217;aula, tant a catal\u00e0 com a castell\u00e0. Aix\u00ed, el passat 12 d&#8217;abril, Jorge Gamero va venir a l&#8217;aula de<\/p>\n","protected":false},"author":1,"featured_media":0,"parent":659,"menu_order":0,"comment_status":"closed","ping_status":"closed","template":"","meta":{"_crdt_document":"","footnotes":""},"categories":[75],"tags":[127,43],"class_list":["post-15426","page","type-page","status-publish","hentry","category-activitats","tag-curs-2020-21","tag-ed-secundaria"],"jetpack_sharing_enabled":true,"_links":{"self":[{"href":"https:\/\/escolagrancapita.wpcomstaging.com\/index.php?rest_route=\/wp\/v2\/pages\/15426","targetHints":{"allow":["GET"]}}],"collection":[{"href":"https:\/\/escolagrancapita.wpcomstaging.com\/index.php?rest_route=\/wp\/v2\/pages"}],"about":[{"href":"https:\/\/escolagrancapita.wpcomstaging.com\/index.php?rest_route=\/wp\/v2\/types\/page"}],"author":[{"embeddable":true,"href":"https:\/\/escolagrancapita.wpcomstaging.com\/index.php?rest_route=\/wp\/v2\/users\/1"}],"replies":[{"embeddable":true,"href":"https:\/\/escolagrancapita.wpcomstaging.com\/index.php?rest_route=%2Fwp%2Fv2%2Fcomments&post=15426"}],"version-history":[{"count":0,"href":"https:\/\/escolagrancapita.wpcomstaging.com\/index.php?rest_route=\/wp\/v2\/pages\/15426\/revisions"}],"up":[{"embeddable":true,"href":"https:\/\/escolagrancapita.wpcomstaging.com\/index.php?rest_route=\/wp\/v2\/pages\/659"}],"wp:attachment":[{"href":"https:\/\/escolagrancapita.wpcomstaging.com\/index.php?rest_route=%2Fwp%2Fv2%2Fmedia&parent=15426"}],"wp:term":[{"taxonomy":"category","embeddable":true,"href":"https:\/\/escolagrancapita.wpcomstaging.com\/index.php?rest_route=%2Fwp%2Fv2%2Fcategories&post=15426"},{"taxonomy":"post_tag","embeddable":true,"href":"https:\/\/escolagrancapita.wpcomstaging.com\/index.php?rest_route=%2Fwp%2Fv2%2Ftags&post=15426"}],"curies":[{"name":"wp","href":"https:\/\/api.w.org\/{rel}","templated":true}]}}

<p style="text-align: justify;">3r i 4t d&#8217;ESO han tingut la sort de poder parlar amb els autors d&#8217;alguns dels llibres que han treballat a l&#8217;aula, tant a català com a castellà.</p>
<p style="text-align: justify;">Així, el passat 12 d&#8217;abril, <strong><a href="https://revistadeletras.net/author/jorge-gamero/">Jorge Gamero</a></strong> va venir a l&#8217;aula de 3r d&#8217;ESO a parlar de dues de les seves obres: <a href="https://www.jollibre.com/libro/toquio-al-cor"><em>Tòquio al cor</em></a>, llegit a llengua catalana, i <a href="https://www.loqueleo.com/es/libro/simon-no-saimon"><em>Simón no, Saimon</em></a>, des de l&#8217;àrea de llengua castellana. L&#8217;autor els va parlar del seu procés creatiu i sobre com es va inspirar per escriure aquestes dues novel·les. Els i les alumnes van escoltar les seves explicacions amb molta atenció i interès.</p>
<p style="text-align: justify;"><img data-recalc-dims="1" loading="lazy" decoding="async" class="aligncenter wp-image-15425 size-full" src="https://i0.wp.com/escolagrancapita.wpcomstaging.com/wp-content/uploads/2021/05/3-4ESO-AUTORS-4-scaled.jpg?resize=750%2C563&#038;ssl=1" alt="" width="750" height="563" srcset="https://i0.wp.com/escolagrancapita.wpcomstaging.com/wp-content/uploads/2021/05/3-4ESO-AUTORS-4-scaled.jpg?w=2560&amp;ssl=1 2560w, https://i0.wp.com/escolagrancapita.wpcomstaging.com/wp-content/uploads/2021/05/3-4ESO-AUTORS-4-scaled.jpg?resize=300%2C225&amp;ssl=1 300w, https://i0.wp.com/escolagrancapita.wpcomstaging.com/wp-content/uploads/2021/05/3-4ESO-AUTORS-4-scaled.jpg?resize=1024%2C768&amp;ssl=1 1024w, https://i0.wp.com/escolagrancapita.wpcomstaging.com/wp-content/uploads/2021/05/3-4ESO-AUTORS-4-scaled.jpg?resize=768%2C576&amp;ssl=1 768w, https://i0.wp.com/escolagrancapita.wpcomstaging.com/wp-content/uploads/2021/05/3-4ESO-AUTORS-4-scaled.jpg?resize=1536%2C1152&amp;ssl=1 1536w, https://i0.wp.com/escolagrancapita.wpcomstaging.com/wp-content/uploads/2021/05/3-4ESO-AUTORS-4-scaled.jpg?resize=2048%2C1536&amp;ssl=1 2048w, https://i0.wp.com/escolagrancapita.wpcomstaging.com/wp-content/uploads/2021/05/3-4ESO-AUTORS-4-scaled.jpg?w=2250&amp;ssl=1 2250w" sizes="auto, (max-width: 750px) 100vw, 750px" /></p>
<p style="text-align: justify;">Finalment, el Jorge els va signar els seus exemplars perquè tinguin un record d&#8217;aquest dia tan especial.</p>
<div id='gallery-1' class='gallery galleryid-15426 gallery-columns-2 gallery-size-full'><figure class='gallery-item'>
			<div class='gallery-icon landscape'>
				<img loading="lazy" decoding="async" width="2560" height="1920" src="https://i0.wp.com/escolagrancapita.wpcomstaging.com/wp-content/uploads/2021/05/3-4ESO-AUTORS-2-scaled.jpg?fit=2560%2C1920&amp;ssl=1" class="attachment-full size-full" alt="" srcset="https://i0.wp.com/escolagrancapita.wpcomstaging.com/wp-content/uploads/2021/05/3-4ESO-AUTORS-2-scaled.jpg?w=2560&amp;ssl=1 2560w, https://i0.wp.com/escolagrancapita.wpcomstaging.com/wp-content/uploads/2021/05/3-4ESO-AUTORS-2-scaled.jpg?resize=300%2C225&amp;ssl=1 300w, https://i0.wp.com/escolagrancapita.wpcomstaging.com/wp-content/uploads/2021/05/3-4ESO-AUTORS-2-scaled.jpg?resize=1024%2C768&amp;ssl=1 1024w, https://i0.wp.com/escolagrancapita.wpcomstaging.com/wp-content/uploads/2021/05/3-4ESO-AUTORS-2-scaled.jpg?resize=768%2C576&amp;ssl=1 768w, https://i0.wp.com/escolagrancapita.wpcomstaging.com/wp-content/uploads/2021/05/3-4ESO-AUTORS-2-scaled.jpg?resize=1536%2C1152&amp;ssl=1 1536w, https://i0.wp.com/escolagrancapita.wpcomstaging.com/wp-content/uploads/2021/05/3-4ESO-AUTORS-2-scaled.jpg?resize=2048%2C1536&amp;ssl=1 2048w, https://i0.wp.com/escolagrancapita.wpcomstaging.com/wp-content/uploads/2021/05/3-4ESO-AUTORS-2-scaled.jpg?w=2250&amp;ssl=1 2250w" sizes="auto, (max-width: 750px) 100vw, 750px" />
			</div></figure><figure class='gallery-item'>
			<div class='gallery-icon landscape'>
				<img loading="lazy" decoding="async" width="2560" height="1920" src="https://i0.wp.com/escolagrancapita.wpcomstaging.com/wp-content/uploads/2021/05/3-4ESO-AUTORS-1-scaled.jpg?fit=2560%2C1920&amp;ssl=1" class="attachment-full size-full" alt="" srcset="https://i0.wp.com/escolagrancapita.wpcomstaging.com/wp-content/uploads/2021/05/3-4ESO-AUTORS-1-scaled.jpg?w=2560&amp;ssl=1 2560w, https://i0.wp.com/escolagrancapita.wpcomstaging.com/wp-content/uploads/2021/05/3-4ESO-AUTORS-1-scaled.jpg?resize=300%2C225&amp;ssl=1 300w, https://i0.wp.com/escolagrancapita.wpcomstaging.com/wp-content/uploads/2021/05/3-4ESO-AUTORS-1-scaled.jpg?resize=1024%2C768&amp;ssl=1 1024w, https://i0.wp.com/escolagrancapita.wpcomstaging.com/wp-content/uploads/2021/05/3-4ESO-AUTORS-1-scaled.jpg?resize=768%2C576&amp;ssl=1 768w, https://i0.wp.com/escolagrancapita.wpcomstaging.com/wp-content/uploads/2021/05/3-4ESO-AUTORS-1-scaled.jpg?resize=1536%2C1152&amp;ssl=1 1536w, https://i0.wp.com/escolagrancapita.wpcomstaging.com/wp-content/uploads/2021/05/3-4ESO-AUTORS-1-scaled.jpg?resize=2048%2C1536&amp;ssl=1 2048w, https://i0.wp.com/escolagrancapita.wpcomstaging.com/wp-content/uploads/2021/05/3-4ESO-AUTORS-1-scaled.jpg?w=2250&amp;ssl=1 2250w" sizes="auto, (max-width: 750px) 100vw, 750px" />
			</div></figure>
		</div>

<p style="text-align: justify;">El dia 7 de maig, 4t d&#8217;ESO va comptar amb una videoconferència de l&#8217;autora <strong><a href="https://maitecarranza.com/">Maite Carranza</a></strong>, per comentar el llibre que han treballat a llengua catalana: <a href="https://www.jollibre.com/libro/una-bala-per-al-record"><em>Una bala per al record</em></a>. Va ser una hora molt interessant en què els i les alumnes no deixaven de preguntar, tant per la seva obra en general com per aquesta novel·la en concret&#8230; Van viure el procés creatiu amb molta curiositat. Llàstima de no haver-la pogut veure en persona degut a les circumstàncies!</p>
<p style="text-align: justify;"><img data-recalc-dims="1" loading="lazy" decoding="async" class="aligncenter wp-image-15424 size-full" src="https://i0.wp.com/escolagrancapita.wpcomstaging.com/wp-content/uploads/2021/05/3-4ESO-AUTORS-3-scaled.jpg?resize=750%2C563&#038;ssl=1" alt="" width="750" height="563" srcset="https://i0.wp.com/escolagrancapita.wpcomstaging.com/wp-content/uploads/2021/05/3-4ESO-AUTORS-3-scaled.jpg?w=2560&amp;ssl=1 2560w, https://i0.wp.com/escolagrancapita.wpcomstaging.com/wp-content/uploads/2021/05/3-4ESO-AUTORS-3-scaled.jpg?resize=300%2C225&amp;ssl=1 300w, https://i0.wp.com/escolagrancapita.wpcomstaging.com/wp-content/uploads/2021/05/3-4ESO-AUTORS-3-scaled.jpg?resize=1024%2C768&amp;ssl=1 1024w, https://i0.wp.com/escolagrancapita.wpcomstaging.com/wp-content/uploads/2021/05/3-4ESO-AUTORS-3-scaled.jpg?resize=768%2C576&amp;ssl=1 768w, https://i0.wp.com/escolagrancapita.wpcomstaging.com/wp-content/uploads/2021/05/3-4ESO-AUTORS-3-scaled.jpg?resize=1536%2C1152&amp;ssl=1 1536w, https://i0.wp.com/escolagrancapita.wpcomstaging.com/wp-content/uploads/2021/05/3-4ESO-AUTORS-3-scaled.jpg?resize=2048%2C1536&amp;ssl=1 2048w, https://i0.wp.com/escolagrancapita.wpcomstaging.com/wp-content/uploads/2021/05/3-4ESO-AUTORS-3-scaled.jpg?w=2250&amp;ssl=1 2250w" sizes="auto, (max-width: 750px) 100vw, 750px" /></p>

<p>3r i 4t d&#8217;ESO han tingut la sort de poder parlar amb els autors d&#8217;alguns dels llibres que han treballat a l&#8217;aula, tant a català com a castellà. Així, el passat 12 d&#8217;abril, Jorge Gamero va venir a l&#8217;aula de</p>
