{"id":19253,"date":"2023-01-29T09:29:38","date_gmt":"2023-01-29T09:29:38","guid":{"rendered":"https:\/\/escolagrancapita.wpcomstaging.com\/?page_id=19253"},"modified":"2023-01-29T09:31:35","modified_gmt":"2023-01-29T09:31:35","slug":"atencio-a-la-diversitat","status":"publish","type":"page","link":"https:\/\/escolagrancapita.wpcomstaging.com\/?page_id=19253","title":{"rendered":"Atenci\u00f3 a la diversitat"},"content":{"rendered":"<p>La <strong>diversitat<\/strong> ens fa cr\u00e9ixer i, al Gran Capit\u00e0, apostem per treballar tenint en compte les necessitats de cadascun dels nostres alumnes.<\/p>\n<p>A classe es treballa de manera did\u00e0ctica i manipulativa. Es tracten continguts curriculars de diverses \u00e0rees, s&#8217;estimula la mem\u00f2ria i la l\u00f2gica i es desenvolupen altres aspectes com ara la ubicaci\u00f3 espacial i la percepci\u00f3 visual.<\/p>\n<div id='gallery-1' class='gallery galleryid-19253 gallery-columns-1 gallery-size-full'><figure class='gallery-item'>\n\t\t\t<div class='gallery-icon portrait'>\n\t\t\t\t<img loading=\"lazy\" decoding=\"async\" width=\"1920\" height=\"2086\" src=\"https:\/\/i0.wp.com\/escolagrancapita.wpcomstaging.com\/wp-content\/uploads\/2023\/01\/PRI_Diversitat-4-scaled-e1674983329468.jpg?fit=1920%2C2086&amp;ssl=1\" class=\"attachment-full size-full\" alt=\"\" srcset=\"https:\/\/i0.wp.com\/escolagrancapita.wpcomstaging.com\/wp-content\/uploads\/2023\/01\/PRI_Diversitat-4-scaled-e1674983329468.jpg?w=1920&amp;ssl=1 1920w, https:\/\/i0.wp.com\/escolagrancapita.wpcomstaging.com\/wp-content\/uploads\/2023\/01\/PRI_Diversitat-4-scaled-e1674983329468.jpg?resize=276%2C300&amp;ssl=1 276w, https:\/\/i0.wp.com\/escolagrancapita.wpcomstaging.com\/wp-content\/uploads\/2023\/01\/PRI_Diversitat-4-scaled-e1674983329468.jpg?resize=943%2C1024&amp;ssl=1 943w, https:\/\/i0.wp.com\/escolagrancapita.wpcomstaging.com\/wp-content\/uploads\/2023\/01\/PRI_Diversitat-4-scaled-e1674983329468.jpg?resize=768%2C834&amp;ssl=1 768w, https:\/\/i0.wp.com\/escolagrancapita.wpcomstaging.com\/wp-content\/uploads\/2023\/01\/PRI_Diversitat-4-scaled-e1674983329468.jpg?resize=1414%2C1536&amp;ssl=1 1414w, https:\/\/i0.wp.com\/escolagrancapita.wpcomstaging.com\/wp-content\/uploads\/2023\/01\/PRI_Diversitat-4-scaled-e1674983329468.jpg?resize=1885%2C2048&amp;ssl=1 1885w, https:\/\/i0.wp.com\/escolagrancapita.wpcomstaging.com\/wp-content\/uploads\/2023\/01\/PRI_Diversitat-4-scaled-e1674983329468.jpg?w=1500&amp;ssl=1 1500w\" sizes=\"auto, (max-width: 750px) 100vw, 750px\" \/>\n\t\t\t<\/div><\/figure>\n\t\t<\/div>\n\n<p>En aquesta activitat es fan relacions quantitatives mentre s&#8217;ho passen a les mil meravelles fent les seves pizzes preferides. Treballen tamb\u00e9 petites operacions aritm\u00e8tiques (suma i resta) amb els ingredients realitzant m\u00faltiples variacions.<\/p>\n<div id='gallery-2' class='gallery galleryid-19253 gallery-columns-1 gallery-size-full'><figure class='gallery-item'>\n\t\t\t<div class='gallery-icon landscape'>\n\t\t\t\t<img loading=\"lazy\" decoding=\"async\" width=\"1920\" height=\"1523\" src=\"https:\/\/i0.wp.com\/escolagrancapita.wpcomstaging.com\/wp-content\/uploads\/2023\/01\/PRI_Diversitat-1-scaled-e1674983292196.jpg?fit=1920%2C1523&amp;ssl=1\" class=\"attachment-full size-full\" alt=\"\" srcset=\"https:\/\/i0.wp.com\/escolagrancapita.wpcomstaging.com\/wp-content\/uploads\/2023\/01\/PRI_Diversitat-1-scaled-e1674983292196.jpg?w=1920&amp;ssl=1 1920w, https:\/\/i0.wp.com\/escolagrancapita.wpcomstaging.com\/wp-content\/uploads\/2023\/01\/PRI_Diversitat-1-scaled-e1674983292196.jpg?resize=300%2C238&amp;ssl=1 300w, https:\/\/i0.wp.com\/escolagrancapita.wpcomstaging.com\/wp-content\/uploads\/2023\/01\/PRI_Diversitat-1-scaled-e1674983292196.jpg?resize=1024%2C812&amp;ssl=1 1024w, https:\/\/i0.wp.com\/escolagrancapita.wpcomstaging.com\/wp-content\/uploads\/2023\/01\/PRI_Diversitat-1-scaled-e1674983292196.jpg?resize=768%2C609&amp;ssl=1 768w, https:\/\/i0.wp.com\/escolagrancapita.wpcomstaging.com\/wp-content\/uploads\/2023\/01\/PRI_Diversitat-1-scaled-e1674983292196.jpg?resize=1536%2C1218&amp;ssl=1 1536w\" sizes=\"auto, (max-width: 750px) 100vw, 750px\" \/>\n\t\t\t<\/div><\/figure>\n\t\t<\/div>\n\n<p>Per tal d&#8217;associar i interioritzar millor els n\u00fameros, els tracten de manera manipulativa. En aquest cas, han fet servir plastilina i, no nom\u00e9s han treballat la grafia i direccionalitat del n\u00famero, sin\u00f3 que tamb\u00e9 ho han relacionat amb la seva quantitat amb les xips de xocolata que han recreat a la galeta. A m\u00e9s, tamb\u00e9 els ha ajudat a treballar la motricitat.<\/p>\n<div id='gallery-3' class='gallery galleryid-19253 gallery-columns-2 gallery-size-full'><figure class='gallery-item'>\n\t\t\t<div class='gallery-icon portrait'>\n\t\t\t\t<img loading=\"lazy\" decoding=\"async\" width=\"1920\" height=\"2560\" src=\"https:\/\/i0.wp.com\/escolagrancapita.wpcomstaging.com\/wp-content\/uploads\/2023\/01\/PRI_Diversitat-3-scaled.jpg?fit=1920%2C2560&amp;ssl=1\" class=\"attachment-full size-full\" alt=\"\" srcset=\"https:\/\/i0.wp.com\/escolagrancapita.wpcomstaging.com\/wp-content\/uploads\/2023\/01\/PRI_Diversitat-3-scaled.jpg?w=1920&amp;ssl=1 1920w, https:\/\/i0.wp.com\/escolagrancapita.wpcomstaging.com\/wp-content\/uploads\/2023\/01\/PRI_Diversitat-3-scaled.jpg?resize=225%2C300&amp;ssl=1 225w, https:\/\/i0.wp.com\/escolagrancapita.wpcomstaging.com\/wp-content\/uploads\/2023\/01\/PRI_Diversitat-3-scaled.jpg?resize=768%2C1024&amp;ssl=1 768w, https:\/\/i0.wp.com\/escolagrancapita.wpcomstaging.com\/wp-content\/uploads\/2023\/01\/PRI_Diversitat-3-scaled.jpg?resize=1152%2C1536&amp;ssl=1 1152w, https:\/\/i0.wp.com\/escolagrancapita.wpcomstaging.com\/wp-content\/uploads\/2023\/01\/PRI_Diversitat-3-scaled.jpg?resize=1536%2C2048&amp;ssl=1 1536w\" sizes=\"auto, (max-width: 750px) 100vw, 750px\" \/>\n\t\t\t<\/div><\/figure><figure class='gallery-item'>\n\t\t\t<div class='gallery-icon portrait'>\n\t\t\t\t<img loading=\"lazy\" decoding=\"async\" width=\"1920\" height=\"2560\" src=\"https:\/\/i0.wp.com\/escolagrancapita.wpcomstaging.com\/wp-content\/uploads\/2023\/01\/PRI_Diversitat-2-scaled.jpg?fit=1920%2C2560&amp;ssl=1\" class=\"attachment-full size-full\" alt=\"\" srcset=\"https:\/\/i0.wp.com\/escolagrancapita.wpcomstaging.com\/wp-content\/uploads\/2023\/01\/PRI_Diversitat-2-scaled.jpg?w=1920&amp;ssl=1 1920w, https:\/\/i0.wp.com\/escolagrancapita.wpcomstaging.com\/wp-content\/uploads\/2023\/01\/PRI_Diversitat-2-scaled.jpg?resize=225%2C300&amp;ssl=1 225w, https:\/\/i0.wp.com\/escolagrancapita.wpcomstaging.com\/wp-content\/uploads\/2023\/01\/PRI_Diversitat-2-scaled.jpg?resize=768%2C1024&amp;ssl=1 768w, https:\/\/i0.wp.com\/escolagrancapita.wpcomstaging.com\/wp-content\/uploads\/2023\/01\/PRI_Diversitat-2-scaled.jpg?resize=1152%2C1536&amp;ssl=1 1152w, https:\/\/i0.wp.com\/escolagrancapita.wpcomstaging.com\/wp-content\/uploads\/2023\/01\/PRI_Diversitat-2-scaled.jpg?resize=1536%2C2048&amp;ssl=1 1536w\" sizes=\"auto, (max-width: 750px) 100vw, 750px\" \/>\n\t\t\t<\/div><\/figure>\n\t\t<\/div>\n\n<p>En aquestes activitats, posen a prova la seva percepci\u00f3 visual fent relacions amb els colors i treballant l&#8217;orientaci\u00f3 espacial. Estimulem la seva mem\u00f2ria, ja que primer agafen les pedretes o cercles de colors i les posem damunt del model i despr\u00e9s les han de col\u00b7locar en un full en blanc tal com recorden.<\/p>\n<p style=\"text-align: justify;\"><strong>\u00c9s molt divertit!<\/strong><\/p>\n","protected":false},"excerpt":{"rendered":"<p>La diversitat ens fa cr\u00e9ixer i, al Gran Capit\u00e0, apostem per treballar tenint en compte les necessitats de cadascun dels nostres alumnes. A classe es treballa de manera did\u00e0ctica i manipulativa. Es tracten continguts curriculars de diverses \u00e0rees, s&#8217;estimula la<\/p>\n","protected":false},"author":1,"featured_media":0,"parent":661,"menu_order":0,"comment_status":"closed","ping_status":"closed","template":"","meta":{"_crdt_document":"","footnotes":""},"categories":[75],"tags":[135,86,62],"class_list":["post-19253","page","type-page","status-publish","hentry","category-activitats","tag-curs-2022-23","tag-ed-primaria","tag-valors"],"jetpack_sharing_enabled":true,"_links":{"self":[{"href":"https:\/\/escolagrancapita.wpcomstaging.com\/index.php?rest_route=\/wp\/v2\/pages\/19253","targetHints":{"allow":["GET"]}}],"collection":[{"href":"https:\/\/escolagrancapita.wpcomstaging.com\/index.php?rest_route=\/wp\/v2\/pages"}],"about":[{"href":"https:\/\/escolagrancapita.wpcomstaging.com\/index.php?rest_route=\/wp\/v2\/types\/page"}],"author":[{"embeddable":true,"href":"https:\/\/escolagrancapita.wpcomstaging.com\/index.php?rest_route=\/wp\/v2\/users\/1"}],"replies":[{"embeddable":true,"href":"https:\/\/escolagrancapita.wpcomstaging.com\/index.php?rest_route=%2Fwp%2Fv2%2Fcomments&post=19253"}],"version-history":[{"count":0,"href":"https:\/\/escolagrancapita.wpcomstaging.com\/index.php?rest_route=\/wp\/v2\/pages\/19253\/revisions"}],"up":[{"embeddable":true,"href":"https:\/\/escolagrancapita.wpcomstaging.com\/index.php?rest_route=\/wp\/v2\/pages\/661"}],"wp:attachment":[{"href":"https:\/\/escolagrancapita.wpcomstaging.com\/index.php?rest_route=%2Fwp%2Fv2%2Fmedia&parent=19253"}],"wp:term":[{"taxonomy":"category","embeddable":true,"href":"https:\/\/escolagrancapita.wpcomstaging.com\/index.php?rest_route=%2Fwp%2Fv2%2Fcategories&post=19253"},{"taxonomy":"post_tag","embeddable":true,"href":"https:\/\/escolagrancapita.wpcomstaging.com\/index.php?rest_route=%2Fwp%2Fv2%2Ftags&post=19253"}],"curies":[{"name":"wp","href":"https:\/\/api.w.org\/{rel}","templated":true}]}}

Atenció a la diversitat

<p>La <strong>diversitat</strong> ens fa créixer i, al Gran Capità, apostem per treballar tenint en compte les necessitats de cadascun dels nostres alumnes.</p>
<p>A classe es treballa de manera didàctica i manipulativa. Es tracten continguts curriculars de diverses àrees, s&#8217;estimula la memòria i la lògica i es desenvolupen altres aspectes com ara la ubicació espacial i la percepció visual.</p>
<div id='gallery-1' class='gallery galleryid-19253 gallery-columns-1 gallery-size-full'><figure class='gallery-item'>
			<div class='gallery-icon portrait'>
				<img loading="lazy" decoding="async" width="1920" height="2086" src="https://i0.wp.com/escolagrancapita.wpcomstaging.com/wp-content/uploads/2023/01/PRI_Diversitat-4-scaled-e1674983329468.jpg?fit=1920%2C2086&amp;ssl=1" class="attachment-full size-full" alt="" srcset="https://i0.wp.com/escolagrancapita.wpcomstaging.com/wp-content/uploads/2023/01/PRI_Diversitat-4-scaled-e1674983329468.jpg?w=1920&amp;ssl=1 1920w, https://i0.wp.com/escolagrancapita.wpcomstaging.com/wp-content/uploads/2023/01/PRI_Diversitat-4-scaled-e1674983329468.jpg?resize=276%2C300&amp;ssl=1 276w, https://i0.wp.com/escolagrancapita.wpcomstaging.com/wp-content/uploads/2023/01/PRI_Diversitat-4-scaled-e1674983329468.jpg?resize=943%2C1024&amp;ssl=1 943w, https://i0.wp.com/escolagrancapita.wpcomstaging.com/wp-content/uploads/2023/01/PRI_Diversitat-4-scaled-e1674983329468.jpg?resize=768%2C834&amp;ssl=1 768w, https://i0.wp.com/escolagrancapita.wpcomstaging.com/wp-content/uploads/2023/01/PRI_Diversitat-4-scaled-e1674983329468.jpg?resize=1414%2C1536&amp;ssl=1 1414w, https://i0.wp.com/escolagrancapita.wpcomstaging.com/wp-content/uploads/2023/01/PRI_Diversitat-4-scaled-e1674983329468.jpg?resize=1885%2C2048&amp;ssl=1 1885w, https://i0.wp.com/escolagrancapita.wpcomstaging.com/wp-content/uploads/2023/01/PRI_Diversitat-4-scaled-e1674983329468.jpg?w=1500&amp;ssl=1 1500w" sizes="auto, (max-width: 750px) 100vw, 750px" />
			</div></figure>
		</div>

<p>En aquesta activitat es fan relacions quantitatives mentre s&#8217;ho passen a les mil meravelles fent les seves pizzes preferides. Treballen també petites operacions aritmètiques (suma i resta) amb els ingredients realitzant múltiples variacions.</p>
<div id='gallery-2' class='gallery galleryid-19253 gallery-columns-1 gallery-size-full'><figure class='gallery-item'>
			<div class='gallery-icon landscape'>
				<img loading="lazy" decoding="async" width="1920" height="1523" src="https://i0.wp.com/escolagrancapita.wpcomstaging.com/wp-content/uploads/2023/01/PRI_Diversitat-1-scaled-e1674983292196.jpg?fit=1920%2C1523&amp;ssl=1" class="attachment-full size-full" alt="" srcset="https://i0.wp.com/escolagrancapita.wpcomstaging.com/wp-content/uploads/2023/01/PRI_Diversitat-1-scaled-e1674983292196.jpg?w=1920&amp;ssl=1 1920w, https://i0.wp.com/escolagrancapita.wpcomstaging.com/wp-content/uploads/2023/01/PRI_Diversitat-1-scaled-e1674983292196.jpg?resize=300%2C238&amp;ssl=1 300w, https://i0.wp.com/escolagrancapita.wpcomstaging.com/wp-content/uploads/2023/01/PRI_Diversitat-1-scaled-e1674983292196.jpg?resize=1024%2C812&amp;ssl=1 1024w, https://i0.wp.com/escolagrancapita.wpcomstaging.com/wp-content/uploads/2023/01/PRI_Diversitat-1-scaled-e1674983292196.jpg?resize=768%2C609&amp;ssl=1 768w, https://i0.wp.com/escolagrancapita.wpcomstaging.com/wp-content/uploads/2023/01/PRI_Diversitat-1-scaled-e1674983292196.jpg?resize=1536%2C1218&amp;ssl=1 1536w" sizes="auto, (max-width: 750px) 100vw, 750px" />
			</div></figure>
		</div>

<p>Per tal d&#8217;associar i interioritzar millor els números, els tracten de manera manipulativa. En aquest cas, han fet servir plastilina i, no només han treballat la grafia i direccionalitat del número, sinó que també ho han relacionat amb la seva quantitat amb les xips de xocolata que han recreat a la galeta. A més, també els ha ajudat a treballar la motricitat.</p>
<div id='gallery-3' class='gallery galleryid-19253 gallery-columns-2 gallery-size-full'><figure class='gallery-item'>
			<div class='gallery-icon portrait'>
				<img loading="lazy" decoding="async" width="1920" height="2560" src="https://i0.wp.com/escolagrancapita.wpcomstaging.com/wp-content/uploads/2023/01/PRI_Diversitat-3-scaled.jpg?fit=1920%2C2560&amp;ssl=1" class="attachment-full size-full" alt="" srcset="https://i0.wp.com/escolagrancapita.wpcomstaging.com/wp-content/uploads/2023/01/PRI_Diversitat-3-scaled.jpg?w=1920&amp;ssl=1 1920w, https://i0.wp.com/escolagrancapita.wpcomstaging.com/wp-content/uploads/2023/01/PRI_Diversitat-3-scaled.jpg?resize=225%2C300&amp;ssl=1 225w, https://i0.wp.com/escolagrancapita.wpcomstaging.com/wp-content/uploads/2023/01/PRI_Diversitat-3-scaled.jpg?resize=768%2C1024&amp;ssl=1 768w, https://i0.wp.com/escolagrancapita.wpcomstaging.com/wp-content/uploads/2023/01/PRI_Diversitat-3-scaled.jpg?resize=1152%2C1536&amp;ssl=1 1152w, https://i0.wp.com/escolagrancapita.wpcomstaging.com/wp-content/uploads/2023/01/PRI_Diversitat-3-scaled.jpg?resize=1536%2C2048&amp;ssl=1 1536w" sizes="auto, (max-width: 750px) 100vw, 750px" />
			</div></figure><figure class='gallery-item'>
			<div class='gallery-icon portrait'>
				<img loading="lazy" decoding="async" width="1920" height="2560" src="https://i0.wp.com/escolagrancapita.wpcomstaging.com/wp-content/uploads/2023/01/PRI_Diversitat-2-scaled.jpg?fit=1920%2C2560&amp;ssl=1" class="attachment-full size-full" alt="" srcset="https://i0.wp.com/escolagrancapita.wpcomstaging.com/wp-content/uploads/2023/01/PRI_Diversitat-2-scaled.jpg?w=1920&amp;ssl=1 1920w, https://i0.wp.com/escolagrancapita.wpcomstaging.com/wp-content/uploads/2023/01/PRI_Diversitat-2-scaled.jpg?resize=225%2C300&amp;ssl=1 225w, https://i0.wp.com/escolagrancapita.wpcomstaging.com/wp-content/uploads/2023/01/PRI_Diversitat-2-scaled.jpg?resize=768%2C1024&amp;ssl=1 768w, https://i0.wp.com/escolagrancapita.wpcomstaging.com/wp-content/uploads/2023/01/PRI_Diversitat-2-scaled.jpg?resize=1152%2C1536&amp;ssl=1 1152w, https://i0.wp.com/escolagrancapita.wpcomstaging.com/wp-content/uploads/2023/01/PRI_Diversitat-2-scaled.jpg?resize=1536%2C2048&amp;ssl=1 1536w" sizes="auto, (max-width: 750px) 100vw, 750px" />
			</div></figure>
		</div>

<p>En aquestes activitats, posen a prova la seva percepció visual fent relacions amb els colors i treballant l&#8217;orientació espacial. Estimulem la seva memòria, ja que primer agafen les pedretes o cercles de colors i les posem damunt del model i després les han de col·locar en un full en blanc tal com recorden.</p>
<p style="text-align: justify;"><strong>És molt divertit!</strong></p>

<p>La diversitat ens fa créixer i, al Gran Capità, apostem per treballar tenint en compte les necessitats de cadascun dels nostres alumnes. A classe es treballa de manera didàctica i manipulativa. Es tracten continguts curriculars de diverses àrees, s&#8217;estimula la</p>
