{"id":21169,"date":"2023-11-19T10:42:41","date_gmt":"2023-11-19T10:42:41","guid":{"rendered":"https:\/\/escolagrancapita.wpcomstaging.com\/?page_id=21169"},"modified":"2023-11-19T10:42:45","modified_gmt":"2023-11-19T10:42:45","slug":"missio-exit-a-la-base-lunar","status":"publish","type":"page","link":"https:\/\/escolagrancapita.wpcomstaging.com\/?page_id=21169","title":{"rendered":"Missi\u00f3 \u201c\u00c8xit a la Base Lunar\u201d"},"content":{"rendered":"<p style=\"text-align: justify;\">6\u00e8 de Prim\u00e0ria ha assolit un \u00e8xit espacial amb l&#8217;ajuda del <a href=\"https:\/\/escolagrancapita.wpcomstaging.com\/?page_id=2387\" target=\"_blank\" rel=\"noopener\">Kit WeDo 2.0 de LEGO<\/a>. Han creat un robot capa\u00e7 de despla\u00e7ar-se i girar, programant-lo per explorar la superf\u00edcie lunar.<\/p>\n<p style=\"text-align: justify;\">Mitjan\u00e7ant aquesta activitat, han potenciat les seves habilitats de resoluci\u00f3 de problemes, pensament cr\u00edtic i treball en equip.<\/p>\n<p style=\"text-align: justify;\">A continuaci\u00f3, us convidem a veure un v\u00eddeo que mostra els diversos robots creats pels diferents grups, destacant la seva creativitat i destresa en aquesta emocionant empresa espacial.<\/p>\n<p><iframe loading=\"lazy\" title=\"Missi\u00f3 \u201c\u00c8xit a la Base Lunar\u201d\" src=\"https:\/\/www.youtube.com\/embed\/9QvDvYw47xU\" width=\"893\" height=\"502\" frameborder=\"0\" allowfullscreen=\"allowfullscreen\"><\/iframe><\/p>\n","protected":false},"excerpt":{"rendered":"<p>6\u00e8 de Prim\u00e0ria ha assolit un \u00e8xit espacial amb l&#8217;ajuda del Kit WeDo 2.0 de LEGO. Han creat un robot capa\u00e7 de despla\u00e7ar-se i girar, programant-lo per explorar la superf\u00edcie lunar. Mitjan\u00e7ant aquesta activitat, han potenciat les seves habilitats de<\/p>\n","protected":false},"author":1,"featured_media":0,"parent":0,"menu_order":0,"comment_status":"closed","ping_status":"closed","template":"","meta":{"_crdt_document":"","footnotes":""},"categories":[75],"tags":[139,86,111],"class_list":["post-21169","page","type-page","status-publish","hentry","category-activitats","tag-curs-2023-24","tag-ed-primaria","tag-steam"],"jetpack_sharing_enabled":true,"_links":{"self":[{"href":"https:\/\/escolagrancapita.wpcomstaging.com\/index.php?rest_route=\/wp\/v2\/pages\/21169","targetHints":{"allow":["GET"]}}],"collection":[{"href":"https:\/\/escolagrancapita.wpcomstaging.com\/index.php?rest_route=\/wp\/v2\/pages"}],"about":[{"href":"https:\/\/escolagrancapita.wpcomstaging.com\/index.php?rest_route=\/wp\/v2\/types\/page"}],"author":[{"embeddable":true,"href":"https:\/\/escolagrancapita.wpcomstaging.com\/index.php?rest_route=\/wp\/v2\/users\/1"}],"replies":[{"embeddable":true,"href":"https:\/\/escolagrancapita.wpcomstaging.com\/index.php?rest_route=%2Fwp%2Fv2%2Fcomments&post=21169"}],"version-history":[{"count":3,"href":"https:\/\/escolagrancapita.wpcomstaging.com\/index.php?rest_route=\/wp\/v2\/pages\/21169\/revisions"}],"predecessor-version":[{"id":21172,"href":"https:\/\/escolagrancapita.wpcomstaging.com\/index.php?rest_route=\/wp\/v2\/pages\/21169\/revisions\/21172"}],"wp:attachment":[{"href":"https:\/\/escolagrancapita.wpcomstaging.com\/index.php?rest_route=%2Fwp%2Fv2%2Fmedia&parent=21169"}],"wp:term":[{"taxonomy":"category","embeddable":true,"href":"https:\/\/escolagrancapita.wpcomstaging.com\/index.php?rest_route=%2Fwp%2Fv2%2Fcategories&post=21169"},{"taxonomy":"post_tag","embeddable":true,"href":"https:\/\/escolagrancapita.wpcomstaging.com\/index.php?rest_route=%2Fwp%2Fv2%2Ftags&post=21169"}],"curies":[{"name":"wp","href":"https:\/\/api.w.org\/{rel}","templated":true}]}}