{"id":21208,"date":"2023-11-19T11:24:01","date_gmt":"2023-11-19T11:24:01","guid":{"rendered":"https:\/\/escolagrancapita.wpcomstaging.com\/?page_id=21208"},"modified":"2023-11-19T11:24:01","modified_gmt":"2023-11-19T11:24:01","slug":"jugant-amb-el-cos","status":"publish","type":"page","link":"https:\/\/escolagrancapita.wpcomstaging.com\/?page_id=21208","title":{"rendered":"Jugant amb el cos"},"content":{"rendered":"<p style=\"text-align: justify;\">Aquest primer trimestre, Educaci\u00f3 Infantil ha experimentat un desenvolupament psicomotor integral que abra\u00e7a els \u00e0mbits motor, cognitiu, social i afectiu.<\/p>\n<p style=\"text-align: justify;\">La pr\u00e0ctica psicomotriu ha reportat diversos beneficis significatius als nostres petits:<\/p>\n<ul style=\"text-align: justify;\">\n<li>Han integrat-se socialment amb els seus companys i companyes, fomentant relacions positives.<\/li>\n<li>Han adquirit una major seguretat emocional, coneixent els seus propis l\u00edmits i capacitats.<\/li>\n<li>Han refor\u00e7at el control postural, l&#8217;equilibri, la lateralitat i la coordinaci\u00f3.<\/li>\n<li>Han canalitzat i gestionat la seva impulsivitat, un factor determinant per al seu equilibri afectiu.<\/li>\n<li>Han desenvolupat el domini i la consci\u00e8ncia del seu propi cos.<\/li>\n<\/ul>\n<p style=\"text-align: justify;\">Aquest enfocament ha perm\u00e8s als infants jugar i divertir-se mentre exploren les seves pr\u00f2pies capacitats motrius.<\/p>\n<p style=\"text-align: center;\"><iframe loading=\"lazy\" title=\"Jugant amb el cos\" src=\"https:\/\/www.youtube.com\/embed\/eXZ8i5VPsJk\" width=\"464\" height=\"825\" frameborder=\"0\" allowfullscreen=\"allowfullscreen\"><\/iframe><\/p>\n<p style=\"text-align: justify;\">A m\u00e9s, ha facilitat la interacci\u00f3 amb els altres i la comprensi\u00f3 i acceptaci\u00f3 de normes de conviv\u00e8ncia, contribuint a un creixement integral i equilibrat.<\/p>\n","protected":false},"excerpt":{"rendered":"<p>Aquest primer trimestre, Educaci\u00f3 Infantil ha experimentat un desenvolupament psicomotor integral que abra\u00e7a els \u00e0mbits motor, cognitiu, social i afectiu. La pr\u00e0ctica psicomotriu ha reportat diversos beneficis significatius als nostres petits: Han integrat-se socialment amb els seus companys i companyes,<\/p>\n","protected":false},"author":1,"featured_media":0,"parent":0,"menu_order":0,"comment_status":"closed","ping_status":"closed","template":"","meta":{"_crdt_document":"","footnotes":""},"categories":[75],"tags":[139,77,126],"class_list":["post-21208","page","type-page","status-publish","hentry","category-activitats","tag-curs-2023-24","tag-ed-infantil","tag-salut"],"jetpack_sharing_enabled":true,"_links":{"self":[{"href":"https:\/\/escolagrancapita.wpcomstaging.com\/index.php?rest_route=\/wp\/v2\/pages\/21208","targetHints":{"allow":["GET"]}}],"collection":[{"href":"https:\/\/escolagrancapita.wpcomstaging.com\/index.php?rest_route=\/wp\/v2\/pages"}],"about":[{"href":"https:\/\/escolagrancapita.wpcomstaging.com\/index.php?rest_route=\/wp\/v2\/types\/page"}],"author":[{"embeddable":true,"href":"https:\/\/escolagrancapita.wpcomstaging.com\/index.php?rest_route=\/wp\/v2\/users\/1"}],"replies":[{"embeddable":true,"href":"https:\/\/escolagrancapita.wpcomstaging.com\/index.php?rest_route=%2Fwp%2Fv2%2Fcomments&post=21208"}],"version-history":[{"count":2,"href":"https:\/\/escolagrancapita.wpcomstaging.com\/index.php?rest_route=\/wp\/v2\/pages\/21208\/revisions"}],"predecessor-version":[{"id":21210,"href":"https:\/\/escolagrancapita.wpcomstaging.com\/index.php?rest_route=\/wp\/v2\/pages\/21208\/revisions\/21210"}],"wp:attachment":[{"href":"https:\/\/escolagrancapita.wpcomstaging.com\/index.php?rest_route=%2Fwp%2Fv2%2Fmedia&parent=21208"}],"wp:term":[{"taxonomy":"category","embeddable":true,"href":"https:\/\/escolagrancapita.wpcomstaging.com\/index.php?rest_route=%2Fwp%2Fv2%2Fcategories&post=21208"},{"taxonomy":"post_tag","embeddable":true,"href":"https:\/\/escolagrancapita.wpcomstaging.com\/index.php?rest_route=%2Fwp%2Fv2%2Ftags&post=21208"}],"curies":[{"name":"wp","href":"https:\/\/api.w.org\/{rel}","templated":true}]}}

<p style="text-align: justify;">Aquest primer trimestre, Educació Infantil ha experimentat un desenvolupament psicomotor integral que abraça els àmbits motor, cognitiu, social i afectiu.</p>
<p style="text-align: justify;">La pràctica psicomotriu ha reportat diversos beneficis significatius als nostres petits:</p>
<ul style="text-align: justify;">
<li>Han integrat-se socialment amb els seus companys i companyes, fomentant relacions positives.</li>
<li>Han adquirit una major seguretat emocional, coneixent els seus propis límits i capacitats.</li>
<li>Han reforçat el control postural, l&#8217;equilibri, la lateralitat i la coordinació.</li>
<li>Han canalitzat i gestionat la seva impulsivitat, un factor determinant per al seu equilibri afectiu.</li>
<li>Han desenvolupat el domini i la consciència del seu propi cos.</li>
</ul>
<p style="text-align: justify;">Aquest enfocament ha permès als infants jugar i divertir-se mentre exploren les seves pròpies capacitats motrius.</p>
<p style="text-align: center;"><iframe loading="lazy" title="Jugant amb el cos" src="https://www.youtube.com/embed/eXZ8i5VPsJk" width="464" height="825" frameborder="0" allowfullscreen="allowfullscreen"></iframe></p>
<p style="text-align: justify;">A més, ha facilitat la interacció amb els altres i la comprensió i acceptació de normes de convivència, contribuint a un creixement integral i equilibrat.</p>

<p>Aquest primer trimestre, Educació Infantil ha experimentat un desenvolupament psicomotor integral que abraça els àmbits motor, cognitiu, social i afectiu. La pràctica psicomotriu ha reportat diversos beneficis significatius als nostres petits: Han integrat-se socialment amb els seus companys i companyes,</p>
