{"id":22616,"date":"2024-04-08T17:55:55","date_gmt":"2024-04-08T17:55:55","guid":{"rendered":"https:\/\/escolagrancapita.wpcomstaging.com\/?page_id=22616"},"modified":"2024-05-05T11:05:49","modified_gmt":"2024-05-05T11:05:49","slug":"a-cicle-superior-shan-convertit-en-periodistes","status":"publish","type":"page","link":"https:\/\/escolagrancapita.wpcomstaging.com\/?page_id=22616","title":{"rendered":"ABS: Som Periodistes!"},"content":{"rendered":"<p style=\"text-align: justify;\">5\u00e8 i 6\u00e8 de Prim\u00e0ria han demostrat el seu talent period\u00edstic amb el projecte d&#8217;Aprenentatge Basat en Situacions (ABS) titulat &#8220;<strong>Som Periodistes!<\/strong>&#8220;.<\/p>\n<p style=\"text-align: justify;\">Durant aquests darrers mesos, han posat en pr\u00e0ctica les seves habilitats comunicatives, d&#8217;investigaci\u00f3 i de redacci\u00f3 per produir una s\u00e8rie d&#8217;entrevistes i P\u00f2dcasts sobre diversos esdeveniments destacats a l&#8217;escola.<\/p>\n<p style=\"text-align: justify;\">Des de la cobertura d&#8217;activitats esportives, iniciatives sostenibles i solid\u00e0ries, fins a entrevistes a membres del personal docent, els estudiants van aprofundir en la diversitat d&#8217;experi\u00e8ncies i hist\u00f2ries que defineixen el dia a dia de la nostra escola.<\/p>\n<p style=\"text-align: justify;\">El producte final d&#8217;aquest projecte va ser una col\u00b7lecci\u00f3 de materials period\u00edstics que reflecteixen el treball diligent i la dedicaci\u00f3 dels alumnes. Cinqu\u00e8 de prim\u00e0ria ho va reflectir a partir de P\u00f2dcasts i sis\u00e8 ho va fer en format v\u00eddeo.<\/p>\n<p style=\"text-align: justify;\"><strong>A continuaci\u00f3 podeu veure les produccions finals!<\/strong><\/p>\n<p style=\"text-align: center;\"><iframe loading=\"lazy\" title=\"A Cicle Superior s'han convertit en periodistes | Museu d\u2019historia de Catalunya\" src=\"https:\/\/www.youtube.com\/embed\/QCUropkqb4g\" width=\"893\" height=\"502\" frameborder=\"0\" allowfullscreen=\"allowfullscreen\"><\/iframe><\/p>\n<p><iframe loading=\"lazy\" title=\"A Cicle Superior s'han convertit en periodistes | Amb La Marat\u00f3 de 3Cat Podcast\" src=\"https:\/\/www.youtube.com\/embed\/I4fIywhjNd8\" width=\"893\" height=\"502\" frameborder=\"0\" allowfullscreen=\"allowfullscreen\"><\/iframe><br \/>\n<iframe loading=\"lazy\" title=\"A Cicle Superior s'han convertit en periodistes | Entrevista a I5\" src=\"https:\/\/www.youtube.com\/embed\/2t8ZG00Kcb4\" width=\"893\" height=\"504\" frameborder=\"0\" allowfullscreen=\"allowfullscreen\"><\/iframe><br \/>\n<iframe loading=\"lazy\" title=\"A Cicle Superior s'han convertit en periodistes | Entrevista a una mestra\" src=\"https:\/\/www.youtube.com\/embed\/pLPbg4gEfXk\" width=\"893\" height=\"502\" frameborder=\"0\" allowfullscreen=\"allowfullscreen\"><\/iframe><br \/>\n<iframe loading=\"lazy\" title=\"A Cicle Superior s'han convertit en periodistes | Entrevista Cristian S\u00e1nchez\" src=\"https:\/\/www.youtube.com\/embed\/71tIHXBv80I\" width=\"893\" height=\"502\" frameborder=\"0\" allowfullscreen=\"allowfullscreen\"><\/iframe><br \/>\n<iframe loading=\"lazy\" title=\"A Cicle Superior s'han convertit en periodistes | Sport GC Podcast\" src=\"https:\/\/www.youtube.com\/embed\/5pDaD3qjxpg\" width=\"893\" height=\"502\" frameborder=\"0\" allowfullscreen=\"allowfullscreen\"><\/iframe><br \/>\n<iframe loading=\"lazy\" title=\"A Cicle Superior s'han convertit en periodistes | Entrevista a 1r d'ESO\" src=\"https:\/\/www.youtube.com\/embed\/rqpxgNTyPjE\" width=\"893\" height=\"502\" frameborder=\"0\" allowfullscreen=\"allowfullscreen\"><\/iframe><\/p>\n","protected":false},"excerpt":{"rendered":"<p>5\u00e8 i 6\u00e8 de Prim\u00e0ria han demostrat el seu talent period\u00edstic amb el projecte d&#8217;Aprenentatge Basat en Situacions (ABS) titulat &#8220;Som Periodistes!&#8220;. Durant aquests darrers mesos, han posat en pr\u00e0ctica les seves habilitats comunicatives, d&#8217;investigaci\u00f3 i de redacci\u00f3 per produir<\/p>\n","protected":false},"author":1,"featured_media":0,"parent":0,"menu_order":0,"comment_status":"closed","ping_status":"closed","template":"","meta":{"_crdt_document":"","footnotes":""},"categories":[75],"tags":[139,86],"class_list":["post-22616","page","type-page","status-publish","hentry","category-activitats","tag-curs-2023-24","tag-ed-primaria"],"jetpack_sharing_enabled":true,"_links":{"self":[{"href":"https:\/\/escolagrancapita.wpcomstaging.com\/index.php?rest_route=\/wp\/v2\/pages\/22616","targetHints":{"allow":["GET"]}}],"collection":[{"href":"https:\/\/escolagrancapita.wpcomstaging.com\/index.php?rest_route=\/wp\/v2\/pages"}],"about":[{"href":"https:\/\/escolagrancapita.wpcomstaging.com\/index.php?rest_route=\/wp\/v2\/types\/page"}],"author":[{"embeddable":true,"href":"https:\/\/escolagrancapita.wpcomstaging.com\/index.php?rest_route=\/wp\/v2\/users\/1"}],"replies":[{"embeddable":true,"href":"https:\/\/escolagrancapita.wpcomstaging.com\/index.php?rest_route=%2Fwp%2Fv2%2Fcomments&post=22616"}],"version-history":[{"count":8,"href":"https:\/\/escolagrancapita.wpcomstaging.com\/index.php?rest_route=\/wp\/v2\/pages\/22616\/revisions"}],"predecessor-version":[{"id":22884,"href":"https:\/\/escolagrancapita.wpcomstaging.com\/index.php?rest_route=\/wp\/v2\/pages\/22616\/revisions\/22884"}],"wp:attachment":[{"href":"https:\/\/escolagrancapita.wpcomstaging.com\/index.php?rest_route=%2Fwp%2Fv2%2Fmedia&parent=22616"}],"wp:term":[{"taxonomy":"category","embeddable":true,"href":"https:\/\/escolagrancapita.wpcomstaging.com\/index.php?rest_route=%2Fwp%2Fv2%2Fcategories&post=22616"},{"taxonomy":"post_tag","embeddable":true,"href":"https:\/\/escolagrancapita.wpcomstaging.com\/index.php?rest_route=%2Fwp%2Fv2%2Ftags&post=22616"}],"curies":[{"name":"wp","href":"https:\/\/api.w.org\/{rel}","templated":true}]}}