{"id":24080,"date":"2025-01-01T19:43:06","date_gmt":"2025-01-01T19:43:06","guid":{"rendered":"https:\/\/escolagrancapita.wpcomstaging.com\/?page_id=24080"},"modified":"2025-01-01T19:46:15","modified_gmt":"2025-01-01T19:46:15","slug":"que-sabem-de-les-cellules","status":"publish","type":"page","link":"https:\/\/escolagrancapita.wpcomstaging.com\/?page_id=24080","title":{"rendered":"Qu\u00e8 sabem de les c\u00e8l\u00b7lules?"},"content":{"rendered":"<p style=\"text-align: justify;\">Al llarg del primer trimestre, 4t d\u2019ESO ha estat immers en un apassionant projecte cient\u00edfic centrat en el fascinant m\u00f3n de les c\u00e8l\u00b7lules. Aquest, els ha perm\u00e8s explorar els diversos tipus de c\u00e8l\u00b7lules existents, aix\u00ed com els seus components i funcions essencials per a la vida.<\/p>\n<p style=\"text-align: justify;\">Han estudiat les <a href=\"https:\/\/ca.wikipedia.org\/wiki\/Procariotes\" target=\"_blank\" rel=\"noopener\">c\u00e8l\u00b7lules procariotes<\/a>, les m\u00e9s simples i sense nucli definit, com els bacteris, i les <a href=\"https:\/\/ca.wikipedia.org\/wiki\/Eucariotes\" target=\"_blank\" rel=\"noopener\">c\u00e8l\u00b7lules eucariotes<\/a>, m\u00e9s complexes i que inclouen tant les c\u00e8l\u00b7lules animals com les vegetals. Han descobert com cada tipus de c\u00e8l\u00b7lula t\u00e9 una estructura \u00fanica que li permet realitzar funcions espec\u00edfiques, com la producci\u00f3 d&#8217;energia, la s\u00edntesi de prote\u00efnes i la reproducci\u00f3. A m\u00e9s, han aprofundit en els diferents org\u00e0nuls cel\u00b7lulars, com el nucli, les mitoc\u00f2ndries, el reticle endoplasm\u00e0tic i els cloroplasts, i han apr\u00e8s sobre el seu paper fonamental en el funcionament de la c\u00e8l\u00b7lula.<\/p>\n<p style=\"text-align: justify;\">Com a culminaci\u00f3 d\u2019aquest treball, han creat una maqueta detallada que representa cada un dels org\u00e0nuls cel\u00b7lulars. Aquesta manualitat ha fomentat la seva creativitat i ha estat una excel\u00b7lent manera de visualitzar i entendre la complexitat de les c\u00e8l\u00b7lules.<\/p>\n<div id='gallery-1' class='gallery galleryid-24080 gallery-columns-3 gallery-size-full'><figure class='gallery-item'>\n\t\t\t<div class='gallery-icon landscape'>\n\t\t\t\t<img loading=\"lazy\" decoding=\"async\" width=\"1600\" height=\"1200\" src=\"https:\/\/i0.wp.com\/escolagrancapita.wpcomstaging.com\/wp-content\/uploads\/2025\/01\/WhatsApp-Image-2024-12-12-at-20.10.18-1-SUSANA-GARCIA-FERRERAS-e1735760254334.jpeg?fit=1600%2C1200&amp;ssl=1\" class=\"attachment-full size-full\" alt=\"\" srcset=\"https:\/\/i0.wp.com\/escolagrancapita.wpcomstaging.com\/wp-content\/uploads\/2025\/01\/WhatsApp-Image-2024-12-12-at-20.10.18-1-SUSANA-GARCIA-FERRERAS-e1735760254334.jpeg?w=1600&amp;ssl=1 1600w, https:\/\/i0.wp.com\/escolagrancapita.wpcomstaging.com\/wp-content\/uploads\/2025\/01\/WhatsApp-Image-2024-12-12-at-20.10.18-1-SUSANA-GARCIA-FERRERAS-e1735760254334.jpeg?resize=300%2C225&amp;ssl=1 300w, https:\/\/i0.wp.com\/escolagrancapita.wpcomstaging.com\/wp-content\/uploads\/2025\/01\/WhatsApp-Image-2024-12-12-at-20.10.18-1-SUSANA-GARCIA-FERRERAS-e1735760254334.jpeg?resize=1024%2C768&amp;ssl=1 1024w, https:\/\/i0.wp.com\/escolagrancapita.wpcomstaging.com\/wp-content\/uploads\/2025\/01\/WhatsApp-Image-2024-12-12-at-20.10.18-1-SUSANA-GARCIA-FERRERAS-e1735760254334.jpeg?resize=768%2C576&amp;ssl=1 768w, https:\/\/i0.wp.com\/escolagrancapita.wpcomstaging.com\/wp-content\/uploads\/2025\/01\/WhatsApp-Image-2024-12-12-at-20.10.18-1-SUSANA-GARCIA-FERRERAS-e1735760254334.jpeg?resize=1536%2C1152&amp;ssl=1 1536w\" sizes=\"auto, (max-width: 750px) 100vw, 750px\" \/>\n\t\t\t<\/div><\/figure><figure class='gallery-item'>\n\t\t\t<div class='gallery-icon landscape'>\n\t\t\t\t<img loading=\"lazy\" decoding=\"async\" width=\"1600\" height=\"1200\" src=\"https:\/\/i0.wp.com\/escolagrancapita.wpcomstaging.com\/wp-content\/uploads\/2025\/01\/WhatsApp-Image-2024-12-12-at-20.10.18-3-SUSANA-GARCIA-FERRERAS.jpeg?fit=1600%2C1200&amp;ssl=1\" class=\"attachment-full size-full\" alt=\"\" srcset=\"https:\/\/i0.wp.com\/escolagrancapita.wpcomstaging.com\/wp-content\/uploads\/2025\/01\/WhatsApp-Image-2024-12-12-at-20.10.18-3-SUSANA-GARCIA-FERRERAS.jpeg?w=1600&amp;ssl=1 1600w, https:\/\/i0.wp.com\/escolagrancapita.wpcomstaging.com\/wp-content\/uploads\/2025\/01\/WhatsApp-Image-2024-12-12-at-20.10.18-3-SUSANA-GARCIA-FERRERAS.jpeg?resize=300%2C225&amp;ssl=1 300w, https:\/\/i0.wp.com\/escolagrancapita.wpcomstaging.com\/wp-content\/uploads\/2025\/01\/WhatsApp-Image-2024-12-12-at-20.10.18-3-SUSANA-GARCIA-FERRERAS.jpeg?resize=1024%2C768&amp;ssl=1 1024w, https:\/\/i0.wp.com\/escolagrancapita.wpcomstaging.com\/wp-content\/uploads\/2025\/01\/WhatsApp-Image-2024-12-12-at-20.10.18-3-SUSANA-GARCIA-FERRERAS.jpeg?resize=768%2C576&amp;ssl=1 768w, https:\/\/i0.wp.com\/escolagrancapita.wpcomstaging.com\/wp-content\/uploads\/2025\/01\/WhatsApp-Image-2024-12-12-at-20.10.18-3-SUSANA-GARCIA-FERRERAS.jpeg?resize=1536%2C1152&amp;ssl=1 1536w\" sizes=\"auto, (max-width: 750px) 100vw, 750px\" \/>\n\t\t\t<\/div><\/figure><figure class='gallery-item'>\n\t\t\t<div class='gallery-icon landscape'>\n\t\t\t\t<img loading=\"lazy\" decoding=\"async\" width=\"1600\" height=\"1200\" src=\"https:\/\/i0.wp.com\/escolagrancapita.wpcomstaging.com\/wp-content\/uploads\/2025\/01\/WhatsApp-Image-2024-12-12-at-20.10.18-7-SUSANA-GARCIA-FERRERAS.jpeg?fit=1600%2C1200&amp;ssl=1\" class=\"attachment-full size-full\" alt=\"\" srcset=\"https:\/\/i0.wp.com\/escolagrancapita.wpcomstaging.com\/wp-content\/uploads\/2025\/01\/WhatsApp-Image-2024-12-12-at-20.10.18-7-SUSANA-GARCIA-FERRERAS.jpeg?w=1600&amp;ssl=1 1600w, https:\/\/i0.wp.com\/escolagrancapita.wpcomstaging.com\/wp-content\/uploads\/2025\/01\/WhatsApp-Image-2024-12-12-at-20.10.18-7-SUSANA-GARCIA-FERRERAS.jpeg?resize=300%2C225&amp;ssl=1 300w, https:\/\/i0.wp.com\/escolagrancapita.wpcomstaging.com\/wp-content\/uploads\/2025\/01\/WhatsApp-Image-2024-12-12-at-20.10.18-7-SUSANA-GARCIA-FERRERAS.jpeg?resize=1024%2C768&amp;ssl=1 1024w, https:\/\/i0.wp.com\/escolagrancapita.wpcomstaging.com\/wp-content\/uploads\/2025\/01\/WhatsApp-Image-2024-12-12-at-20.10.18-7-SUSANA-GARCIA-FERRERAS.jpeg?resize=768%2C576&amp;ssl=1 768w, https:\/\/i0.wp.com\/escolagrancapita.wpcomstaging.com\/wp-content\/uploads\/2025\/01\/WhatsApp-Image-2024-12-12-at-20.10.18-7-SUSANA-GARCIA-FERRERAS.jpeg?resize=1536%2C1152&amp;ssl=1 1536w\" sizes=\"auto, (max-width: 750px) 100vw, 750px\" \/>\n\t\t\t<\/div><\/figure><figure class='gallery-item'>\n\t\t\t<div class='gallery-icon landscape'>\n\t\t\t\t<img loading=\"lazy\" decoding=\"async\" width=\"1600\" height=\"1200\" src=\"https:\/\/i0.wp.com\/escolagrancapita.wpcomstaging.com\/wp-content\/uploads\/2025\/01\/WhatsApp-Image-2024-12-12-at-20.10.18-8-SUSANA-GARCIA-FERRERAS.jpeg?fit=1600%2C1200&amp;ssl=1\" class=\"attachment-full size-full\" alt=\"\" srcset=\"https:\/\/i0.wp.com\/escolagrancapita.wpcomstaging.com\/wp-content\/uploads\/2025\/01\/WhatsApp-Image-2024-12-12-at-20.10.18-8-SUSANA-GARCIA-FERRERAS.jpeg?w=1600&amp;ssl=1 1600w, https:\/\/i0.wp.com\/escolagrancapita.wpcomstaging.com\/wp-content\/uploads\/2025\/01\/WhatsApp-Image-2024-12-12-at-20.10.18-8-SUSANA-GARCIA-FERRERAS.jpeg?resize=300%2C225&amp;ssl=1 300w, https:\/\/i0.wp.com\/escolagrancapita.wpcomstaging.com\/wp-content\/uploads\/2025\/01\/WhatsApp-Image-2024-12-12-at-20.10.18-8-SUSANA-GARCIA-FERRERAS.jpeg?resize=1024%2C768&amp;ssl=1 1024w, https:\/\/i0.wp.com\/escolagrancapita.wpcomstaging.com\/wp-content\/uploads\/2025\/01\/WhatsApp-Image-2024-12-12-at-20.10.18-8-SUSANA-GARCIA-FERRERAS.jpeg?resize=768%2C576&amp;ssl=1 768w, https:\/\/i0.wp.com\/escolagrancapita.wpcomstaging.com\/wp-content\/uploads\/2025\/01\/WhatsApp-Image-2024-12-12-at-20.10.18-8-SUSANA-GARCIA-FERRERAS.jpeg?resize=1536%2C1152&amp;ssl=1 1536w\" sizes=\"auto, (max-width: 750px) 100vw, 750px\" \/>\n\t\t\t<\/div><\/figure><figure class='gallery-item'>\n\t\t\t<div class='gallery-icon landscape'>\n\t\t\t\t<img loading=\"lazy\" decoding=\"async\" width=\"1600\" height=\"1200\" src=\"https:\/\/i0.wp.com\/escolagrancapita.wpcomstaging.com\/wp-content\/uploads\/2025\/01\/WhatsApp-Image-2024-12-12-at-20.10.18-10-SUSANA-GARCIA-FERRERAS-e1735760280821.jpeg?fit=1600%2C1200&amp;ssl=1\" class=\"attachment-full size-full\" alt=\"\" srcset=\"https:\/\/i0.wp.com\/escolagrancapita.wpcomstaging.com\/wp-content\/uploads\/2025\/01\/WhatsApp-Image-2024-12-12-at-20.10.18-10-SUSANA-GARCIA-FERRERAS-e1735760280821.jpeg?w=1600&amp;ssl=1 1600w, https:\/\/i0.wp.com\/escolagrancapita.wpcomstaging.com\/wp-content\/uploads\/2025\/01\/WhatsApp-Image-2024-12-12-at-20.10.18-10-SUSANA-GARCIA-FERRERAS-e1735760280821.jpeg?resize=300%2C225&amp;ssl=1 300w, https:\/\/i0.wp.com\/escolagrancapita.wpcomstaging.com\/wp-content\/uploads\/2025\/01\/WhatsApp-Image-2024-12-12-at-20.10.18-10-SUSANA-GARCIA-FERRERAS-e1735760280821.jpeg?resize=1024%2C768&amp;ssl=1 1024w, https:\/\/i0.wp.com\/escolagrancapita.wpcomstaging.com\/wp-content\/uploads\/2025\/01\/WhatsApp-Image-2024-12-12-at-20.10.18-10-SUSANA-GARCIA-FERRERAS-e1735760280821.jpeg?resize=768%2C576&amp;ssl=1 768w, https:\/\/i0.wp.com\/escolagrancapita.wpcomstaging.com\/wp-content\/uploads\/2025\/01\/WhatsApp-Image-2024-12-12-at-20.10.18-10-SUSANA-GARCIA-FERRERAS-e1735760280821.jpeg?resize=1536%2C1152&amp;ssl=1 1536w\" sizes=\"auto, (max-width: 750px) 100vw, 750px\" \/>\n\t\t\t<\/div><\/figure><figure class='gallery-item'>\n\t\t\t<div class='gallery-icon landscape'>\n\t\t\t\t<img loading=\"lazy\" decoding=\"async\" width=\"1600\" height=\"1200\" src=\"https:\/\/i0.wp.com\/escolagrancapita.wpcomstaging.com\/wp-content\/uploads\/2025\/01\/WhatsApp-Image-2024-12-12-at-20.10.19-SUSANA-GARCIA-FERRERAS-e1735760270689.jpeg?fit=1600%2C1200&amp;ssl=1\" class=\"attachment-full size-full\" alt=\"\" srcset=\"https:\/\/i0.wp.com\/escolagrancapita.wpcomstaging.com\/wp-content\/uploads\/2025\/01\/WhatsApp-Image-2024-12-12-at-20.10.19-SUSANA-GARCIA-FERRERAS-e1735760270689.jpeg?w=1600&amp;ssl=1 1600w, https:\/\/i0.wp.com\/escolagrancapita.wpcomstaging.com\/wp-content\/uploads\/2025\/01\/WhatsApp-Image-2024-12-12-at-20.10.19-SUSANA-GARCIA-FERRERAS-e1735760270689.jpeg?resize=300%2C225&amp;ssl=1 300w, https:\/\/i0.wp.com\/escolagrancapita.wpcomstaging.com\/wp-content\/uploads\/2025\/01\/WhatsApp-Image-2024-12-12-at-20.10.19-SUSANA-GARCIA-FERRERAS-e1735760270689.jpeg?resize=1024%2C768&amp;ssl=1 1024w, https:\/\/i0.wp.com\/escolagrancapita.wpcomstaging.com\/wp-content\/uploads\/2025\/01\/WhatsApp-Image-2024-12-12-at-20.10.19-SUSANA-GARCIA-FERRERAS-e1735760270689.jpeg?resize=768%2C576&amp;ssl=1 768w, https:\/\/i0.wp.com\/escolagrancapita.wpcomstaging.com\/wp-content\/uploads\/2025\/01\/WhatsApp-Image-2024-12-12-at-20.10.19-SUSANA-GARCIA-FERRERAS-e1735760270689.jpeg?resize=1536%2C1152&amp;ssl=1 1536w\" sizes=\"auto, (max-width: 750px) 100vw, 750px\" \/>\n\t\t\t<\/div><\/figure>\n\t\t<\/div>\n\n<p style=\"text-align: justify;\">Per refor\u00e7ar els coneixements adquirits, s\u2019han organitzat sessi\u00f3 d\u2019intercanvi entre 1r i 4t d\u2019ESO. Han utilitzat diverses din\u00e0miques, com ara jocs manipulables i interactius, per ajudar els m\u00e9s joves a aprendre els org\u00e0nuls cel\u00b7lulars i les seves funcions de manera divertida i interactiva. Aquesta iniciativa ha fomentat la col\u00b7laboraci\u00f3 entre els diferents cursos i ha creat un ambient d\u2019aprenentatge enriquidor.<\/p>\n<div id='gallery-2' class='gallery galleryid-24080 gallery-columns-2 gallery-size-full'><figure class='gallery-item'>\n\t\t\t<div class='gallery-icon landscape'>\n\t\t\t\t<img loading=\"lazy\" decoding=\"async\" width=\"1600\" height=\"1200\" src=\"https:\/\/i0.wp.com\/escolagrancapita.wpcomstaging.com\/wp-content\/uploads\/2025\/01\/WhatsApp-Image-2024-12-12-at-20.10.18-11-SUSANA-GARCIA-FERRERAS.jpeg?fit=1600%2C1200&amp;ssl=1\" class=\"attachment-full size-full\" alt=\"\" srcset=\"https:\/\/i0.wp.com\/escolagrancapita.wpcomstaging.com\/wp-content\/uploads\/2025\/01\/WhatsApp-Image-2024-12-12-at-20.10.18-11-SUSANA-GARCIA-FERRERAS.jpeg?w=1600&amp;ssl=1 1600w, https:\/\/i0.wp.com\/escolagrancapita.wpcomstaging.com\/wp-content\/uploads\/2025\/01\/WhatsApp-Image-2024-12-12-at-20.10.18-11-SUSANA-GARCIA-FERRERAS.jpeg?resize=300%2C225&amp;ssl=1 300w, https:\/\/i0.wp.com\/escolagrancapita.wpcomstaging.com\/wp-content\/uploads\/2025\/01\/WhatsApp-Image-2024-12-12-at-20.10.18-11-SUSANA-GARCIA-FERRERAS.jpeg?resize=1024%2C768&amp;ssl=1 1024w, https:\/\/i0.wp.com\/escolagrancapita.wpcomstaging.com\/wp-content\/uploads\/2025\/01\/WhatsApp-Image-2024-12-12-at-20.10.18-11-SUSANA-GARCIA-FERRERAS.jpeg?resize=768%2C576&amp;ssl=1 768w, https:\/\/i0.wp.com\/escolagrancapita.wpcomstaging.com\/wp-content\/uploads\/2025\/01\/WhatsApp-Image-2024-12-12-at-20.10.18-11-SUSANA-GARCIA-FERRERAS.jpeg?resize=1536%2C1152&amp;ssl=1 1536w\" sizes=\"auto, (max-width: 750px) 100vw, 750px\" \/>\n\t\t\t<\/div><\/figure><figure class='gallery-item'>\n\t\t\t<div class='gallery-icon landscape'>\n\t\t\t\t<img loading=\"lazy\" decoding=\"async\" width=\"1600\" height=\"1200\" src=\"https:\/\/i0.wp.com\/escolagrancapita.wpcomstaging.com\/wp-content\/uploads\/2025\/01\/WhatsApp-Image-2024-12-12-at-20.10.18-9-SUSANA-GARCIA-FERRERAS.jpeg?fit=1600%2C1200&amp;ssl=1\" class=\"attachment-full size-full\" alt=\"\" srcset=\"https:\/\/i0.wp.com\/escolagrancapita.wpcomstaging.com\/wp-content\/uploads\/2025\/01\/WhatsApp-Image-2024-12-12-at-20.10.18-9-SUSANA-GARCIA-FERRERAS.jpeg?w=1600&amp;ssl=1 1600w, https:\/\/i0.wp.com\/escolagrancapita.wpcomstaging.com\/wp-content\/uploads\/2025\/01\/WhatsApp-Image-2024-12-12-at-20.10.18-9-SUSANA-GARCIA-FERRERAS.jpeg?resize=300%2C225&amp;ssl=1 300w, https:\/\/i0.wp.com\/escolagrancapita.wpcomstaging.com\/wp-content\/uploads\/2025\/01\/WhatsApp-Image-2024-12-12-at-20.10.18-9-SUSANA-GARCIA-FERRERAS.jpeg?resize=1024%2C768&amp;ssl=1 1024w, https:\/\/i0.wp.com\/escolagrancapita.wpcomstaging.com\/wp-content\/uploads\/2025\/01\/WhatsApp-Image-2024-12-12-at-20.10.18-9-SUSANA-GARCIA-FERRERAS.jpeg?resize=768%2C576&amp;ssl=1 768w, https:\/\/i0.wp.com\/escolagrancapita.wpcomstaging.com\/wp-content\/uploads\/2025\/01\/WhatsApp-Image-2024-12-12-at-20.10.18-9-SUSANA-GARCIA-FERRERAS.jpeg?resize=1536%2C1152&amp;ssl=1 1536w\" sizes=\"auto, (max-width: 750px) 100vw, 750px\" \/>\n\t\t\t<\/div><\/figure><figure class='gallery-item'>\n\t\t\t<div class='gallery-icon landscape'>\n\t\t\t\t<img loading=\"lazy\" decoding=\"async\" width=\"1600\" height=\"1200\" src=\"https:\/\/i0.wp.com\/escolagrancapita.wpcomstaging.com\/wp-content\/uploads\/2025\/01\/WhatsApp-Image-2024-12-12-at-20.10.18-SUSANA-GARCIA-FERRERAS.jpeg?fit=1600%2C1200&amp;ssl=1\" class=\"attachment-full size-full\" alt=\"\" srcset=\"https:\/\/i0.wp.com\/escolagrancapita.wpcomstaging.com\/wp-content\/uploads\/2025\/01\/WhatsApp-Image-2024-12-12-at-20.10.18-SUSANA-GARCIA-FERRERAS.jpeg?w=1600&amp;ssl=1 1600w, https:\/\/i0.wp.com\/escolagrancapita.wpcomstaging.com\/wp-content\/uploads\/2025\/01\/WhatsApp-Image-2024-12-12-at-20.10.18-SUSANA-GARCIA-FERRERAS.jpeg?resize=300%2C225&amp;ssl=1 300w, https:\/\/i0.wp.com\/escolagrancapita.wpcomstaging.com\/wp-content\/uploads\/2025\/01\/WhatsApp-Image-2024-12-12-at-20.10.18-SUSANA-GARCIA-FERRERAS.jpeg?resize=1024%2C768&amp;ssl=1 1024w, https:\/\/i0.wp.com\/escolagrancapita.wpcomstaging.com\/wp-content\/uploads\/2025\/01\/WhatsApp-Image-2024-12-12-at-20.10.18-SUSANA-GARCIA-FERRERAS.jpeg?resize=768%2C576&amp;ssl=1 768w, https:\/\/i0.wp.com\/escolagrancapita.wpcomstaging.com\/wp-content\/uploads\/2025\/01\/WhatsApp-Image-2024-12-12-at-20.10.18-SUSANA-GARCIA-FERRERAS.jpeg?resize=1536%2C1152&amp;ssl=1 1536w\" sizes=\"auto, (max-width: 750px) 100vw, 750px\" \/>\n\t\t\t<\/div><\/figure><figure class='gallery-item'>\n\t\t\t<div class='gallery-icon landscape'>\n\t\t\t\t<img loading=\"lazy\" decoding=\"async\" width=\"1600\" height=\"1200\" src=\"https:\/\/i0.wp.com\/escolagrancapita.wpcomstaging.com\/wp-content\/uploads\/2025\/01\/WhatsApp-Image-2024-12-12-at-20.10.18-2-SUSANA-GARCIA-FERRERAS.jpeg?fit=1600%2C1200&amp;ssl=1\" class=\"attachment-full size-full\" alt=\"\" srcset=\"https:\/\/i0.wp.com\/escolagrancapita.wpcomstaging.com\/wp-content\/uploads\/2025\/01\/WhatsApp-Image-2024-12-12-at-20.10.18-2-SUSANA-GARCIA-FERRERAS.jpeg?w=1600&amp;ssl=1 1600w, https:\/\/i0.wp.com\/escolagrancapita.wpcomstaging.com\/wp-content\/uploads\/2025\/01\/WhatsApp-Image-2024-12-12-at-20.10.18-2-SUSANA-GARCIA-FERRERAS.jpeg?resize=300%2C225&amp;ssl=1 300w, https:\/\/i0.wp.com\/escolagrancapita.wpcomstaging.com\/wp-content\/uploads\/2025\/01\/WhatsApp-Image-2024-12-12-at-20.10.18-2-SUSANA-GARCIA-FERRERAS.jpeg?resize=1024%2C768&amp;ssl=1 1024w, https:\/\/i0.wp.com\/escolagrancapita.wpcomstaging.com\/wp-content\/uploads\/2025\/01\/WhatsApp-Image-2024-12-12-at-20.10.18-2-SUSANA-GARCIA-FERRERAS.jpeg?resize=768%2C576&amp;ssl=1 768w, https:\/\/i0.wp.com\/escolagrancapita.wpcomstaging.com\/wp-content\/uploads\/2025\/01\/WhatsApp-Image-2024-12-12-at-20.10.18-2-SUSANA-GARCIA-FERRERAS.jpeg?resize=1536%2C1152&amp;ssl=1 1536w\" sizes=\"auto, (max-width: 750px) 100vw, 750px\" \/>\n\t\t\t<\/div><\/figure><figure class='gallery-item'>\n\t\t\t<div class='gallery-icon landscape'>\n\t\t\t\t<img loading=\"lazy\" decoding=\"async\" width=\"1600\" height=\"1200\" src=\"https:\/\/i0.wp.com\/escolagrancapita.wpcomstaging.com\/wp-content\/uploads\/2025\/01\/WhatsApp-Image-2024-12-12-at-20.10.18-4-SUSANA-GARCIA-FERRERAS.jpeg?fit=1600%2C1200&amp;ssl=1\" class=\"attachment-full size-full\" alt=\"\" srcset=\"https:\/\/i0.wp.com\/escolagrancapita.wpcomstaging.com\/wp-content\/uploads\/2025\/01\/WhatsApp-Image-2024-12-12-at-20.10.18-4-SUSANA-GARCIA-FERRERAS.jpeg?w=1600&amp;ssl=1 1600w, https:\/\/i0.wp.com\/escolagrancapita.wpcomstaging.com\/wp-content\/uploads\/2025\/01\/WhatsApp-Image-2024-12-12-at-20.10.18-4-SUSANA-GARCIA-FERRERAS.jpeg?resize=300%2C225&amp;ssl=1 300w, https:\/\/i0.wp.com\/escolagrancapita.wpcomstaging.com\/wp-content\/uploads\/2025\/01\/WhatsApp-Image-2024-12-12-at-20.10.18-4-SUSANA-GARCIA-FERRERAS.jpeg?resize=1024%2C768&amp;ssl=1 1024w, https:\/\/i0.wp.com\/escolagrancapita.wpcomstaging.com\/wp-content\/uploads\/2025\/01\/WhatsApp-Image-2024-12-12-at-20.10.18-4-SUSANA-GARCIA-FERRERAS.jpeg?resize=768%2C576&amp;ssl=1 768w, https:\/\/i0.wp.com\/escolagrancapita.wpcomstaging.com\/wp-content\/uploads\/2025\/01\/WhatsApp-Image-2024-12-12-at-20.10.18-4-SUSANA-GARCIA-FERRERAS.jpeg?resize=1536%2C1152&amp;ssl=1 1536w\" sizes=\"auto, (max-width: 750px) 100vw, 750px\" \/>\n\t\t\t<\/div><\/figure><figure class='gallery-item'>\n\t\t\t<div class='gallery-icon landscape'>\n\t\t\t\t<img loading=\"lazy\" decoding=\"async\" width=\"1600\" height=\"1200\" src=\"https:\/\/i0.wp.com\/escolagrancapita.wpcomstaging.com\/wp-content\/uploads\/2025\/01\/WhatsApp-Image-2024-12-12-at-20.10.18-5-SUSANA-GARCIA-FERRERAS.jpeg?fit=1600%2C1200&amp;ssl=1\" class=\"attachment-full size-full\" alt=\"\" srcset=\"https:\/\/i0.wp.com\/escolagrancapita.wpcomstaging.com\/wp-content\/uploads\/2025\/01\/WhatsApp-Image-2024-12-12-at-20.10.18-5-SUSANA-GARCIA-FERRERAS.jpeg?w=1600&amp;ssl=1 1600w, https:\/\/i0.wp.com\/escolagrancapita.wpcomstaging.com\/wp-content\/uploads\/2025\/01\/WhatsApp-Image-2024-12-12-at-20.10.18-5-SUSANA-GARCIA-FERRERAS.jpeg?resize=300%2C225&amp;ssl=1 300w, https:\/\/i0.wp.com\/escolagrancapita.wpcomstaging.com\/wp-content\/uploads\/2025\/01\/WhatsApp-Image-2024-12-12-at-20.10.18-5-SUSANA-GARCIA-FERRERAS.jpeg?resize=1024%2C768&amp;ssl=1 1024w, https:\/\/i0.wp.com\/escolagrancapita.wpcomstaging.com\/wp-content\/uploads\/2025\/01\/WhatsApp-Image-2024-12-12-at-20.10.18-5-SUSANA-GARCIA-FERRERAS.jpeg?resize=768%2C576&amp;ssl=1 768w, https:\/\/i0.wp.com\/escolagrancapita.wpcomstaging.com\/wp-content\/uploads\/2025\/01\/WhatsApp-Image-2024-12-12-at-20.10.18-5-SUSANA-GARCIA-FERRERAS.jpeg?resize=1536%2C1152&amp;ssl=1 1536w\" sizes=\"auto, (max-width: 750px) 100vw, 750px\" \/>\n\t\t\t<\/div><\/figure>\n\t\t<\/div>\n\n<p style=\"text-align: justify;\"><strong>Felicitats per la gran feina!<\/strong> La vostra dedicaci\u00f3 i esfor\u00e7 s\u00f3n un exemple per a tots nosaltres! Continuem explorant el meravell\u00f3s m\u00f3n de la c\u00e8l\u00b7lula.<\/p>\n","protected":false},"excerpt":{"rendered":"<p>Al llarg del primer trimestre, 4t d\u2019ESO ha estat immers en un apassionant projecte cient\u00edfic centrat en el fascinant m\u00f3n de les c\u00e8l\u00b7lules. Aquest, els ha perm\u00e8s explorar els diversos tipus de c\u00e8l\u00b7lules existents, aix\u00ed com els seus components i<\/p>\n","protected":false},"author":1,"featured_media":0,"parent":0,"menu_order":0,"comment_status":"closed","ping_status":"closed","template":"","meta":{"_crdt_document":"","footnotes":""},"categories":[75],"tags":[149,43],"class_list":["post-24080","page","type-page","status-publish","hentry","category-activitats","tag-curs-2024-25","tag-ed-secundaria"],"jetpack_sharing_enabled":true,"_links":{"self":[{"href":"https:\/\/escolagrancapita.wpcomstaging.com\/index.php?rest_route=\/wp\/v2\/pages\/24080","targetHints":{"allow":["GET"]}}],"collection":[{"href":"https:\/\/escolagrancapita.wpcomstaging.com\/index.php?rest_route=\/wp\/v2\/pages"}],"about":[{"href":"https:\/\/escolagrancapita.wpcomstaging.com\/index.php?rest_route=\/wp\/v2\/types\/page"}],"author":[{"embeddable":true,"href":"https:\/\/escolagrancapita.wpcomstaging.com\/index.php?rest_route=\/wp\/v2\/users\/1"}],"replies":[{"embeddable":true,"href":"https:\/\/escolagrancapita.wpcomstaging.com\/index.php?rest_route=%2Fwp%2Fv2%2Fcomments&post=24080"}],"version-history":[{"count":5,"href":"https:\/\/escolagrancapita.wpcomstaging.com\/index.php?rest_route=\/wp\/v2\/pages\/24080\/revisions"}],"predecessor-version":[{"id":24098,"href":"https:\/\/escolagrancapita.wpcomstaging.com\/index.php?rest_route=\/wp\/v2\/pages\/24080\/revisions\/24098"}],"wp:attachment":[{"href":"https:\/\/escolagrancapita.wpcomstaging.com\/index.php?rest_route=%2Fwp%2Fv2%2Fmedia&parent=24080"}],"wp:term":[{"taxonomy":"category","embeddable":true,"href":"https:\/\/escolagrancapita.wpcomstaging.com\/index.php?rest_route=%2Fwp%2Fv2%2Fcategories&post=24080"},{"taxonomy":"post_tag","embeddable":true,"href":"https:\/\/escolagrancapita.wpcomstaging.com\/index.php?rest_route=%2Fwp%2Fv2%2Ftags&post=24080"}],"curies":[{"name":"wp","href":"https:\/\/api.w.org\/{rel}","templated":true}]}}