{"id":24626,"date":"2025-01-26T10:01:23","date_gmt":"2025-01-26T10:01:23","guid":{"rendered":"https:\/\/escolagrancapita.wpcomstaging.com\/?page_id=24626"},"modified":"2025-01-26T10:07:37","modified_gmt":"2025-01-26T10:07:37","slug":"dia-mundial-de-labracada","status":"publish","type":"page","link":"https:\/\/escolagrancapita.wpcomstaging.com\/?page_id=24626","title":{"rendered":"Dia Mundial de l&#8217;Abra\u00e7ada"},"content":{"rendered":"<p style=\"text-align: justify;\">El 21 de gener, l&#8217;escola ha celebrat el <strong>Dia Mundial de l&#8217;Abra\u00e7ada<\/strong> amb una s\u00e8rie d&#8217;activitats per conscienciar sobre la import\u00e0ncia d&#8217;aquest gest tan senzill per\u00f2 tan significatiu. En un ambient de tendresa i solidaritat, l&#8217;alumnat ha reflexionat sobre com una abra\u00e7ada pot ser una eina poderosa per transmetre afecte, suport i estima entre les persones.<\/p>\n<div id='gallery-1' class='gallery galleryid-24626 gallery-columns-1 gallery-size-full'><figure class='gallery-item'>\n\t\t\t<div class='gallery-icon portrait'>\n\t\t\t\t<img loading=\"lazy\" decoding=\"async\" width=\"717\" height=\"775\" src=\"https:\/\/i0.wp.com\/escolagrancapita.wpcomstaging.com\/wp-content\/uploads\/2025\/01\/4bd47afb-d3b3-4ed3-98f1-0f130814cdf9-anabel-marti-senso-e1737885741566.jpg?fit=717%2C775&amp;ssl=1\" class=\"attachment-full size-full\" alt=\"\" srcset=\"https:\/\/i0.wp.com\/escolagrancapita.wpcomstaging.com\/wp-content\/uploads\/2025\/01\/4bd47afb-d3b3-4ed3-98f1-0f130814cdf9-anabel-marti-senso-e1737885741566.jpg?w=717&amp;ssl=1 717w, https:\/\/i0.wp.com\/escolagrancapita.wpcomstaging.com\/wp-content\/uploads\/2025\/01\/4bd47afb-d3b3-4ed3-98f1-0f130814cdf9-anabel-marti-senso-e1737885741566.jpg?resize=278%2C300&amp;ssl=1 278w\" sizes=\"auto, (max-width: 717px) 100vw, 717px\" \/>\n\t\t\t<\/div><\/figure>\n\t\t<\/div>\n\n<p style=\"text-align: justify;\">Les activitats han incl\u00f2s din\u00e0miques en grup on s&#8217;han compartit experi\u00e8ncies personals relacionades amb les abra\u00e7ades i s&#8217;ha expressat com aquest gest fa sentir. Tamb\u00e9 s&#8217;ha explicat com una abra\u00e7ada pot ajudar a reduir l&#8217;estr\u00e8s i millorar el benestar emocional.<\/p>\n<div id='gallery-2' class='gallery galleryid-24626 gallery-columns-1 gallery-size-full'><figure class='gallery-item'>\n\t\t\t<div class='gallery-icon portrait'>\n\t\t\t\t<img loading=\"lazy\" decoding=\"async\" width=\"1072\" height=\"1088\" src=\"https:\/\/i0.wp.com\/escolagrancapita.wpcomstaging.com\/wp-content\/uploads\/2025\/01\/5a9a7c58-60c3-4198-bba0-fa9f6117b9eb-anabel-marti-senso-e1737885767452.jpg?fit=1072%2C1088&amp;ssl=1\" class=\"attachment-full size-full\" alt=\"\" srcset=\"https:\/\/i0.wp.com\/escolagrancapita.wpcomstaging.com\/wp-content\/uploads\/2025\/01\/5a9a7c58-60c3-4198-bba0-fa9f6117b9eb-anabel-marti-senso-e1737885767452.jpg?w=1072&amp;ssl=1 1072w, https:\/\/i0.wp.com\/escolagrancapita.wpcomstaging.com\/wp-content\/uploads\/2025\/01\/5a9a7c58-60c3-4198-bba0-fa9f6117b9eb-anabel-marti-senso-e1737885767452.jpg?resize=296%2C300&amp;ssl=1 296w, https:\/\/i0.wp.com\/escolagrancapita.wpcomstaging.com\/wp-content\/uploads\/2025\/01\/5a9a7c58-60c3-4198-bba0-fa9f6117b9eb-anabel-marti-senso-e1737885767452.jpg?resize=1009%2C1024&amp;ssl=1 1009w, https:\/\/i0.wp.com\/escolagrancapita.wpcomstaging.com\/wp-content\/uploads\/2025\/01\/5a9a7c58-60c3-4198-bba0-fa9f6117b9eb-anabel-marti-senso-e1737885767452.jpg?resize=768%2C779&amp;ssl=1 768w\" sizes=\"auto, (max-width: 750px) 100vw, 750px\" \/>\n\t\t\t<\/div><\/figure>\n\t\t<\/div>\n\n<p style=\"text-align: justify;\">A m\u00e9s, s\u2019ha llegit un conte molt especial titulat <em>L&#8217;Abra\u00e7ada<\/em>, que narrava la hist\u00f2ria d\u2019un eri\u00e7\u00f3 i una tortuga, dos amics inseparables que, tot i no poder-se abra\u00e7ar, buscaven formes diferents de mostrar-se afecte.<\/p>\n<div id='gallery-3' class='gallery galleryid-24626 gallery-columns-1 gallery-size-full'><figure class='gallery-item'>\n\t\t\t<div class='gallery-icon landscape'>\n\t\t\t\t<img loading=\"lazy\" decoding=\"async\" width=\"1600\" height=\"1200\" src=\"https:\/\/i0.wp.com\/escolagrancapita.wpcomstaging.com\/wp-content\/uploads\/2025\/01\/a1986c5d-e0d0-48cb-80a6-6282462700a3-anabel-marti-senso.jpg?fit=1600%2C1200&amp;ssl=1\" class=\"attachment-full size-full\" alt=\"\" srcset=\"https:\/\/i0.wp.com\/escolagrancapita.wpcomstaging.com\/wp-content\/uploads\/2025\/01\/a1986c5d-e0d0-48cb-80a6-6282462700a3-anabel-marti-senso.jpg?w=1600&amp;ssl=1 1600w, https:\/\/i0.wp.com\/escolagrancapita.wpcomstaging.com\/wp-content\/uploads\/2025\/01\/a1986c5d-e0d0-48cb-80a6-6282462700a3-anabel-marti-senso.jpg?resize=300%2C225&amp;ssl=1 300w, https:\/\/i0.wp.com\/escolagrancapita.wpcomstaging.com\/wp-content\/uploads\/2025\/01\/a1986c5d-e0d0-48cb-80a6-6282462700a3-anabel-marti-senso.jpg?resize=1024%2C768&amp;ssl=1 1024w, https:\/\/i0.wp.com\/escolagrancapita.wpcomstaging.com\/wp-content\/uploads\/2025\/01\/a1986c5d-e0d0-48cb-80a6-6282462700a3-anabel-marti-senso.jpg?resize=768%2C576&amp;ssl=1 768w, https:\/\/i0.wp.com\/escolagrancapita.wpcomstaging.com\/wp-content\/uploads\/2025\/01\/a1986c5d-e0d0-48cb-80a6-6282462700a3-anabel-marti-senso.jpg?resize=1536%2C1152&amp;ssl=1 1536w\" sizes=\"auto, (max-width: 750px) 100vw, 750px\" \/>\n\t\t\t<\/div><\/figure>\n\t\t<\/div>\n\n<p style=\"text-align: justify;\">Per concloure aquesta diada tan emotiva, han sortit de l\u2019escola amb un cartell que deia: \u201cVOLS UNA ABRA\u00c7ADA?\u201d.<\/p>\n<p style=\"text-align: center;\"><iframe loading=\"lazy\" title=\"Dia Mundial de l'Abra\u00e7ada\" src=\"https:\/\/www.youtube.com\/embed\/ZHb9IQgy4HE\" width=\"487\" height=\"865\" frameborder=\"0\" allowfullscreen=\"allowfullscreen\"><\/iframe><\/p>\n<p style=\"text-align: justify;\">El Dia Mundial de l&#8217;Abra\u00e7ada ha estat una jornada plena de somriures i gestos de tendresa, on s&#8217;ha apr\u00e8s a valorar un dels gestos m\u00e9s humans i universals que existeixen: l&#8217;abra\u00e7ada.<\/p>\n<div id='gallery-4' class='gallery galleryid-24626 gallery-columns-2 gallery-size-full'><figure class='gallery-item'>\n\t\t\t<div class='gallery-icon landscape'>\n\t\t\t\t<img loading=\"lazy\" decoding=\"async\" width=\"4032\" height=\"3024\" src=\"https:\/\/i0.wp.com\/escolagrancapita.wpcomstaging.com\/wp-content\/uploads\/2025\/01\/IMG_0909-anabel-marti-senso.jpg?fit=4032%2C3024&amp;ssl=1\" class=\"attachment-full size-full\" alt=\"\" srcset=\"https:\/\/i0.wp.com\/escolagrancapita.wpcomstaging.com\/wp-content\/uploads\/2025\/01\/IMG_0909-anabel-marti-senso.jpg?w=4032&amp;ssl=1 4032w, https:\/\/i0.wp.com\/escolagrancapita.wpcomstaging.com\/wp-content\/uploads\/2025\/01\/IMG_0909-anabel-marti-senso.jpg?resize=300%2C225&amp;ssl=1 300w, https:\/\/i0.wp.com\/escolagrancapita.wpcomstaging.com\/wp-content\/uploads\/2025\/01\/IMG_0909-anabel-marti-senso.jpg?resize=1024%2C768&amp;ssl=1 1024w, https:\/\/i0.wp.com\/escolagrancapita.wpcomstaging.com\/wp-content\/uploads\/2025\/01\/IMG_0909-anabel-marti-senso.jpg?resize=768%2C576&amp;ssl=1 768w, https:\/\/i0.wp.com\/escolagrancapita.wpcomstaging.com\/wp-content\/uploads\/2025\/01\/IMG_0909-anabel-marti-senso.jpg?resize=1536%2C1152&amp;ssl=1 1536w, https:\/\/i0.wp.com\/escolagrancapita.wpcomstaging.com\/wp-content\/uploads\/2025\/01\/IMG_0909-anabel-marti-senso.jpg?resize=2048%2C1536&amp;ssl=1 2048w, https:\/\/i0.wp.com\/escolagrancapita.wpcomstaging.com\/wp-content\/uploads\/2025\/01\/IMG_0909-anabel-marti-senso.jpg?w=2250&amp;ssl=1 2250w\" sizes=\"auto, (max-width: 750px) 100vw, 750px\" \/>\n\t\t\t<\/div><\/figure><figure class='gallery-item'>\n\t\t\t<div class='gallery-icon landscape'>\n\t\t\t\t<img loading=\"lazy\" decoding=\"async\" width=\"4032\" height=\"3024\" src=\"https:\/\/i0.wp.com\/escolagrancapita.wpcomstaging.com\/wp-content\/uploads\/2025\/01\/IMG_0912-anabel-marti-senso.jpg?fit=4032%2C3024&amp;ssl=1\" class=\"attachment-full size-full\" alt=\"\" srcset=\"https:\/\/i0.wp.com\/escolagrancapita.wpcomstaging.com\/wp-content\/uploads\/2025\/01\/IMG_0912-anabel-marti-senso.jpg?w=4032&amp;ssl=1 4032w, https:\/\/i0.wp.com\/escolagrancapita.wpcomstaging.com\/wp-content\/uploads\/2025\/01\/IMG_0912-anabel-marti-senso.jpg?resize=300%2C225&amp;ssl=1 300w, https:\/\/i0.wp.com\/escolagrancapita.wpcomstaging.com\/wp-content\/uploads\/2025\/01\/IMG_0912-anabel-marti-senso.jpg?resize=1024%2C768&amp;ssl=1 1024w, https:\/\/i0.wp.com\/escolagrancapita.wpcomstaging.com\/wp-content\/uploads\/2025\/01\/IMG_0912-anabel-marti-senso.jpg?resize=768%2C576&amp;ssl=1 768w, https:\/\/i0.wp.com\/escolagrancapita.wpcomstaging.com\/wp-content\/uploads\/2025\/01\/IMG_0912-anabel-marti-senso.jpg?resize=1536%2C1152&amp;ssl=1 1536w, https:\/\/i0.wp.com\/escolagrancapita.wpcomstaging.com\/wp-content\/uploads\/2025\/01\/IMG_0912-anabel-marti-senso.jpg?resize=2048%2C1536&amp;ssl=1 2048w, https:\/\/i0.wp.com\/escolagrancapita.wpcomstaging.com\/wp-content\/uploads\/2025\/01\/IMG_0912-anabel-marti-senso.jpg?w=2250&amp;ssl=1 2250w\" sizes=\"auto, (max-width: 750px) 100vw, 750px\" \/>\n\t\t\t<\/div><\/figure>\n\t\t<\/div>\n\n","protected":false},"excerpt":{"rendered":"<p>El 21 de gener, l&#8217;escola ha celebrat el Dia Mundial de l&#8217;Abra\u00e7ada amb una s\u00e8rie d&#8217;activitats per conscienciar sobre la import\u00e0ncia d&#8217;aquest gest tan senzill per\u00f2 tan significatiu. En un ambient de tendresa i solidaritat, l&#8217;alumnat ha reflexionat sobre com<\/p>\n","protected":false},"author":1,"featured_media":0,"parent":0,"menu_order":0,"comment_status":"closed","ping_status":"closed","template":"","meta":{"_crdt_document":"","footnotes":""},"categories":[75],"tags":[149,77],"class_list":["post-24626","page","type-page","status-publish","hentry","category-activitats","tag-curs-2024-25","tag-ed-infantil"],"jetpack_sharing_enabled":true,"_links":{"self":[{"href":"https:\/\/escolagrancapita.wpcomstaging.com\/index.php?rest_route=\/wp\/v2\/pages\/24626","targetHints":{"allow":["GET"]}}],"collection":[{"href":"https:\/\/escolagrancapita.wpcomstaging.com\/index.php?rest_route=\/wp\/v2\/pages"}],"about":[{"href":"https:\/\/escolagrancapita.wpcomstaging.com\/index.php?rest_route=\/wp\/v2\/types\/page"}],"author":[{"embeddable":true,"href":"https:\/\/escolagrancapita.wpcomstaging.com\/index.php?rest_route=\/wp\/v2\/users\/1"}],"replies":[{"embeddable":true,"href":"https:\/\/escolagrancapita.wpcomstaging.com\/index.php?rest_route=%2Fwp%2Fv2%2Fcomments&post=24626"}],"version-history":[{"count":5,"href":"https:\/\/escolagrancapita.wpcomstaging.com\/index.php?rest_route=\/wp\/v2\/pages\/24626\/revisions"}],"predecessor-version":[{"id":24631,"href":"https:\/\/escolagrancapita.wpcomstaging.com\/index.php?rest_route=\/wp\/v2\/pages\/24626\/revisions\/24631"}],"wp:attachment":[{"href":"https:\/\/escolagrancapita.wpcomstaging.com\/index.php?rest_route=%2Fwp%2Fv2%2Fmedia&parent=24626"}],"wp:term":[{"taxonomy":"category","embeddable":true,"href":"https:\/\/escolagrancapita.wpcomstaging.com\/index.php?rest_route=%2Fwp%2Fv2%2Fcategories&post=24626"},{"taxonomy":"post_tag","embeddable":true,"href":"https:\/\/escolagrancapita.wpcomstaging.com\/index.php?rest_route=%2Fwp%2Fv2%2Ftags&post=24626"}],"curies":[{"name":"wp","href":"https:\/\/api.w.org\/{rel}","templated":true}]}}

Dia Mundial de l&#8217;Abraçada

<p style="text-align: justify;">El 21 de gener, l&#8217;escola ha celebrat el <strong>Dia Mundial de l&#8217;Abraçada</strong> amb una sèrie d&#8217;activitats per conscienciar sobre la importància d&#8217;aquest gest tan senzill però tan significatiu. En un ambient de tendresa i solidaritat, l&#8217;alumnat ha reflexionat sobre com una abraçada pot ser una eina poderosa per transmetre afecte, suport i estima entre les persones.</p>
<div id='gallery-1' class='gallery galleryid-24626 gallery-columns-1 gallery-size-full'><figure class='gallery-item'>
			<div class='gallery-icon portrait'>
				<img loading="lazy" decoding="async" width="717" height="775" src="https://i0.wp.com/escolagrancapita.wpcomstaging.com/wp-content/uploads/2025/01/4bd47afb-d3b3-4ed3-98f1-0f130814cdf9-anabel-marti-senso-e1737885741566.jpg?fit=717%2C775&amp;ssl=1" class="attachment-full size-full" alt="" srcset="https://i0.wp.com/escolagrancapita.wpcomstaging.com/wp-content/uploads/2025/01/4bd47afb-d3b3-4ed3-98f1-0f130814cdf9-anabel-marti-senso-e1737885741566.jpg?w=717&amp;ssl=1 717w, https://i0.wp.com/escolagrancapita.wpcomstaging.com/wp-content/uploads/2025/01/4bd47afb-d3b3-4ed3-98f1-0f130814cdf9-anabel-marti-senso-e1737885741566.jpg?resize=278%2C300&amp;ssl=1 278w" sizes="auto, (max-width: 717px) 100vw, 717px" />
			</div></figure>
		</div>

<p style="text-align: justify;">Les activitats han inclòs dinàmiques en grup on s&#8217;han compartit experiències personals relacionades amb les abraçades i s&#8217;ha expressat com aquest gest fa sentir. També s&#8217;ha explicat com una abraçada pot ajudar a reduir l&#8217;estrès i millorar el benestar emocional.</p>
<div id='gallery-2' class='gallery galleryid-24626 gallery-columns-1 gallery-size-full'><figure class='gallery-item'>
			<div class='gallery-icon portrait'>
				<img loading="lazy" decoding="async" width="1072" height="1088" src="https://i0.wp.com/escolagrancapita.wpcomstaging.com/wp-content/uploads/2025/01/5a9a7c58-60c3-4198-bba0-fa9f6117b9eb-anabel-marti-senso-e1737885767452.jpg?fit=1072%2C1088&amp;ssl=1" class="attachment-full size-full" alt="" srcset="https://i0.wp.com/escolagrancapita.wpcomstaging.com/wp-content/uploads/2025/01/5a9a7c58-60c3-4198-bba0-fa9f6117b9eb-anabel-marti-senso-e1737885767452.jpg?w=1072&amp;ssl=1 1072w, https://i0.wp.com/escolagrancapita.wpcomstaging.com/wp-content/uploads/2025/01/5a9a7c58-60c3-4198-bba0-fa9f6117b9eb-anabel-marti-senso-e1737885767452.jpg?resize=296%2C300&amp;ssl=1 296w, https://i0.wp.com/escolagrancapita.wpcomstaging.com/wp-content/uploads/2025/01/5a9a7c58-60c3-4198-bba0-fa9f6117b9eb-anabel-marti-senso-e1737885767452.jpg?resize=1009%2C1024&amp;ssl=1 1009w, https://i0.wp.com/escolagrancapita.wpcomstaging.com/wp-content/uploads/2025/01/5a9a7c58-60c3-4198-bba0-fa9f6117b9eb-anabel-marti-senso-e1737885767452.jpg?resize=768%2C779&amp;ssl=1 768w" sizes="auto, (max-width: 750px) 100vw, 750px" />
			</div></figure>
		</div>

<p style="text-align: justify;">A més, s’ha llegit un conte molt especial titulat <em>L&#8217;Abraçada</em>, que narrava la història d’un eriçó i una tortuga, dos amics inseparables que, tot i no poder-se abraçar, buscaven formes diferents de mostrar-se afecte.</p>
<div id='gallery-3' class='gallery galleryid-24626 gallery-columns-1 gallery-size-full'><figure class='gallery-item'>
			<div class='gallery-icon landscape'>
				<img loading="lazy" decoding="async" width="1600" height="1200" src="https://i0.wp.com/escolagrancapita.wpcomstaging.com/wp-content/uploads/2025/01/a1986c5d-e0d0-48cb-80a6-6282462700a3-anabel-marti-senso.jpg?fit=1600%2C1200&amp;ssl=1" class="attachment-full size-full" alt="" srcset="https://i0.wp.com/escolagrancapita.wpcomstaging.com/wp-content/uploads/2025/01/a1986c5d-e0d0-48cb-80a6-6282462700a3-anabel-marti-senso.jpg?w=1600&amp;ssl=1 1600w, https://i0.wp.com/escolagrancapita.wpcomstaging.com/wp-content/uploads/2025/01/a1986c5d-e0d0-48cb-80a6-6282462700a3-anabel-marti-senso.jpg?resize=300%2C225&amp;ssl=1 300w, https://i0.wp.com/escolagrancapita.wpcomstaging.com/wp-content/uploads/2025/01/a1986c5d-e0d0-48cb-80a6-6282462700a3-anabel-marti-senso.jpg?resize=1024%2C768&amp;ssl=1 1024w, https://i0.wp.com/escolagrancapita.wpcomstaging.com/wp-content/uploads/2025/01/a1986c5d-e0d0-48cb-80a6-6282462700a3-anabel-marti-senso.jpg?resize=768%2C576&amp;ssl=1 768w, https://i0.wp.com/escolagrancapita.wpcomstaging.com/wp-content/uploads/2025/01/a1986c5d-e0d0-48cb-80a6-6282462700a3-anabel-marti-senso.jpg?resize=1536%2C1152&amp;ssl=1 1536w" sizes="auto, (max-width: 750px) 100vw, 750px" />
			</div></figure>
		</div>

<p style="text-align: justify;">Per concloure aquesta diada tan emotiva, han sortit de l’escola amb un cartell que deia: “VOLS UNA ABRAÇADA?”.</p>
<p style="text-align: center;"><iframe loading="lazy" title="Dia Mundial de l'Abraçada" src="https://www.youtube.com/embed/ZHb9IQgy4HE" width="487" height="865" frameborder="0" allowfullscreen="allowfullscreen"></iframe></p>
<p style="text-align: justify;">El Dia Mundial de l&#8217;Abraçada ha estat una jornada plena de somriures i gestos de tendresa, on s&#8217;ha après a valorar un dels gestos més humans i universals que existeixen: l&#8217;abraçada.</p>
<div id='gallery-4' class='gallery galleryid-24626 gallery-columns-2 gallery-size-full'><figure class='gallery-item'>
			<div class='gallery-icon landscape'>
				<img loading="lazy" decoding="async" width="4032" height="3024" src="https://i0.wp.com/escolagrancapita.wpcomstaging.com/wp-content/uploads/2025/01/IMG_0909-anabel-marti-senso.jpg?fit=4032%2C3024&amp;ssl=1" class="attachment-full size-full" alt="" srcset="https://i0.wp.com/escolagrancapita.wpcomstaging.com/wp-content/uploads/2025/01/IMG_0909-anabel-marti-senso.jpg?w=4032&amp;ssl=1 4032w, https://i0.wp.com/escolagrancapita.wpcomstaging.com/wp-content/uploads/2025/01/IMG_0909-anabel-marti-senso.jpg?resize=300%2C225&amp;ssl=1 300w, https://i0.wp.com/escolagrancapita.wpcomstaging.com/wp-content/uploads/2025/01/IMG_0909-anabel-marti-senso.jpg?resize=1024%2C768&amp;ssl=1 1024w, https://i0.wp.com/escolagrancapita.wpcomstaging.com/wp-content/uploads/2025/01/IMG_0909-anabel-marti-senso.jpg?resize=768%2C576&amp;ssl=1 768w, https://i0.wp.com/escolagrancapita.wpcomstaging.com/wp-content/uploads/2025/01/IMG_0909-anabel-marti-senso.jpg?resize=1536%2C1152&amp;ssl=1 1536w, https://i0.wp.com/escolagrancapita.wpcomstaging.com/wp-content/uploads/2025/01/IMG_0909-anabel-marti-senso.jpg?resize=2048%2C1536&amp;ssl=1 2048w, https://i0.wp.com/escolagrancapita.wpcomstaging.com/wp-content/uploads/2025/01/IMG_0909-anabel-marti-senso.jpg?w=2250&amp;ssl=1 2250w" sizes="auto, (max-width: 750px) 100vw, 750px" />
			</div></figure><figure class='gallery-item'>
			<div class='gallery-icon landscape'>
				<img loading="lazy" decoding="async" width="4032" height="3024" src="https://i0.wp.com/escolagrancapita.wpcomstaging.com/wp-content/uploads/2025/01/IMG_0912-anabel-marti-senso.jpg?fit=4032%2C3024&amp;ssl=1" class="attachment-full size-full" alt="" srcset="https://i0.wp.com/escolagrancapita.wpcomstaging.com/wp-content/uploads/2025/01/IMG_0912-anabel-marti-senso.jpg?w=4032&amp;ssl=1 4032w, https://i0.wp.com/escolagrancapita.wpcomstaging.com/wp-content/uploads/2025/01/IMG_0912-anabel-marti-senso.jpg?resize=300%2C225&amp;ssl=1 300w, https://i0.wp.com/escolagrancapita.wpcomstaging.com/wp-content/uploads/2025/01/IMG_0912-anabel-marti-senso.jpg?resize=1024%2C768&amp;ssl=1 1024w, https://i0.wp.com/escolagrancapita.wpcomstaging.com/wp-content/uploads/2025/01/IMG_0912-anabel-marti-senso.jpg?resize=768%2C576&amp;ssl=1 768w, https://i0.wp.com/escolagrancapita.wpcomstaging.com/wp-content/uploads/2025/01/IMG_0912-anabel-marti-senso.jpg?resize=1536%2C1152&amp;ssl=1 1536w, https://i0.wp.com/escolagrancapita.wpcomstaging.com/wp-content/uploads/2025/01/IMG_0912-anabel-marti-senso.jpg?resize=2048%2C1536&amp;ssl=1 2048w, https://i0.wp.com/escolagrancapita.wpcomstaging.com/wp-content/uploads/2025/01/IMG_0912-anabel-marti-senso.jpg?w=2250&amp;ssl=1 2250w" sizes="auto, (max-width: 750px) 100vw, 750px" />
			</div></figure>
		</div>

<p>El 21 de gener, l&#8217;escola ha celebrat el Dia Mundial de l&#8217;Abraçada amb una sèrie d&#8217;activitats per conscienciar sobre la importància d&#8217;aquest gest tan senzill però tan significatiu. En un ambient de tendresa i solidaritat, l&#8217;alumnat ha reflexionat sobre com</p>
