{"id":24673,"date":"2025-02-09T10:00:41","date_gmt":"2025-02-09T10:00:41","guid":{"rendered":"https:\/\/escolagrancapita.wpcomstaging.com\/?page_id=24673"},"modified":"2025-05-15T17:06:04","modified_gmt":"2025-05-15T17:06:04","slug":"amb-cuidem-la-salut-de-la-terra","status":"publish","type":"page","link":"https:\/\/escolagrancapita.wpcomstaging.com\/?page_id=24673","title":{"rendered":"AMB: Cuidem la salut de la Terra"},"content":{"rendered":"<p style=\"text-align: justify;\">\n<p style=\"text-align: justify;\">1r i 2n de Prim\u00e0ria han participat en l&#8217;activitat &#8220;Cuidem la salut de la Terra&#8221;, organitzada per l&#8217;<a href=\"https:\/\/www.amb.cat\/s\/home.html\" target=\"_blank\" rel=\"noopener\">AMB<\/a>, amb l&#8217;objectiu de conscienciar sobre la import\u00e0ncia de tenir cura del planeta des de petits.<\/p>\n<p style=\"text-align: justify;\">Durant el taller, han descobert els diferents tipus de contaminaci\u00f3 que afecten el m\u00f3n on vivim: atmosf\u00e8rica, olfactiva, ac\u00fastica i lum\u00ednica. A trav\u00e9s d&#8217;experiments i recreacions sensorials, han pogut comprovar directament aquestes formes de contaminaci\u00f3, vivint-les en primera persona.<\/p>\n<div id='gallery-1' class='gallery galleryid-24673 gallery-columns-2 gallery-size-full'><figure class='gallery-item'>\n\t\t\t<div class='gallery-icon landscape'>\n\t\t\t\t<img loading=\"lazy\" decoding=\"async\" width=\"4080\" height=\"3060\" src=\"https:\/\/i0.wp.com\/escolagrancapita.wpcomstaging.com\/wp-content\/uploads\/2025\/02\/2PRI_AMB-5.jpg?fit=4080%2C3060&amp;ssl=1\" class=\"attachment-full size-full\" alt=\"\" srcset=\"https:\/\/i0.wp.com\/escolagrancapita.wpcomstaging.com\/wp-content\/uploads\/2025\/02\/2PRI_AMB-5.jpg?w=4080&amp;ssl=1 4080w, https:\/\/i0.wp.com\/escolagrancapita.wpcomstaging.com\/wp-content\/uploads\/2025\/02\/2PRI_AMB-5.jpg?resize=300%2C225&amp;ssl=1 300w, https:\/\/i0.wp.com\/escolagrancapita.wpcomstaging.com\/wp-content\/uploads\/2025\/02\/2PRI_AMB-5.jpg?resize=1024%2C768&amp;ssl=1 1024w, https:\/\/i0.wp.com\/escolagrancapita.wpcomstaging.com\/wp-content\/uploads\/2025\/02\/2PRI_AMB-5.jpg?resize=768%2C576&amp;ssl=1 768w, https:\/\/i0.wp.com\/escolagrancapita.wpcomstaging.com\/wp-content\/uploads\/2025\/02\/2PRI_AMB-5.jpg?resize=1536%2C1152&amp;ssl=1 1536w, https:\/\/i0.wp.com\/escolagrancapita.wpcomstaging.com\/wp-content\/uploads\/2025\/02\/2PRI_AMB-5.jpg?resize=2048%2C1536&amp;ssl=1 2048w, https:\/\/i0.wp.com\/escolagrancapita.wpcomstaging.com\/wp-content\/uploads\/2025\/02\/2PRI_AMB-5.jpg?w=2250&amp;ssl=1 2250w\" sizes=\"auto, (max-width: 750px) 100vw, 750px\" \/>\n\t\t\t<\/div><\/figure><figure class='gallery-item'>\n\t\t\t<div class='gallery-icon landscape'>\n\t\t\t\t<img loading=\"lazy\" decoding=\"async\" width=\"4080\" height=\"3060\" src=\"https:\/\/i0.wp.com\/escolagrancapita.wpcomstaging.com\/wp-content\/uploads\/2025\/02\/2PRI_AMB-6.jpg?fit=4080%2C3060&amp;ssl=1\" class=\"attachment-full size-full\" alt=\"\" srcset=\"https:\/\/i0.wp.com\/escolagrancapita.wpcomstaging.com\/wp-content\/uploads\/2025\/02\/2PRI_AMB-6.jpg?w=4080&amp;ssl=1 4080w, https:\/\/i0.wp.com\/escolagrancapita.wpcomstaging.com\/wp-content\/uploads\/2025\/02\/2PRI_AMB-6.jpg?resize=300%2C225&amp;ssl=1 300w, https:\/\/i0.wp.com\/escolagrancapita.wpcomstaging.com\/wp-content\/uploads\/2025\/02\/2PRI_AMB-6.jpg?resize=1024%2C768&amp;ssl=1 1024w, https:\/\/i0.wp.com\/escolagrancapita.wpcomstaging.com\/wp-content\/uploads\/2025\/02\/2PRI_AMB-6.jpg?resize=768%2C576&amp;ssl=1 768w, https:\/\/i0.wp.com\/escolagrancapita.wpcomstaging.com\/wp-content\/uploads\/2025\/02\/2PRI_AMB-6.jpg?resize=1536%2C1152&amp;ssl=1 1536w, https:\/\/i0.wp.com\/escolagrancapita.wpcomstaging.com\/wp-content\/uploads\/2025\/02\/2PRI_AMB-6.jpg?resize=2048%2C1536&amp;ssl=1 2048w, https:\/\/i0.wp.com\/escolagrancapita.wpcomstaging.com\/wp-content\/uploads\/2025\/02\/2PRI_AMB-6.jpg?w=2250&amp;ssl=1 2250w\" sizes=\"auto, (max-width: 750px) 100vw, 750px\" \/>\n\t\t\t<\/div><\/figure>\n\t\t<\/div>\n\n<div id='gallery-2' class='gallery galleryid-24673 gallery-columns-1 gallery-size-full'><figure class='gallery-item'>\n\t\t\t<div class='gallery-icon landscape'>\n\t\t\t\t<img loading=\"lazy\" decoding=\"async\" width=\"3060\" height=\"2672\" src=\"https:\/\/i0.wp.com\/escolagrancapita.wpcomstaging.com\/wp-content\/uploads\/2025\/02\/2PRI_AMB-2-rotated-e1739095103535.jpg?fit=3060%2C2672&amp;ssl=1\" class=\"attachment-full size-full\" alt=\"\" srcset=\"https:\/\/i0.wp.com\/escolagrancapita.wpcomstaging.com\/wp-content\/uploads\/2025\/02\/2PRI_AMB-2-rotated-e1739095103535.jpg?w=3060&amp;ssl=1 3060w, https:\/\/i0.wp.com\/escolagrancapita.wpcomstaging.com\/wp-content\/uploads\/2025\/02\/2PRI_AMB-2-rotated-e1739095103535.jpg?resize=300%2C262&amp;ssl=1 300w, https:\/\/i0.wp.com\/escolagrancapita.wpcomstaging.com\/wp-content\/uploads\/2025\/02\/2PRI_AMB-2-rotated-e1739095103535.jpg?resize=1024%2C894&amp;ssl=1 1024w, https:\/\/i0.wp.com\/escolagrancapita.wpcomstaging.com\/wp-content\/uploads\/2025\/02\/2PRI_AMB-2-rotated-e1739095103535.jpg?resize=768%2C671&amp;ssl=1 768w, https:\/\/i0.wp.com\/escolagrancapita.wpcomstaging.com\/wp-content\/uploads\/2025\/02\/2PRI_AMB-2-rotated-e1739095103535.jpg?resize=1536%2C1341&amp;ssl=1 1536w, https:\/\/i0.wp.com\/escolagrancapita.wpcomstaging.com\/wp-content\/uploads\/2025\/02\/2PRI_AMB-2-rotated-e1739095103535.jpg?resize=2048%2C1788&amp;ssl=1 2048w, https:\/\/i0.wp.com\/escolagrancapita.wpcomstaging.com\/wp-content\/uploads\/2025\/02\/2PRI_AMB-2-rotated-e1739095103535.jpg?w=2250&amp;ssl=1 2250w\" sizes=\"auto, (max-width: 750px) 100vw, 750px\" \/>\n\t\t\t<\/div><\/figure>\n\t\t<\/div>\n\n<p style=\"text-align: justify;\">Per acabar, han reflexionat sobre quines accions es poden dur a terme per protegir el planeta i millorar la qualitat de vida de tothom.<\/p>\n<div id='gallery-3' class='gallery galleryid-24673 gallery-columns-1 gallery-size-full'><figure class='gallery-item'>\n\t\t\t<div class='gallery-icon landscape'>\n\t\t\t\t<img loading=\"lazy\" decoding=\"async\" width=\"5120\" height=\"3840\" src=\"https:\/\/i0.wp.com\/escolagrancapita.wpcomstaging.com\/wp-content\/uploads\/2025\/02\/2PRI_AMB-3.jpg?fit=5120%2C3840&amp;ssl=1\" class=\"attachment-full size-full\" alt=\"\" srcset=\"https:\/\/i0.wp.com\/escolagrancapita.wpcomstaging.com\/wp-content\/uploads\/2025\/02\/2PRI_AMB-3.jpg?w=5120&amp;ssl=1 5120w, https:\/\/i0.wp.com\/escolagrancapita.wpcomstaging.com\/wp-content\/uploads\/2025\/02\/2PRI_AMB-3.jpg?resize=300%2C225&amp;ssl=1 300w, https:\/\/i0.wp.com\/escolagrancapita.wpcomstaging.com\/wp-content\/uploads\/2025\/02\/2PRI_AMB-3.jpg?resize=1024%2C768&amp;ssl=1 1024w, https:\/\/i0.wp.com\/escolagrancapita.wpcomstaging.com\/wp-content\/uploads\/2025\/02\/2PRI_AMB-3.jpg?resize=768%2C576&amp;ssl=1 768w, https:\/\/i0.wp.com\/escolagrancapita.wpcomstaging.com\/wp-content\/uploads\/2025\/02\/2PRI_AMB-3.jpg?resize=1536%2C1152&amp;ssl=1 1536w, https:\/\/i0.wp.com\/escolagrancapita.wpcomstaging.com\/wp-content\/uploads\/2025\/02\/2PRI_AMB-3.jpg?resize=2048%2C1536&amp;ssl=1 2048w, https:\/\/i0.wp.com\/escolagrancapita.wpcomstaging.com\/wp-content\/uploads\/2025\/02\/2PRI_AMB-3.jpg?w=2250&amp;ssl=1 2250w\" sizes=\"auto, (max-width: 750px) 100vw, 750px\" \/>\n\t\t\t<\/div><\/figure>\n\t\t<\/div>\n\n<div id='gallery-4' class='gallery galleryid-24673 gallery-columns-2 gallery-size-full'><figure class='gallery-item'>\n\t\t\t<div class='gallery-icon portrait'>\n\t\t\t\t<img loading=\"lazy\" decoding=\"async\" width=\"3024\" height=\"4032\" src=\"https:\/\/i0.wp.com\/escolagrancapita.wpcomstaging.com\/wp-content\/uploads\/2025\/02\/2PRI_AMB-4.jpg?fit=3024%2C4032&amp;ssl=1\" class=\"attachment-full size-full\" alt=\"\" srcset=\"https:\/\/i0.wp.com\/escolagrancapita.wpcomstaging.com\/wp-content\/uploads\/2025\/02\/2PRI_AMB-4.jpg?w=3024&amp;ssl=1 3024w, https:\/\/i0.wp.com\/escolagrancapita.wpcomstaging.com\/wp-content\/uploads\/2025\/02\/2PRI_AMB-4.jpg?resize=225%2C300&amp;ssl=1 225w, https:\/\/i0.wp.com\/escolagrancapita.wpcomstaging.com\/wp-content\/uploads\/2025\/02\/2PRI_AMB-4.jpg?resize=768%2C1024&amp;ssl=1 768w, https:\/\/i0.wp.com\/escolagrancapita.wpcomstaging.com\/wp-content\/uploads\/2025\/02\/2PRI_AMB-4.jpg?resize=1152%2C1536&amp;ssl=1 1152w, https:\/\/i0.wp.com\/escolagrancapita.wpcomstaging.com\/wp-content\/uploads\/2025\/02\/2PRI_AMB-4.jpg?resize=1536%2C2048&amp;ssl=1 1536w, https:\/\/i0.wp.com\/escolagrancapita.wpcomstaging.com\/wp-content\/uploads\/2025\/02\/2PRI_AMB-4.jpg?w=2250&amp;ssl=1 2250w\" sizes=\"auto, (max-width: 750px) 100vw, 750px\" \/>\n\t\t\t<\/div><\/figure><figure class='gallery-item'>\n\t\t\t<div class='gallery-icon portrait'>\n\t\t\t\t<img loading=\"lazy\" decoding=\"async\" width=\"3840\" height=\"5120\" src=\"https:\/\/i0.wp.com\/escolagrancapita.wpcomstaging.com\/wp-content\/uploads\/2025\/02\/2PRI_AMB-1.jpg?fit=3840%2C5120&amp;ssl=1\" class=\"attachment-full size-full\" alt=\"\" srcset=\"https:\/\/i0.wp.com\/escolagrancapita.wpcomstaging.com\/wp-content\/uploads\/2025\/02\/2PRI_AMB-1.jpg?w=3840&amp;ssl=1 3840w, https:\/\/i0.wp.com\/escolagrancapita.wpcomstaging.com\/wp-content\/uploads\/2025\/02\/2PRI_AMB-1.jpg?resize=225%2C300&amp;ssl=1 225w, https:\/\/i0.wp.com\/escolagrancapita.wpcomstaging.com\/wp-content\/uploads\/2025\/02\/2PRI_AMB-1.jpg?resize=768%2C1024&amp;ssl=1 768w, https:\/\/i0.wp.com\/escolagrancapita.wpcomstaging.com\/wp-content\/uploads\/2025\/02\/2PRI_AMB-1.jpg?resize=1152%2C1536&amp;ssl=1 1152w, https:\/\/i0.wp.com\/escolagrancapita.wpcomstaging.com\/wp-content\/uploads\/2025\/02\/2PRI_AMB-1.jpg?resize=1536%2C2048&amp;ssl=1 1536w, https:\/\/i0.wp.com\/escolagrancapita.wpcomstaging.com\/wp-content\/uploads\/2025\/02\/2PRI_AMB-1.jpg?w=2250&amp;ssl=1 2250w\" sizes=\"auto, (max-width: 750px) 100vw, 750px\" \/>\n\t\t\t<\/div><\/figure>\n\t\t<\/div>\n\n<p style=\"text-align: justify;\">Ha estat una experi\u00e8ncia enriquidora i divertida per a Cicle Inicial, combinant aprenentatge i consci\u00e8ncia ambiental.<\/p>\n","protected":false},"excerpt":{"rendered":"<p>1r i 2n de Prim\u00e0ria han participat en l&#8217;activitat &#8220;Cuidem la salut de la Terra&#8221;, organitzada per l&#8217;AMB, amb l&#8217;objectiu de conscienciar sobre la import\u00e0ncia de tenir cura del planeta des de petits. Durant el taller, han descobert els diferents<\/p>\n","protected":false},"author":1,"featured_media":0,"parent":0,"menu_order":0,"comment_status":"closed","ping_status":"closed","template":"","meta":{"_crdt_document":"","footnotes":""},"categories":[75],"tags":[149,86,118],"class_list":["post-24673","page","type-page","status-publish","hentry","category-activitats","tag-curs-2024-25","tag-ed-primaria","tag-sostenibilitat"],"jetpack_sharing_enabled":true,"_links":{"self":[{"href":"https:\/\/escolagrancapita.wpcomstaging.com\/index.php?rest_route=\/wp\/v2\/pages\/24673","targetHints":{"allow":["GET"]}}],"collection":[{"href":"https:\/\/escolagrancapita.wpcomstaging.com\/index.php?rest_route=\/wp\/v2\/pages"}],"about":[{"href":"https:\/\/escolagrancapita.wpcomstaging.com\/index.php?rest_route=\/wp\/v2\/types\/page"}],"author":[{"embeddable":true,"href":"https:\/\/escolagrancapita.wpcomstaging.com\/index.php?rest_route=\/wp\/v2\/users\/1"}],"replies":[{"embeddable":true,"href":"https:\/\/escolagrancapita.wpcomstaging.com\/index.php?rest_route=%2Fwp%2Fv2%2Fcomments&post=24673"}],"version-history":[{"count":2,"href":"https:\/\/escolagrancapita.wpcomstaging.com\/index.php?rest_route=\/wp\/v2\/pages\/24673\/revisions"}],"predecessor-version":[{"id":24705,"href":"https:\/\/escolagrancapita.wpcomstaging.com\/index.php?rest_route=\/wp\/v2\/pages\/24673\/revisions\/24705"}],"wp:attachment":[{"href":"https:\/\/escolagrancapita.wpcomstaging.com\/index.php?rest_route=%2Fwp%2Fv2%2Fmedia&parent=24673"}],"wp:term":[{"taxonomy":"category","embeddable":true,"href":"https:\/\/escolagrancapita.wpcomstaging.com\/index.php?rest_route=%2Fwp%2Fv2%2Fcategories&post=24673"},{"taxonomy":"post_tag","embeddable":true,"href":"https:\/\/escolagrancapita.wpcomstaging.com\/index.php?rest_route=%2Fwp%2Fv2%2Ftags&post=24673"}],"curies":[{"name":"wp","href":"https:\/\/api.w.org\/{rel}","templated":true}]}}

<p style="text-align: justify;">
<p style="text-align: justify;">1r i 2n de Primària han participat en l&#8217;activitat &#8220;Cuidem la salut de la Terra&#8221;, organitzada per l&#8217;<a href="https://www.amb.cat/s/home.html" target="_blank" rel="noopener">AMB</a>, amb l&#8217;objectiu de conscienciar sobre la importància de tenir cura del planeta des de petits.</p>
<p style="text-align: justify;">Durant el taller, han descobert els diferents tipus de contaminació que afecten el món on vivim: atmosfèrica, olfactiva, acústica i lumínica. A través d&#8217;experiments i recreacions sensorials, han pogut comprovar directament aquestes formes de contaminació, vivint-les en primera persona.</p>
<div id='gallery-1' class='gallery galleryid-24673 gallery-columns-2 gallery-size-full'><figure class='gallery-item'>
			<div class='gallery-icon landscape'>
				<img loading="lazy" decoding="async" width="4080" height="3060" src="https://i0.wp.com/escolagrancapita.wpcomstaging.com/wp-content/uploads/2025/02/2PRI_AMB-5.jpg?fit=4080%2C3060&amp;ssl=1" class="attachment-full size-full" alt="" srcset="https://i0.wp.com/escolagrancapita.wpcomstaging.com/wp-content/uploads/2025/02/2PRI_AMB-5.jpg?w=4080&amp;ssl=1 4080w, https://i0.wp.com/escolagrancapita.wpcomstaging.com/wp-content/uploads/2025/02/2PRI_AMB-5.jpg?resize=300%2C225&amp;ssl=1 300w, https://i0.wp.com/escolagrancapita.wpcomstaging.com/wp-content/uploads/2025/02/2PRI_AMB-5.jpg?resize=1024%2C768&amp;ssl=1 1024w, https://i0.wp.com/escolagrancapita.wpcomstaging.com/wp-content/uploads/2025/02/2PRI_AMB-5.jpg?resize=768%2C576&amp;ssl=1 768w, https://i0.wp.com/escolagrancapita.wpcomstaging.com/wp-content/uploads/2025/02/2PRI_AMB-5.jpg?resize=1536%2C1152&amp;ssl=1 1536w, https://i0.wp.com/escolagrancapita.wpcomstaging.com/wp-content/uploads/2025/02/2PRI_AMB-5.jpg?resize=2048%2C1536&amp;ssl=1 2048w, https://i0.wp.com/escolagrancapita.wpcomstaging.com/wp-content/uploads/2025/02/2PRI_AMB-5.jpg?w=2250&amp;ssl=1 2250w" sizes="auto, (max-width: 750px) 100vw, 750px" />
			</div></figure><figure class='gallery-item'>
			<div class='gallery-icon landscape'>
				<img loading="lazy" decoding="async" width="4080" height="3060" src="https://i0.wp.com/escolagrancapita.wpcomstaging.com/wp-content/uploads/2025/02/2PRI_AMB-6.jpg?fit=4080%2C3060&amp;ssl=1" class="attachment-full size-full" alt="" srcset="https://i0.wp.com/escolagrancapita.wpcomstaging.com/wp-content/uploads/2025/02/2PRI_AMB-6.jpg?w=4080&amp;ssl=1 4080w, https://i0.wp.com/escolagrancapita.wpcomstaging.com/wp-content/uploads/2025/02/2PRI_AMB-6.jpg?resize=300%2C225&amp;ssl=1 300w, https://i0.wp.com/escolagrancapita.wpcomstaging.com/wp-content/uploads/2025/02/2PRI_AMB-6.jpg?resize=1024%2C768&amp;ssl=1 1024w, https://i0.wp.com/escolagrancapita.wpcomstaging.com/wp-content/uploads/2025/02/2PRI_AMB-6.jpg?resize=768%2C576&amp;ssl=1 768w, https://i0.wp.com/escolagrancapita.wpcomstaging.com/wp-content/uploads/2025/02/2PRI_AMB-6.jpg?resize=1536%2C1152&amp;ssl=1 1536w, https://i0.wp.com/escolagrancapita.wpcomstaging.com/wp-content/uploads/2025/02/2PRI_AMB-6.jpg?resize=2048%2C1536&amp;ssl=1 2048w, https://i0.wp.com/escolagrancapita.wpcomstaging.com/wp-content/uploads/2025/02/2PRI_AMB-6.jpg?w=2250&amp;ssl=1 2250w" sizes="auto, (max-width: 750px) 100vw, 750px" />
			</div></figure>
		</div>

<div id='gallery-2' class='gallery galleryid-24673 gallery-columns-1 gallery-size-full'><figure class='gallery-item'>
			<div class='gallery-icon landscape'>
				<img loading="lazy" decoding="async" width="3060" height="2672" src="https://i0.wp.com/escolagrancapita.wpcomstaging.com/wp-content/uploads/2025/02/2PRI_AMB-2-rotated-e1739095103535.jpg?fit=3060%2C2672&amp;ssl=1" class="attachment-full size-full" alt="" srcset="https://i0.wp.com/escolagrancapita.wpcomstaging.com/wp-content/uploads/2025/02/2PRI_AMB-2-rotated-e1739095103535.jpg?w=3060&amp;ssl=1 3060w, https://i0.wp.com/escolagrancapita.wpcomstaging.com/wp-content/uploads/2025/02/2PRI_AMB-2-rotated-e1739095103535.jpg?resize=300%2C262&amp;ssl=1 300w, https://i0.wp.com/escolagrancapita.wpcomstaging.com/wp-content/uploads/2025/02/2PRI_AMB-2-rotated-e1739095103535.jpg?resize=1024%2C894&amp;ssl=1 1024w, https://i0.wp.com/escolagrancapita.wpcomstaging.com/wp-content/uploads/2025/02/2PRI_AMB-2-rotated-e1739095103535.jpg?resize=768%2C671&amp;ssl=1 768w, https://i0.wp.com/escolagrancapita.wpcomstaging.com/wp-content/uploads/2025/02/2PRI_AMB-2-rotated-e1739095103535.jpg?resize=1536%2C1341&amp;ssl=1 1536w, https://i0.wp.com/escolagrancapita.wpcomstaging.com/wp-content/uploads/2025/02/2PRI_AMB-2-rotated-e1739095103535.jpg?resize=2048%2C1788&amp;ssl=1 2048w, https://i0.wp.com/escolagrancapita.wpcomstaging.com/wp-content/uploads/2025/02/2PRI_AMB-2-rotated-e1739095103535.jpg?w=2250&amp;ssl=1 2250w" sizes="auto, (max-width: 750px) 100vw, 750px" />
			</div></figure>
		</div>

<p style="text-align: justify;">Per acabar, han reflexionat sobre quines accions es poden dur a terme per protegir el planeta i millorar la qualitat de vida de tothom.</p>
<div id='gallery-3' class='gallery galleryid-24673 gallery-columns-1 gallery-size-full'><figure class='gallery-item'>
			<div class='gallery-icon landscape'>
				<img loading="lazy" decoding="async" width="5120" height="3840" src="https://i0.wp.com/escolagrancapita.wpcomstaging.com/wp-content/uploads/2025/02/2PRI_AMB-3.jpg?fit=5120%2C3840&amp;ssl=1" class="attachment-full size-full" alt="" srcset="https://i0.wp.com/escolagrancapita.wpcomstaging.com/wp-content/uploads/2025/02/2PRI_AMB-3.jpg?w=5120&amp;ssl=1 5120w, https://i0.wp.com/escolagrancapita.wpcomstaging.com/wp-content/uploads/2025/02/2PRI_AMB-3.jpg?resize=300%2C225&amp;ssl=1 300w, https://i0.wp.com/escolagrancapita.wpcomstaging.com/wp-content/uploads/2025/02/2PRI_AMB-3.jpg?resize=1024%2C768&amp;ssl=1 1024w, https://i0.wp.com/escolagrancapita.wpcomstaging.com/wp-content/uploads/2025/02/2PRI_AMB-3.jpg?resize=768%2C576&amp;ssl=1 768w, https://i0.wp.com/escolagrancapita.wpcomstaging.com/wp-content/uploads/2025/02/2PRI_AMB-3.jpg?resize=1536%2C1152&amp;ssl=1 1536w, https://i0.wp.com/escolagrancapita.wpcomstaging.com/wp-content/uploads/2025/02/2PRI_AMB-3.jpg?resize=2048%2C1536&amp;ssl=1 2048w, https://i0.wp.com/escolagrancapita.wpcomstaging.com/wp-content/uploads/2025/02/2PRI_AMB-3.jpg?w=2250&amp;ssl=1 2250w" sizes="auto, (max-width: 750px) 100vw, 750px" />
			</div></figure>
		</div>

<div id='gallery-4' class='gallery galleryid-24673 gallery-columns-2 gallery-size-full'><figure class='gallery-item'>
			<div class='gallery-icon portrait'>
				<img loading="lazy" decoding="async" width="3024" height="4032" src="https://i0.wp.com/escolagrancapita.wpcomstaging.com/wp-content/uploads/2025/02/2PRI_AMB-4.jpg?fit=3024%2C4032&amp;ssl=1" class="attachment-full size-full" alt="" srcset="https://i0.wp.com/escolagrancapita.wpcomstaging.com/wp-content/uploads/2025/02/2PRI_AMB-4.jpg?w=3024&amp;ssl=1 3024w, https://i0.wp.com/escolagrancapita.wpcomstaging.com/wp-content/uploads/2025/02/2PRI_AMB-4.jpg?resize=225%2C300&amp;ssl=1 225w, https://i0.wp.com/escolagrancapita.wpcomstaging.com/wp-content/uploads/2025/02/2PRI_AMB-4.jpg?resize=768%2C1024&amp;ssl=1 768w, https://i0.wp.com/escolagrancapita.wpcomstaging.com/wp-content/uploads/2025/02/2PRI_AMB-4.jpg?resize=1152%2C1536&amp;ssl=1 1152w, https://i0.wp.com/escolagrancapita.wpcomstaging.com/wp-content/uploads/2025/02/2PRI_AMB-4.jpg?resize=1536%2C2048&amp;ssl=1 1536w, https://i0.wp.com/escolagrancapita.wpcomstaging.com/wp-content/uploads/2025/02/2PRI_AMB-4.jpg?w=2250&amp;ssl=1 2250w" sizes="auto, (max-width: 750px) 100vw, 750px" />
			</div></figure><figure class='gallery-item'>
			<div class='gallery-icon portrait'>
				<img loading="lazy" decoding="async" width="3840" height="5120" src="https://i0.wp.com/escolagrancapita.wpcomstaging.com/wp-content/uploads/2025/02/2PRI_AMB-1.jpg?fit=3840%2C5120&amp;ssl=1" class="attachment-full size-full" alt="" srcset="https://i0.wp.com/escolagrancapita.wpcomstaging.com/wp-content/uploads/2025/02/2PRI_AMB-1.jpg?w=3840&amp;ssl=1 3840w, https://i0.wp.com/escolagrancapita.wpcomstaging.com/wp-content/uploads/2025/02/2PRI_AMB-1.jpg?resize=225%2C300&amp;ssl=1 225w, https://i0.wp.com/escolagrancapita.wpcomstaging.com/wp-content/uploads/2025/02/2PRI_AMB-1.jpg?resize=768%2C1024&amp;ssl=1 768w, https://i0.wp.com/escolagrancapita.wpcomstaging.com/wp-content/uploads/2025/02/2PRI_AMB-1.jpg?resize=1152%2C1536&amp;ssl=1 1152w, https://i0.wp.com/escolagrancapita.wpcomstaging.com/wp-content/uploads/2025/02/2PRI_AMB-1.jpg?resize=1536%2C2048&amp;ssl=1 1536w, https://i0.wp.com/escolagrancapita.wpcomstaging.com/wp-content/uploads/2025/02/2PRI_AMB-1.jpg?w=2250&amp;ssl=1 2250w" sizes="auto, (max-width: 750px) 100vw, 750px" />
			</div></figure>
		</div>

<p style="text-align: justify;">Ha estat una experiència enriquidora i divertida per a Cicle Inicial, combinant aprenentatge i consciència ambiental.</p>

<p>1r i 2n de Primària han participat en l&#8217;activitat &#8220;Cuidem la salut de la Terra&#8221;, organitzada per l&#8217;AMB, amb l&#8217;objectiu de conscienciar sobre la importància de tenir cura del planeta des de petits. Durant el taller, han descobert els diferents</p>
