{"id":25103,"date":"2025-03-16T09:50:46","date_gmt":"2025-03-16T09:50:46","guid":{"rendered":"https:\/\/escolagrancapita.wpcomstaging.com\/?page_id=25103"},"modified":"2025-05-15T17:07:42","modified_gmt":"2025-05-15T17:07:42","slug":"artistes-geometrics-a-3r-de-primaria","status":"publish","type":"page","link":"https:\/\/escolagrancapita.wpcomstaging.com\/?page_id=25103","title":{"rendered":"&#8220;Artistes geom\u00e8trics&#8221; a 3r de Prim\u00e0ria"},"content":{"rendered":"<p style=\"text-align: justify;\">3r de Prim\u00e0ria ha finalitzat el segon trimestre amb el projecte <strong>&#8220;Artistes geom\u00e8trics&#8221;<\/strong>, una experi\u00e8ncia enriquidora que ha combinat el coneixement matem\u00e0tic amb l\u2019expressi\u00f3 art\u00edstica a les \u00e0rees de Matem\u00e0tiques i Arts &amp; Crafts.<\/p>\n<div id='gallery-1' class='gallery galleryid-25103 gallery-columns-1 gallery-size-full'><figure class='gallery-item'>\n\t\t\t<div class='gallery-icon landscape'>\n\t\t\t\t<img loading=\"lazy\" decoding=\"async\" width=\"1024\" height=\"768\" src=\"https:\/\/i0.wp.com\/escolagrancapita.wpcomstaging.com\/wp-content\/uploads\/2025\/03\/2B8F8EC8-25F3-472E-AABF-93B92F49A2C4_1_105_c-Clara-Barbara.jpeg?fit=1024%2C768&amp;ssl=1\" class=\"attachment-full size-full\" alt=\"\" srcset=\"https:\/\/i0.wp.com\/escolagrancapita.wpcomstaging.com\/wp-content\/uploads\/2025\/03\/2B8F8EC8-25F3-472E-AABF-93B92F49A2C4_1_105_c-Clara-Barbara.jpeg?w=1024&amp;ssl=1 1024w, https:\/\/i0.wp.com\/escolagrancapita.wpcomstaging.com\/wp-content\/uploads\/2025\/03\/2B8F8EC8-25F3-472E-AABF-93B92F49A2C4_1_105_c-Clara-Barbara.jpeg?resize=300%2C225&amp;ssl=1 300w, https:\/\/i0.wp.com\/escolagrancapita.wpcomstaging.com\/wp-content\/uploads\/2025\/03\/2B8F8EC8-25F3-472E-AABF-93B92F49A2C4_1_105_c-Clara-Barbara.jpeg?resize=768%2C576&amp;ssl=1 768w\" sizes=\"auto, (max-width: 750px) 100vw, 750px\" \/>\n\t\t\t<\/div><\/figure>\n\t\t<\/div>\n\n<div id='gallery-2' class='gallery galleryid-25103 gallery-columns-3 gallery-size-full'><figure class='gallery-item'>\n\t\t\t<div class='gallery-icon portrait'>\n\t\t\t\t<img loading=\"lazy\" decoding=\"async\" width=\"768\" height=\"1024\" src=\"https:\/\/i0.wp.com\/escolagrancapita.wpcomstaging.com\/wp-content\/uploads\/2025\/03\/A79D198D-974E-4EBD-AAAF-76C988E912DA_1_105_c-Clara-Barbara.jpeg?fit=768%2C1024&amp;ssl=1\" class=\"attachment-full size-full\" alt=\"\" srcset=\"https:\/\/i0.wp.com\/escolagrancapita.wpcomstaging.com\/wp-content\/uploads\/2025\/03\/A79D198D-974E-4EBD-AAAF-76C988E912DA_1_105_c-Clara-Barbara.jpeg?w=768&amp;ssl=1 768w, https:\/\/i0.wp.com\/escolagrancapita.wpcomstaging.com\/wp-content\/uploads\/2025\/03\/A79D198D-974E-4EBD-AAAF-76C988E912DA_1_105_c-Clara-Barbara.jpeg?resize=225%2C300&amp;ssl=1 225w\" sizes=\"auto, (max-width: 750px) 100vw, 750px\" \/>\n\t\t\t<\/div><\/figure><figure class='gallery-item'>\n\t\t\t<div class='gallery-icon portrait'>\n\t\t\t\t<img loading=\"lazy\" decoding=\"async\" width=\"768\" height=\"1024\" src=\"https:\/\/i0.wp.com\/escolagrancapita.wpcomstaging.com\/wp-content\/uploads\/2025\/03\/1BB4BE6E-7C24-47F9-BEFA-E0B70E1D4488_1_105_c-Clara-Barbara.jpeg?fit=768%2C1024&amp;ssl=1\" class=\"attachment-full size-full\" alt=\"\" srcset=\"https:\/\/i0.wp.com\/escolagrancapita.wpcomstaging.com\/wp-content\/uploads\/2025\/03\/1BB4BE6E-7C24-47F9-BEFA-E0B70E1D4488_1_105_c-Clara-Barbara.jpeg?w=768&amp;ssl=1 768w, https:\/\/i0.wp.com\/escolagrancapita.wpcomstaging.com\/wp-content\/uploads\/2025\/03\/1BB4BE6E-7C24-47F9-BEFA-E0B70E1D4488_1_105_c-Clara-Barbara.jpeg?resize=225%2C300&amp;ssl=1 225w\" sizes=\"auto, (max-width: 750px) 100vw, 750px\" \/>\n\t\t\t<\/div><\/figure><figure class='gallery-item'>\n\t\t\t<div class='gallery-icon portrait'>\n\t\t\t\t<img loading=\"lazy\" decoding=\"async\" width=\"768\" height=\"1024\" src=\"https:\/\/i0.wp.com\/escolagrancapita.wpcomstaging.com\/wp-content\/uploads\/2025\/03\/2AB08F6F-44D9-4242-8AD3-32A2A19ABE7F_1_105_c-Clara-Barbara.jpeg?fit=768%2C1024&amp;ssl=1\" class=\"attachment-full size-full\" alt=\"\" srcset=\"https:\/\/i0.wp.com\/escolagrancapita.wpcomstaging.com\/wp-content\/uploads\/2025\/03\/2AB08F6F-44D9-4242-8AD3-32A2A19ABE7F_1_105_c-Clara-Barbara.jpeg?w=768&amp;ssl=1 768w, https:\/\/i0.wp.com\/escolagrancapita.wpcomstaging.com\/wp-content\/uploads\/2025\/03\/2AB08F6F-44D9-4242-8AD3-32A2A19ABE7F_1_105_c-Clara-Barbara.jpeg?resize=225%2C300&amp;ssl=1 225w\" sizes=\"auto, (max-width: 750px) 100vw, 750px\" \/>\n\t\t\t<\/div><\/figure>\n\t\t<\/div>\n\n<p style=\"text-align: justify;\">Despr\u00e9s d\u2019explorar els pol\u00edgons i la seva classificaci\u00f3, s&#8217;han organitzat en grups per crear la seva pr\u00f2pia vidriera inspirada en la Sagrada Fam\u00edlia. Recordant les espectaculars vidrieres que van <a href=\"https:\/\/escolagrancapita.wpcomstaging.com\/?page_id=24130\" target=\"_blank\" rel=\"noopener\">veure durant la seva sortida<\/a>, primer han elaborat un esborrany del disseny, reflexionant sobre la composici\u00f3 i la distribuci\u00f3 de les formes geom\u00e8triques.<\/p>\n<div id='gallery-3' class='gallery galleryid-25103 gallery-columns-3 gallery-size-full'><figure class='gallery-item'>\n\t\t\t<div class='gallery-icon portrait'>\n\t\t\t\t<img loading=\"lazy\" decoding=\"async\" width=\"768\" height=\"1024\" src=\"https:\/\/i0.wp.com\/escolagrancapita.wpcomstaging.com\/wp-content\/uploads\/2025\/03\/E9751773-8FC5-477B-851A-949AC7FAB71B_1_105_c-Clara-Barbara.jpeg?fit=768%2C1024&amp;ssl=1\" class=\"attachment-full size-full\" alt=\"\" srcset=\"https:\/\/i0.wp.com\/escolagrancapita.wpcomstaging.com\/wp-content\/uploads\/2025\/03\/E9751773-8FC5-477B-851A-949AC7FAB71B_1_105_c-Clara-Barbara.jpeg?w=768&amp;ssl=1 768w, https:\/\/i0.wp.com\/escolagrancapita.wpcomstaging.com\/wp-content\/uploads\/2025\/03\/E9751773-8FC5-477B-851A-949AC7FAB71B_1_105_c-Clara-Barbara.jpeg?resize=225%2C300&amp;ssl=1 225w\" sizes=\"auto, (max-width: 750px) 100vw, 750px\" \/>\n\t\t\t<\/div><\/figure><figure class='gallery-item'>\n\t\t\t<div class='gallery-icon portrait'>\n\t\t\t\t<img loading=\"lazy\" decoding=\"async\" width=\"768\" height=\"1024\" src=\"https:\/\/i0.wp.com\/escolagrancapita.wpcomstaging.com\/wp-content\/uploads\/2025\/03\/EDE3DF17-E9A2-4588-B19B-F5E7F9F376F5_1_105_c-Clara-Barbara.jpeg?fit=768%2C1024&amp;ssl=1\" class=\"attachment-full size-full\" alt=\"\" srcset=\"https:\/\/i0.wp.com\/escolagrancapita.wpcomstaging.com\/wp-content\/uploads\/2025\/03\/EDE3DF17-E9A2-4588-B19B-F5E7F9F376F5_1_105_c-Clara-Barbara.jpeg?w=768&amp;ssl=1 768w, https:\/\/i0.wp.com\/escolagrancapita.wpcomstaging.com\/wp-content\/uploads\/2025\/03\/EDE3DF17-E9A2-4588-B19B-F5E7F9F376F5_1_105_c-Clara-Barbara.jpeg?resize=225%2C300&amp;ssl=1 225w\" sizes=\"auto, (max-width: 750px) 100vw, 750px\" \/>\n\t\t\t<\/div><\/figure><figure class='gallery-item'>\n\t\t\t<div class='gallery-icon portrait'>\n\t\t\t\t<img loading=\"lazy\" decoding=\"async\" width=\"768\" height=\"1024\" src=\"https:\/\/i0.wp.com\/escolagrancapita.wpcomstaging.com\/wp-content\/uploads\/2025\/03\/E619D389-3766-49F5-A72E-02ECD5D4D2AD_1_105_c-Clara-Barbara.jpeg?fit=768%2C1024&amp;ssl=1\" class=\"attachment-full size-full\" alt=\"\" srcset=\"https:\/\/i0.wp.com\/escolagrancapita.wpcomstaging.com\/wp-content\/uploads\/2025\/03\/E619D389-3766-49F5-A72E-02ECD5D4D2AD_1_105_c-Clara-Barbara.jpeg?w=768&amp;ssl=1 768w, https:\/\/i0.wp.com\/escolagrancapita.wpcomstaging.com\/wp-content\/uploads\/2025\/03\/E619D389-3766-49F5-A72E-02ECD5D4D2AD_1_105_c-Clara-Barbara.jpeg?resize=225%2C300&amp;ssl=1 225w\" sizes=\"auto, (max-width: 750px) 100vw, 750px\" \/>\n\t\t\t<\/div><\/figure><figure class='gallery-item'>\n\t\t\t<div class='gallery-icon portrait'>\n\t\t\t\t<img loading=\"lazy\" decoding=\"async\" width=\"768\" height=\"1024\" src=\"https:\/\/i0.wp.com\/escolagrancapita.wpcomstaging.com\/wp-content\/uploads\/2025\/03\/E36FEA28-E79E-42CE-9B43-9F07E9A4850C_1_105_c-Clara-Barbara.jpeg?fit=768%2C1024&amp;ssl=1\" class=\"attachment-full size-full\" alt=\"\" srcset=\"https:\/\/i0.wp.com\/escolagrancapita.wpcomstaging.com\/wp-content\/uploads\/2025\/03\/E36FEA28-E79E-42CE-9B43-9F07E9A4850C_1_105_c-Clara-Barbara.jpeg?w=768&amp;ssl=1 768w, https:\/\/i0.wp.com\/escolagrancapita.wpcomstaging.com\/wp-content\/uploads\/2025\/03\/E36FEA28-E79E-42CE-9B43-9F07E9A4850C_1_105_c-Clara-Barbara.jpeg?resize=225%2C300&amp;ssl=1 225w\" sizes=\"auto, (max-width: 750px) 100vw, 750px\" \/>\n\t\t\t<\/div><\/figure><figure class='gallery-item'>\n\t\t\t<div class='gallery-icon portrait'>\n\t\t\t\t<img loading=\"lazy\" decoding=\"async\" width=\"768\" height=\"1024\" src=\"https:\/\/i0.wp.com\/escolagrancapita.wpcomstaging.com\/wp-content\/uploads\/2025\/03\/85B559D0-B5D2-448B-9989-20A97F87AA93_1_105_c-Clara-Barbara.jpeg?fit=768%2C1024&amp;ssl=1\" class=\"attachment-full size-full\" alt=\"\" srcset=\"https:\/\/i0.wp.com\/escolagrancapita.wpcomstaging.com\/wp-content\/uploads\/2025\/03\/85B559D0-B5D2-448B-9989-20A97F87AA93_1_105_c-Clara-Barbara.jpeg?w=768&amp;ssl=1 768w, https:\/\/i0.wp.com\/escolagrancapita.wpcomstaging.com\/wp-content\/uploads\/2025\/03\/85B559D0-B5D2-448B-9989-20A97F87AA93_1_105_c-Clara-Barbara.jpeg?resize=225%2C300&amp;ssl=1 225w\" sizes=\"auto, (max-width: 750px) 100vw, 750px\" \/>\n\t\t\t<\/div><\/figure><figure class='gallery-item'>\n\t\t\t<div class='gallery-icon portrait'>\n\t\t\t\t<img loading=\"lazy\" decoding=\"async\" width=\"768\" height=\"1024\" src=\"https:\/\/i0.wp.com\/escolagrancapita.wpcomstaging.com\/wp-content\/uploads\/2025\/03\/9B3FA5F5-15DC-4E83-B054-83BC0906FCD5_1_105_c-Clara-Barbara.jpeg?fit=768%2C1024&amp;ssl=1\" class=\"attachment-full size-full\" alt=\"\" srcset=\"https:\/\/i0.wp.com\/escolagrancapita.wpcomstaging.com\/wp-content\/uploads\/2025\/03\/9B3FA5F5-15DC-4E83-B054-83BC0906FCD5_1_105_c-Clara-Barbara.jpeg?w=768&amp;ssl=1 768w, https:\/\/i0.wp.com\/escolagrancapita.wpcomstaging.com\/wp-content\/uploads\/2025\/03\/9B3FA5F5-15DC-4E83-B054-83BC0906FCD5_1_105_c-Clara-Barbara.jpeg?resize=225%2C300&amp;ssl=1 225w\" sizes=\"auto, (max-width: 750px) 100vw, 750px\" \/>\n\t\t\t<\/div><\/figure>\n\t\t<\/div>\n\n<p style=\"text-align: justify;\">A continuaci\u00f3, han traslladat el dibuix a net sobre una cartolina, han retallat les formes i han donat color als pol\u00edgons enganxant paper de seda. Cada grup ha creat una llegenda per assignar un color diferent a cada tipus de pol\u00edgon, refor\u00e7ant aix\u00ed els conceptes matem\u00e0tics d\u2019una manera visual i manipulativa.<\/p>\n<div id='gallery-4' class='gallery galleryid-25103 gallery-columns-2 gallery-size-full'><figure class='gallery-item'>\n\t\t\t<div class='gallery-icon portrait'>\n\t\t\t\t<img loading=\"lazy\" decoding=\"async\" width=\"768\" height=\"1024\" src=\"https:\/\/i0.wp.com\/escolagrancapita.wpcomstaging.com\/wp-content\/uploads\/2025\/03\/EF340034-3002-45D6-8B01-A202F835AC2F_1_105_c-Clara-Barbara.jpeg?fit=768%2C1024&amp;ssl=1\" class=\"attachment-full size-full\" alt=\"\" srcset=\"https:\/\/i0.wp.com\/escolagrancapita.wpcomstaging.com\/wp-content\/uploads\/2025\/03\/EF340034-3002-45D6-8B01-A202F835AC2F_1_105_c-Clara-Barbara.jpeg?w=768&amp;ssl=1 768w, https:\/\/i0.wp.com\/escolagrancapita.wpcomstaging.com\/wp-content\/uploads\/2025\/03\/EF340034-3002-45D6-8B01-A202F835AC2F_1_105_c-Clara-Barbara.jpeg?resize=225%2C300&amp;ssl=1 225w\" sizes=\"auto, (max-width: 750px) 100vw, 750px\" \/>\n\t\t\t<\/div><\/figure><figure class='gallery-item'>\n\t\t\t<div class='gallery-icon portrait'>\n\t\t\t\t<img loading=\"lazy\" decoding=\"async\" width=\"768\" height=\"1024\" src=\"https:\/\/i0.wp.com\/escolagrancapita.wpcomstaging.com\/wp-content\/uploads\/2025\/03\/C63CCC2E-D634-42FF-A83D-4FFF30037726_1_105_c-Clara-Barbara.jpeg?fit=768%2C1024&amp;ssl=1\" class=\"attachment-full size-full\" alt=\"\" srcset=\"https:\/\/i0.wp.com\/escolagrancapita.wpcomstaging.com\/wp-content\/uploads\/2025\/03\/C63CCC2E-D634-42FF-A83D-4FFF30037726_1_105_c-Clara-Barbara.jpeg?w=768&amp;ssl=1 768w, https:\/\/i0.wp.com\/escolagrancapita.wpcomstaging.com\/wp-content\/uploads\/2025\/03\/C63CCC2E-D634-42FF-A83D-4FFF30037726_1_105_c-Clara-Barbara.jpeg?resize=225%2C300&amp;ssl=1 225w\" sizes=\"auto, (max-width: 750px) 100vw, 750px\" \/>\n\t\t\t<\/div><\/figure>\n\t\t<\/div>\n\n<p style=\"text-align: justify;\">El resultat ha estat un conjunt de vidrieres plenes de llum i color, on cada grup ha pogut expressar-se a trav\u00e9s de les formes geom\u00e8triques. Aquesta activitat ha perm\u00e8s connectar l\u2019art amb les matem\u00e0tiques d\u2019una manera significativa i vivencial.<\/p>\n<div id='gallery-5' class='gallery galleryid-25103 gallery-columns-1 gallery-size-full'><figure class='gallery-item'>\n\t\t\t<div class='gallery-icon landscape'>\n\t\t\t\t<img loading=\"lazy\" decoding=\"async\" width=\"678\" height=\"628\" src=\"https:\/\/i0.wp.com\/escolagrancapita.wpcomstaging.com\/wp-content\/uploads\/2025\/03\/5A72C38E-D7BF-49FC-930E-58261917D438_1_105_c-Clara-Barbara-e1742117835935.jpeg?fit=678%2C628&amp;ssl=1\" class=\"attachment-full size-full\" alt=\"\" srcset=\"https:\/\/i0.wp.com\/escolagrancapita.wpcomstaging.com\/wp-content\/uploads\/2025\/03\/5A72C38E-D7BF-49FC-930E-58261917D438_1_105_c-Clara-Barbara-e1742117835935.jpeg?w=678&amp;ssl=1 678w, https:\/\/i0.wp.com\/escolagrancapita.wpcomstaging.com\/wp-content\/uploads\/2025\/03\/5A72C38E-D7BF-49FC-930E-58261917D438_1_105_c-Clara-Barbara-e1742117835935.jpeg?resize=300%2C278&amp;ssl=1 300w\" sizes=\"auto, (max-width: 678px) 100vw, 678px\" \/>\n\t\t\t<\/div><\/figure>\n\t\t<\/div>\n\n","protected":false},"excerpt":{"rendered":"<p>3r de Prim\u00e0ria ha finalitzat el segon trimestre amb el projecte &#8220;Artistes geom\u00e8trics&#8221;, una experi\u00e8ncia enriquidora que ha combinat el coneixement matem\u00e0tic amb l\u2019expressi\u00f3 art\u00edstica a les \u00e0rees de Matem\u00e0tiques i Arts &amp; Crafts. Despr\u00e9s d\u2019explorar els pol\u00edgons i la<\/p>\n","protected":false},"author":1,"featured_media":0,"parent":0,"menu_order":0,"comment_status":"closed","ping_status":"closed","template":"","meta":{"_crdt_document":"","footnotes":""},"categories":[75],"tags":[149,86],"class_list":["post-25103","page","type-page","status-publish","hentry","category-activitats","tag-curs-2024-25","tag-ed-primaria"],"jetpack_sharing_enabled":true,"_links":{"self":[{"href":"https:\/\/escolagrancapita.wpcomstaging.com\/index.php?rest_route=\/wp\/v2\/pages\/25103","targetHints":{"allow":["GET"]}}],"collection":[{"href":"https:\/\/escolagrancapita.wpcomstaging.com\/index.php?rest_route=\/wp\/v2\/pages"}],"about":[{"href":"https:\/\/escolagrancapita.wpcomstaging.com\/index.php?rest_route=\/wp\/v2\/types\/page"}],"author":[{"embeddable":true,"href":"https:\/\/escolagrancapita.wpcomstaging.com\/index.php?rest_route=\/wp\/v2\/users\/1"}],"replies":[{"embeddable":true,"href":"https:\/\/escolagrancapita.wpcomstaging.com\/index.php?rest_route=%2Fwp%2Fv2%2Fcomments&post=25103"}],"version-history":[{"count":4,"href":"https:\/\/escolagrancapita.wpcomstaging.com\/index.php?rest_route=\/wp\/v2\/pages\/25103\/revisions"}],"predecessor-version":[{"id":25905,"href":"https:\/\/escolagrancapita.wpcomstaging.com\/index.php?rest_route=\/wp\/v2\/pages\/25103\/revisions\/25905"}],"wp:attachment":[{"href":"https:\/\/escolagrancapita.wpcomstaging.com\/index.php?rest_route=%2Fwp%2Fv2%2Fmedia&parent=25103"}],"wp:term":[{"taxonomy":"category","embeddable":true,"href":"https:\/\/escolagrancapita.wpcomstaging.com\/index.php?rest_route=%2Fwp%2Fv2%2Fcategories&post=25103"},{"taxonomy":"post_tag","embeddable":true,"href":"https:\/\/escolagrancapita.wpcomstaging.com\/index.php?rest_route=%2Fwp%2Fv2%2Ftags&post=25103"}],"curies":[{"name":"wp","href":"https:\/\/api.w.org\/{rel}","templated":true}]}}