{"id":25178,"date":"2025-03-30T09:53:01","date_gmt":"2025-03-30T09:53:01","guid":{"rendered":"https:\/\/escolagrancapita.wpcomstaging.com\/?page_id=25178"},"modified":"2025-04-06T08:26:14","modified_gmt":"2025-04-06T08:26:14","slug":"abs-un-viatge-per-descobrir-lescola","status":"publish","type":"page","link":"https:\/\/escolagrancapita.wpcomstaging.com\/?page_id=25178","title":{"rendered":"ABS: Un viatge per descobrir l\u2019escola"},"content":{"rendered":"<p class=\"\" style=\"text-align: justify;\" data-start=\"60\" data-end=\"333\">Durant el segon trimestre, 2n de Prim\u00e0ria ha realitzat un projecte d\u2019Aprenentatge Basat en Situacions (ABS) dedicat a con\u00e8ixer millor el centre; un viatge per descobrir l\u2019escola.<\/p>\n<p class=\"\" style=\"text-align: justify;\" data-start=\"335\" data-end=\"569\">Per comen\u00e7ar, van preparar entrevistes per parlar amb avis i familiars grans, amb l\u2019objectiu de descobrir com era l\u2019escola en altres temps. Les experi\u00e8ncies compartides van ser molt enriquidores i van despertar la curiositat del grup.<\/p>\n<p class=\"\" style=\"text-align: justify;\" data-start=\"571\" data-end=\"941\">La descoberta va continuar amb <strong>la visita del Jos\u00e9 Rafael<\/strong>, antic director del centre, que va explicar la hist\u00f2ria de l\u2019escola des dels seus inicis. Gr\u00e0cies a les seves paraules, van con\u00e8ixer qui va ser Francisco Bujalance (fundador del centre), per qu\u00e8 l\u2019escola es diu <a href=\"https:\/\/ca.wikipedia.org\/wiki\/Gonzalo_Fern%C3%A1ndez_de_C%C3%B3rdoba\" target=\"_blank\" rel=\"noopener\">Gran Capit\u00e0<\/a> i quina relaci\u00f3 t\u00e9 amb C\u00f3rdoba. Imatges antigues van ajudar a observar com ha evolucionat l\u2019edifici al llarg dels anys.<\/p>\n<div id='gallery-1' class='gallery galleryid-25178 gallery-columns-2 gallery-size-full'><figure class='gallery-item'>\n\t\t\t<div class='gallery-icon landscape'>\n\t\t\t\t<img loading=\"lazy\" decoding=\"async\" width=\"4080\" height=\"3060\" src=\"https:\/\/i0.wp.com\/escolagrancapita.wpcomstaging.com\/wp-content\/uploads\/2025\/03\/2PRI_Escola-5.jpg?fit=4080%2C3060&amp;ssl=1\" class=\"attachment-full size-full\" alt=\"\" srcset=\"https:\/\/i0.wp.com\/escolagrancapita.wpcomstaging.com\/wp-content\/uploads\/2025\/03\/2PRI_Escola-5.jpg?w=4080&amp;ssl=1 4080w, https:\/\/i0.wp.com\/escolagrancapita.wpcomstaging.com\/wp-content\/uploads\/2025\/03\/2PRI_Escola-5.jpg?resize=300%2C225&amp;ssl=1 300w, https:\/\/i0.wp.com\/escolagrancapita.wpcomstaging.com\/wp-content\/uploads\/2025\/03\/2PRI_Escola-5.jpg?resize=1024%2C768&amp;ssl=1 1024w, https:\/\/i0.wp.com\/escolagrancapita.wpcomstaging.com\/wp-content\/uploads\/2025\/03\/2PRI_Escola-5.jpg?resize=768%2C576&amp;ssl=1 768w, https:\/\/i0.wp.com\/escolagrancapita.wpcomstaging.com\/wp-content\/uploads\/2025\/03\/2PRI_Escola-5.jpg?resize=1536%2C1152&amp;ssl=1 1536w, https:\/\/i0.wp.com\/escolagrancapita.wpcomstaging.com\/wp-content\/uploads\/2025\/03\/2PRI_Escola-5.jpg?resize=2048%2C1536&amp;ssl=1 2048w, https:\/\/i0.wp.com\/escolagrancapita.wpcomstaging.com\/wp-content\/uploads\/2025\/03\/2PRI_Escola-5.jpg?w=2250&amp;ssl=1 2250w\" sizes=\"auto, (max-width: 750px) 100vw, 750px\" \/>\n\t\t\t<\/div><\/figure><figure class='gallery-item'>\n\t\t\t<div class='gallery-icon landscape'>\n\t\t\t\t<img loading=\"lazy\" decoding=\"async\" width=\"4080\" height=\"3060\" src=\"https:\/\/i0.wp.com\/escolagrancapita.wpcomstaging.com\/wp-content\/uploads\/2025\/03\/2PRI_Escola-4.jpg?fit=4080%2C3060&amp;ssl=1\" class=\"attachment-full size-full\" alt=\"\" srcset=\"https:\/\/i0.wp.com\/escolagrancapita.wpcomstaging.com\/wp-content\/uploads\/2025\/03\/2PRI_Escola-4.jpg?w=4080&amp;ssl=1 4080w, https:\/\/i0.wp.com\/escolagrancapita.wpcomstaging.com\/wp-content\/uploads\/2025\/03\/2PRI_Escola-4.jpg?resize=300%2C225&amp;ssl=1 300w, https:\/\/i0.wp.com\/escolagrancapita.wpcomstaging.com\/wp-content\/uploads\/2025\/03\/2PRI_Escola-4.jpg?resize=1024%2C768&amp;ssl=1 1024w, https:\/\/i0.wp.com\/escolagrancapita.wpcomstaging.com\/wp-content\/uploads\/2025\/03\/2PRI_Escola-4.jpg?resize=768%2C576&amp;ssl=1 768w, https:\/\/i0.wp.com\/escolagrancapita.wpcomstaging.com\/wp-content\/uploads\/2025\/03\/2PRI_Escola-4.jpg?resize=1536%2C1152&amp;ssl=1 1536w, https:\/\/i0.wp.com\/escolagrancapita.wpcomstaging.com\/wp-content\/uploads\/2025\/03\/2PRI_Escola-4.jpg?resize=2048%2C1536&amp;ssl=1 2048w, https:\/\/i0.wp.com\/escolagrancapita.wpcomstaging.com\/wp-content\/uploads\/2025\/03\/2PRI_Escola-4.jpg?w=2250&amp;ssl=1 2250w\" sizes=\"auto, (max-width: 750px) 100vw, 750px\" \/>\n\t\t\t<\/div><\/figure>\n\t\t<\/div>\n\n<p class=\"\" style=\"text-align: justify;\" data-start=\"943\" data-end=\"1130\">Amb aquesta informaci\u00f3, van sortir a l\u2019exterior per observar i <strong>dibuixar la fa\u00e7ana del centre amb detall<\/strong>. Aquesta activitat va estimular la capacitat d\u2019observaci\u00f3 i representaci\u00f3 pl\u00e0stica.<\/p>\n<div id='gallery-2' class='gallery galleryid-25178 gallery-columns-3 gallery-size-full'><figure class='gallery-item'>\n\t\t\t<div class='gallery-icon landscape'>\n\t\t\t\t<img loading=\"lazy\" decoding=\"async\" width=\"4080\" height=\"3060\" src=\"https:\/\/i0.wp.com\/escolagrancapita.wpcomstaging.com\/wp-content\/uploads\/2025\/03\/2PRI_Escola-1.jpg?fit=4080%2C3060&amp;ssl=1\" class=\"attachment-full size-full\" alt=\"\" srcset=\"https:\/\/i0.wp.com\/escolagrancapita.wpcomstaging.com\/wp-content\/uploads\/2025\/03\/2PRI_Escola-1.jpg?w=4080&amp;ssl=1 4080w, https:\/\/i0.wp.com\/escolagrancapita.wpcomstaging.com\/wp-content\/uploads\/2025\/03\/2PRI_Escola-1.jpg?resize=300%2C225&amp;ssl=1 300w, https:\/\/i0.wp.com\/escolagrancapita.wpcomstaging.com\/wp-content\/uploads\/2025\/03\/2PRI_Escola-1.jpg?resize=1024%2C768&amp;ssl=1 1024w, https:\/\/i0.wp.com\/escolagrancapita.wpcomstaging.com\/wp-content\/uploads\/2025\/03\/2PRI_Escola-1.jpg?resize=768%2C576&amp;ssl=1 768w, https:\/\/i0.wp.com\/escolagrancapita.wpcomstaging.com\/wp-content\/uploads\/2025\/03\/2PRI_Escola-1.jpg?resize=1536%2C1152&amp;ssl=1 1536w, https:\/\/i0.wp.com\/escolagrancapita.wpcomstaging.com\/wp-content\/uploads\/2025\/03\/2PRI_Escola-1.jpg?resize=2048%2C1536&amp;ssl=1 2048w, https:\/\/i0.wp.com\/escolagrancapita.wpcomstaging.com\/wp-content\/uploads\/2025\/03\/2PRI_Escola-1.jpg?w=2250&amp;ssl=1 2250w\" sizes=\"auto, (max-width: 750px) 100vw, 750px\" \/>\n\t\t\t<\/div><\/figure><figure class='gallery-item'>\n\t\t\t<div class='gallery-icon landscape'>\n\t\t\t\t<img loading=\"lazy\" decoding=\"async\" width=\"4080\" height=\"3060\" src=\"https:\/\/i0.wp.com\/escolagrancapita.wpcomstaging.com\/wp-content\/uploads\/2025\/03\/2PRI_Escola-3.jpg?fit=4080%2C3060&amp;ssl=1\" class=\"attachment-full size-full\" alt=\"\" srcset=\"https:\/\/i0.wp.com\/escolagrancapita.wpcomstaging.com\/wp-content\/uploads\/2025\/03\/2PRI_Escola-3.jpg?w=4080&amp;ssl=1 4080w, https:\/\/i0.wp.com\/escolagrancapita.wpcomstaging.com\/wp-content\/uploads\/2025\/03\/2PRI_Escola-3.jpg?resize=300%2C225&amp;ssl=1 300w, https:\/\/i0.wp.com\/escolagrancapita.wpcomstaging.com\/wp-content\/uploads\/2025\/03\/2PRI_Escola-3.jpg?resize=1024%2C768&amp;ssl=1 1024w, https:\/\/i0.wp.com\/escolagrancapita.wpcomstaging.com\/wp-content\/uploads\/2025\/03\/2PRI_Escola-3.jpg?resize=768%2C576&amp;ssl=1 768w, https:\/\/i0.wp.com\/escolagrancapita.wpcomstaging.com\/wp-content\/uploads\/2025\/03\/2PRI_Escola-3.jpg?resize=1536%2C1152&amp;ssl=1 1536w, https:\/\/i0.wp.com\/escolagrancapita.wpcomstaging.com\/wp-content\/uploads\/2025\/03\/2PRI_Escola-3.jpg?resize=2048%2C1536&amp;ssl=1 2048w, https:\/\/i0.wp.com\/escolagrancapita.wpcomstaging.com\/wp-content\/uploads\/2025\/03\/2PRI_Escola-3.jpg?w=2250&amp;ssl=1 2250w\" sizes=\"auto, (max-width: 750px) 100vw, 750px\" \/>\n\t\t\t<\/div><\/figure><figure class='gallery-item'>\n\t\t\t<div class='gallery-icon landscape'>\n\t\t\t\t<img loading=\"lazy\" decoding=\"async\" width=\"4080\" height=\"3060\" src=\"https:\/\/i0.wp.com\/escolagrancapita.wpcomstaging.com\/wp-content\/uploads\/2025\/03\/2PRI_Escola-2.jpg?fit=4080%2C3060&amp;ssl=1\" class=\"attachment-full size-full\" alt=\"\" srcset=\"https:\/\/i0.wp.com\/escolagrancapita.wpcomstaging.com\/wp-content\/uploads\/2025\/03\/2PRI_Escola-2.jpg?w=4080&amp;ssl=1 4080w, https:\/\/i0.wp.com\/escolagrancapita.wpcomstaging.com\/wp-content\/uploads\/2025\/03\/2PRI_Escola-2.jpg?resize=300%2C225&amp;ssl=1 300w, https:\/\/i0.wp.com\/escolagrancapita.wpcomstaging.com\/wp-content\/uploads\/2025\/03\/2PRI_Escola-2.jpg?resize=1024%2C768&amp;ssl=1 1024w, https:\/\/i0.wp.com\/escolagrancapita.wpcomstaging.com\/wp-content\/uploads\/2025\/03\/2PRI_Escola-2.jpg?resize=768%2C576&amp;ssl=1 768w, https:\/\/i0.wp.com\/escolagrancapita.wpcomstaging.com\/wp-content\/uploads\/2025\/03\/2PRI_Escola-2.jpg?resize=1536%2C1152&amp;ssl=1 1536w, https:\/\/i0.wp.com\/escolagrancapita.wpcomstaging.com\/wp-content\/uploads\/2025\/03\/2PRI_Escola-2.jpg?resize=2048%2C1536&amp;ssl=1 2048w, https:\/\/i0.wp.com\/escolagrancapita.wpcomstaging.com\/wp-content\/uploads\/2025\/03\/2PRI_Escola-2.jpg?w=2250&amp;ssl=1 2250w\" sizes=\"auto, (max-width: 750px) 100vw, 750px\" \/>\n\t\t\t<\/div><\/figure>\n\t\t<\/div>\n\n<div class=\"Qr7Oae\" role=\"listitem\">\n<div class=\"OxAavc JPPuWb NVbRL\" data-item-id=\"1420992900\" data-observe-id=\"1420992900\">\n<div class=\"Ih4Dzb\">\n<div class=\"q4tvle JqSWld yqQS1\" style=\"text-align: justify;\" tabindex=\"0\" role=\"textbox\" aria-label=\"Text\" aria-disabled=\"true\">L&#8217;Aina va portar a la classe, l&#8217;enciclop\u00e8dia, el llibre de text que feien servir els seus avis a l&#8217;escola.<\/div>\n<\/div>\n<div>\n<div class=\"uArJ5e UQuaGc kCyAyd CtwTre\" tabindex=\"0\" role=\"button\">\n<div class=\"Fvio9d MbhUzd\"><\/div>\n<div class=\"e19J0b CeoRYc\">\n<div id='gallery-3' class='gallery galleryid-25178 gallery-columns-1 gallery-size-full'><figure class='gallery-item'>\n\t\t\t<div class='gallery-icon landscape'>\n\t\t\t\t<img loading=\"lazy\" decoding=\"async\" width=\"3060\" height=\"2924\" src=\"https:\/\/i0.wp.com\/escolagrancapita.wpcomstaging.com\/wp-content\/uploads\/2025\/04\/20250211_153410-Ana-Abajo-1-rotated-e1743927963212.jpg?fit=3060%2C2924&amp;ssl=1\" class=\"attachment-full size-full\" alt=\"\" srcset=\"https:\/\/i0.wp.com\/escolagrancapita.wpcomstaging.com\/wp-content\/uploads\/2025\/04\/20250211_153410-Ana-Abajo-1-rotated-e1743927963212.jpg?w=3060&amp;ssl=1 3060w, https:\/\/i0.wp.com\/escolagrancapita.wpcomstaging.com\/wp-content\/uploads\/2025\/04\/20250211_153410-Ana-Abajo-1-rotated-e1743927963212.jpg?resize=300%2C287&amp;ssl=1 300w, https:\/\/i0.wp.com\/escolagrancapita.wpcomstaging.com\/wp-content\/uploads\/2025\/04\/20250211_153410-Ana-Abajo-1-rotated-e1743927963212.jpg?resize=1024%2C978&amp;ssl=1 1024w, https:\/\/i0.wp.com\/escolagrancapita.wpcomstaging.com\/wp-content\/uploads\/2025\/04\/20250211_153410-Ana-Abajo-1-rotated-e1743927963212.jpg?resize=768%2C734&amp;ssl=1 768w, https:\/\/i0.wp.com\/escolagrancapita.wpcomstaging.com\/wp-content\/uploads\/2025\/04\/20250211_153410-Ana-Abajo-1-rotated-e1743927963212.jpg?resize=1536%2C1468&amp;ssl=1 1536w, https:\/\/i0.wp.com\/escolagrancapita.wpcomstaging.com\/wp-content\/uploads\/2025\/04\/20250211_153410-Ana-Abajo-1-rotated-e1743927963212.jpg?resize=2048%2C1957&amp;ssl=1 2048w, https:\/\/i0.wp.com\/escolagrancapita.wpcomstaging.com\/wp-content\/uploads\/2025\/04\/20250211_153410-Ana-Abajo-1-rotated-e1743927963212.jpg?w=2250&amp;ssl=1 2250w\" sizes=\"auto, (max-width: 750px) 100vw, 750px\" \/>\n\t\t\t<\/div><\/figure>\n\t\t<\/div>\n\n<\/div>\n<\/div>\n<\/div>\n<\/div>\n<\/div>\n<p class=\"\" style=\"text-align: justify;\" data-start=\"1132\" data-end=\"1464\">A m\u00e9s, van descobrir quins oficis treballen a l\u2019escola. Repartits en equips, van preparar entrevistes per con\u00e8ixer millor la tasca de la directora, el conserge, una mestra, un monitor de menjador i el personal de neteja. Cada grup va enregistrar la seva entrevista i, amb totes elles, es va crear el <strong>programa &#8220;<em data-start=\"1441\" data-end=\"1463\"><strong>El<\/strong>s Rumbers de Segon&#8221;<\/em><\/strong>.<\/p>\n<p style=\"text-align: center;\" data-start=\"1132\" data-end=\"1464\"><iframe loading=\"lazy\" title=\"ABS: Un viatge per descobrir l\u2019escola\" src=\"https:\/\/www.youtube.com\/embed\/Efp3P5o4GR0\" width=\"895\" height=\"503\" frameborder=\"0\" allowfullscreen=\"allowfullscreen\"><\/iframe><\/p>\n<p class=\"\" style=\"text-align: justify;\" data-start=\"1466\" data-end=\"1679\">Un projecte que ha combinat hist\u00f2ria, expressi\u00f3 oral, treball en equip i descoberta de l\u2019entorn, <strong>refor\u00e7ant el sentiment de pertinen\u00e7a i el respecte per totes les persones que formen part de la comunitat educativa<\/strong>.<\/p>\n","protected":false},"excerpt":{"rendered":"<p>Durant el segon trimestre, 2n de Prim\u00e0ria ha realitzat un projecte d\u2019Aprenentatge Basat en Situacions (ABS) dedicat a con\u00e8ixer millor el centre; un viatge per descobrir l\u2019escola. Per comen\u00e7ar, van preparar entrevistes per parlar amb avis i familiars grans, amb<\/p>\n","protected":false},"author":1,"featured_media":0,"parent":0,"menu_order":0,"comment_status":"closed","ping_status":"closed","template":"","meta":{"_crdt_document":"","footnotes":""},"categories":[75],"tags":[149,86,79],"class_list":["post-25178","page","type-page","status-publish","hentry","category-activitats","tag-curs-2024-25","tag-ed-primaria","tag-projectes"],"jetpack_sharing_enabled":true,"_links":{"self":[{"href":"https:\/\/escolagrancapita.wpcomstaging.com\/index.php?rest_route=\/wp\/v2\/pages\/25178","targetHints":{"allow":["GET"]}}],"collection":[{"href":"https:\/\/escolagrancapita.wpcomstaging.com\/index.php?rest_route=\/wp\/v2\/pages"}],"about":[{"href":"https:\/\/escolagrancapita.wpcomstaging.com\/index.php?rest_route=\/wp\/v2\/types\/page"}],"author":[{"embeddable":true,"href":"https:\/\/escolagrancapita.wpcomstaging.com\/index.php?rest_route=\/wp\/v2\/users\/1"}],"replies":[{"embeddable":true,"href":"https:\/\/escolagrancapita.wpcomstaging.com\/index.php?rest_route=%2Fwp%2Fv2%2Fcomments&post=25178"}],"version-history":[{"count":5,"href":"https:\/\/escolagrancapita.wpcomstaging.com\/index.php?rest_route=\/wp\/v2\/pages\/25178\/revisions"}],"predecessor-version":[{"id":25389,"href":"https:\/\/escolagrancapita.wpcomstaging.com\/index.php?rest_route=\/wp\/v2\/pages\/25178\/revisions\/25389"}],"wp:attachment":[{"href":"https:\/\/escolagrancapita.wpcomstaging.com\/index.php?rest_route=%2Fwp%2Fv2%2Fmedia&parent=25178"}],"wp:term":[{"taxonomy":"category","embeddable":true,"href":"https:\/\/escolagrancapita.wpcomstaging.com\/index.php?rest_route=%2Fwp%2Fv2%2Fcategories&post=25178"},{"taxonomy":"post_tag","embeddable":true,"href":"https:\/\/escolagrancapita.wpcomstaging.com\/index.php?rest_route=%2Fwp%2Fv2%2Ftags&post=25178"}],"curies":[{"name":"wp","href":"https:\/\/api.w.org\/{rel}","templated":true}]}}