{"id":25438,"date":"2025-04-13T08:25:50","date_gmt":"2025-04-13T08:25:50","guid":{"rendered":"https:\/\/escolagrancapita.wpcomstaging.com\/?page_id=25438"},"modified":"2025-04-13T09:05:59","modified_gmt":"2025-04-13T09:05:59","slug":"abs-descobrim-qui-som","status":"publish","type":"page","link":"https:\/\/escolagrancapita.wpcomstaging.com\/?page_id=25438","title":{"rendered":"ABS: La fam\u00edlia i jo"},"content":{"rendered":"<p style=\"text-align: justify;\">Al llarg del segon trimestre, 1r de Prim\u00e0ria s\u2019ha endinsat en una Situaci\u00f3 d\u2019Aprenentatge centrada en <strong>\u201cLa fam\u00edlia i jo\u201d<\/strong>, amb el repte de descobrir qui s\u00f3n.<\/p>\n<p style=\"text-align: justify;\">Durant aquest proc\u00e9s, han dut a terme activitats molt diverses com la descoberta personal a partir d\u2019un sobre amb una imatge de la seva fam\u00edlia, el disseny del pl\u00e0nol d\u2019una casa i la seva construcci\u00f3 amb material reciclat, la redacci\u00f3 de descripcions dels membres de la fam\u00edlia o la presentaci\u00f3 d\u2019una entrevista a un familiar.<\/p>\n<p style=\"text-align: center;\"><iframe loading=\"lazy\" title=\"ABS: Descobrim qui som!\" src=\"https:\/\/www.youtube.com\/embed\/ABQa2EpULdA\" width=\"487\" height=\"865\" frameborder=\"0\" allowfullscreen=\"allowfullscreen\"><\/iframe><\/p>\n<p style=\"text-align: justify;\">Tamb\u00e9 han creat i resolt problemes matem\u00e0tics sobre la tem\u00e0tica familiar, han confeccionat un m\u00f2bil titulat \u201cEl meu m\u00f3n\u201d per fomentar l\u2019autoconeixement i han organitzat una gimcana familiar, compartida amb entusiasme i il\u00b7lusi\u00f3.<\/p>\n<p style=\"text-align: justify;\">Aquest projecte ha afavorit el coneixement personal, l\u2019expressi\u00f3 emocional i la connexi\u00f3 familiar, tot valorant la import\u00e0ncia de l\u2019agra\u00efment i assolint amb \u00e8xit el repte de descobrir qui som.<\/p>\n","protected":false},"excerpt":{"rendered":"<p>Al llarg del segon trimestre, 1r de Prim\u00e0ria s\u2019ha endinsat en una Situaci\u00f3 d\u2019Aprenentatge centrada en \u201cLa fam\u00edlia i jo\u201d, amb el repte de descobrir qui s\u00f3n. Durant aquest proc\u00e9s, han dut a terme activitats molt diverses com la descoberta<\/p>\n","protected":false},"author":1,"featured_media":0,"parent":0,"menu_order":0,"comment_status":"closed","ping_status":"closed","template":"","meta":{"_crdt_document":"","footnotes":""},"categories":[92],"tags":[149,86,79],"class_list":["post-25438","page","type-page","status-publish","hentry","category-projectes","tag-curs-2024-25","tag-ed-primaria","tag-projectes"],"jetpack_sharing_enabled":true,"_links":{"self":[{"href":"https:\/\/escolagrancapita.wpcomstaging.com\/index.php?rest_route=\/wp\/v2\/pages\/25438","targetHints":{"allow":["GET"]}}],"collection":[{"href":"https:\/\/escolagrancapita.wpcomstaging.com\/index.php?rest_route=\/wp\/v2\/pages"}],"about":[{"href":"https:\/\/escolagrancapita.wpcomstaging.com\/index.php?rest_route=\/wp\/v2\/types\/page"}],"author":[{"embeddable":true,"href":"https:\/\/escolagrancapita.wpcomstaging.com\/index.php?rest_route=\/wp\/v2\/users\/1"}],"replies":[{"embeddable":true,"href":"https:\/\/escolagrancapita.wpcomstaging.com\/index.php?rest_route=%2Fwp%2Fv2%2Fcomments&post=25438"}],"version-history":[{"count":3,"href":"https:\/\/escolagrancapita.wpcomstaging.com\/index.php?rest_route=\/wp\/v2\/pages\/25438\/revisions"}],"predecessor-version":[{"id":25499,"href":"https:\/\/escolagrancapita.wpcomstaging.com\/index.php?rest_route=\/wp\/v2\/pages\/25438\/revisions\/25499"}],"wp:attachment":[{"href":"https:\/\/escolagrancapita.wpcomstaging.com\/index.php?rest_route=%2Fwp%2Fv2%2Fmedia&parent=25438"}],"wp:term":[{"taxonomy":"category","embeddable":true,"href":"https:\/\/escolagrancapita.wpcomstaging.com\/index.php?rest_route=%2Fwp%2Fv2%2Fcategories&post=25438"},{"taxonomy":"post_tag","embeddable":true,"href":"https:\/\/escolagrancapita.wpcomstaging.com\/index.php?rest_route=%2Fwp%2Fv2%2Ftags&post=25438"}],"curies":[{"name":"wp","href":"https:\/\/api.w.org\/{rel}","templated":true}]}}

ABS: La família i jo

<p style="text-align: justify;">Al llarg del segon trimestre, 1r de Primària s’ha endinsat en una Situació d’Aprenentatge centrada en <strong>“La família i jo”</strong>, amb el repte de descobrir qui són.</p>
<p style="text-align: justify;">Durant aquest procés, han dut a terme activitats molt diverses com la descoberta personal a partir d’un sobre amb una imatge de la seva família, el disseny del plànol d’una casa i la seva construcció amb material reciclat, la redacció de descripcions dels membres de la família o la presentació d’una entrevista a un familiar.</p>
<p style="text-align: center;"><iframe loading="lazy" title="ABS: Descobrim qui som!" src="https://www.youtube.com/embed/ABQa2EpULdA" width="487" height="865" frameborder="0" allowfullscreen="allowfullscreen"></iframe></p>
<p style="text-align: justify;">També han creat i resolt problemes matemàtics sobre la temàtica familiar, han confeccionat un mòbil titulat “El meu món” per fomentar l’autoconeixement i han organitzat una gimcana familiar, compartida amb entusiasme i il·lusió.</p>
<p style="text-align: justify;">Aquest projecte ha afavorit el coneixement personal, l’expressió emocional i la connexió familiar, tot valorant la importància de l’agraïment i assolint amb èxit el repte de descobrir qui som.</p>

<p>Al llarg del segon trimestre, 1r de Primària s’ha endinsat en una Situació d’Aprenentatge centrada en “La família i jo”, amb el repte de descobrir qui són. Durant aquest procés, han dut a terme activitats molt diverses com la descoberta</p>
