{"id":26114,"date":"2025-06-15T09:13:37","date_gmt":"2025-06-15T09:13:37","guid":{"rendered":"https:\/\/escolagrancapita.wpcomstaging.com\/?page_id=26114"},"modified":"2025-06-15T10:01:42","modified_gmt":"2025-06-15T10:01:42","slug":"cloenda-digital-plena-democio-per-a-i5","status":"publish","type":"page","link":"https:\/\/escolagrancapita.wpcomstaging.com\/?page_id=26114","title":{"rendered":"Cloenda digital plena d\u2019emoci\u00f3 per a I5"},"content":{"rendered":"<p style=\"text-align: justify;\">Al juny, I5 va viure una jornada molt especial amb la <strong>darrera sessi\u00f3 d\u2019inform\u00e0tica<\/strong>, que va posar punt final a tres anys plens d\u2019aprenentatge, descobertes i grans assoliments tecnol\u00f2gics.<\/p>\n<div id='gallery-1' class='gallery galleryid-26114 gallery-columns-2 gallery-size-full'><figure class='gallery-item'>\n\t\t\t<div class='gallery-icon landscape'>\n\t\t\t\t<img loading=\"lazy\" decoding=\"async\" width=\"1600\" height=\"1200\" src=\"https:\/\/i0.wp.com\/escolagrancapita.wpcomstaging.com\/wp-content\/uploads\/2025\/06\/PHOTO-2025-06-06-16-08-04-anabel-marti-senso.jpg?fit=1600%2C1200&amp;ssl=1\" class=\"attachment-full size-full\" alt=\"\" srcset=\"https:\/\/i0.wp.com\/escolagrancapita.wpcomstaging.com\/wp-content\/uploads\/2025\/06\/PHOTO-2025-06-06-16-08-04-anabel-marti-senso.jpg?w=1600&amp;ssl=1 1600w, https:\/\/i0.wp.com\/escolagrancapita.wpcomstaging.com\/wp-content\/uploads\/2025\/06\/PHOTO-2025-06-06-16-08-04-anabel-marti-senso.jpg?resize=300%2C225&amp;ssl=1 300w, https:\/\/i0.wp.com\/escolagrancapita.wpcomstaging.com\/wp-content\/uploads\/2025\/06\/PHOTO-2025-06-06-16-08-04-anabel-marti-senso.jpg?resize=1024%2C768&amp;ssl=1 1024w, https:\/\/i0.wp.com\/escolagrancapita.wpcomstaging.com\/wp-content\/uploads\/2025\/06\/PHOTO-2025-06-06-16-08-04-anabel-marti-senso.jpg?resize=768%2C576&amp;ssl=1 768w, https:\/\/i0.wp.com\/escolagrancapita.wpcomstaging.com\/wp-content\/uploads\/2025\/06\/PHOTO-2025-06-06-16-08-04-anabel-marti-senso.jpg?resize=1536%2C1152&amp;ssl=1 1536w\" sizes=\"auto, (max-width: 750px) 100vw, 750px\" \/>\n\t\t\t<\/div><\/figure><figure class='gallery-item'>\n\t\t\t<div class='gallery-icon landscape'>\n\t\t\t\t<img loading=\"lazy\" decoding=\"async\" width=\"1600\" height=\"1200\" src=\"https:\/\/i0.wp.com\/escolagrancapita.wpcomstaging.com\/wp-content\/uploads\/2025\/06\/PHOTO-2025-06-06-16-08-04-4-anabel-marti-senso.jpg?fit=1600%2C1200&amp;ssl=1\" class=\"attachment-full size-full\" alt=\"\" srcset=\"https:\/\/i0.wp.com\/escolagrancapita.wpcomstaging.com\/wp-content\/uploads\/2025\/06\/PHOTO-2025-06-06-16-08-04-4-anabel-marti-senso.jpg?w=1600&amp;ssl=1 1600w, https:\/\/i0.wp.com\/escolagrancapita.wpcomstaging.com\/wp-content\/uploads\/2025\/06\/PHOTO-2025-06-06-16-08-04-4-anabel-marti-senso.jpg?resize=300%2C225&amp;ssl=1 300w, https:\/\/i0.wp.com\/escolagrancapita.wpcomstaging.com\/wp-content\/uploads\/2025\/06\/PHOTO-2025-06-06-16-08-04-4-anabel-marti-senso.jpg?resize=1024%2C768&amp;ssl=1 1024w, https:\/\/i0.wp.com\/escolagrancapita.wpcomstaging.com\/wp-content\/uploads\/2025\/06\/PHOTO-2025-06-06-16-08-04-4-anabel-marti-senso.jpg?resize=768%2C576&amp;ssl=1 768w, https:\/\/i0.wp.com\/escolagrancapita.wpcomstaging.com\/wp-content\/uploads\/2025\/06\/PHOTO-2025-06-06-16-08-04-4-anabel-marti-senso.jpg?resize=1536%2C1152&amp;ssl=1 1536w\" sizes=\"auto, (max-width: 750px) 100vw, 750px\" \/>\n\t\t\t<\/div><\/figure>\n\t\t<\/div>\n\n<p style=\"text-align: justify;\">Durant aquest temps, han fet les seves primeres passes en el m\u00f3n digital, aprenent a utilitzar dispositius, a col\u00b7laborar amb els companys i a desenvolupar habilitats fonamentals per al futur. Cada activitat ha estat una mostra de la seva capacitat d\u2019adaptaci\u00f3, creativitat i entusiasme.<\/p>\n<p style=\"text-align: justify;\">Per recon\u00e8ixer la seva traject\u00f2ria, es va celebrar una sessi\u00f3 molt emotiva on tothom va rebre una medalla al &#8220;Millor Inform\u00e0tic i Inform\u00e0tica de Nivell Infantil&#8221;, un gest simb\u00f2lic que recull tot l\u2019esfor\u00e7 i la il\u00b7lusi\u00f3 d\u2019aquesta etapa.<\/p>\n<div id='gallery-2' class='gallery galleryid-26114 gallery-columns-2 gallery-size-full'><figure class='gallery-item'>\n\t\t\t<div class='gallery-icon landscape'>\n\t\t\t\t<img loading=\"lazy\" decoding=\"async\" width=\"1200\" height=\"1043\" src=\"https:\/\/i0.wp.com\/escolagrancapita.wpcomstaging.com\/wp-content\/uploads\/2025\/06\/PHOTO-2025-06-06-16-08-05-anabel-marti-senso-e1749978790831.jpg?fit=1200%2C1043&amp;ssl=1\" class=\"attachment-full size-full\" alt=\"\" srcset=\"https:\/\/i0.wp.com\/escolagrancapita.wpcomstaging.com\/wp-content\/uploads\/2025\/06\/PHOTO-2025-06-06-16-08-05-anabel-marti-senso-e1749978790831.jpg?w=1200&amp;ssl=1 1200w, https:\/\/i0.wp.com\/escolagrancapita.wpcomstaging.com\/wp-content\/uploads\/2025\/06\/PHOTO-2025-06-06-16-08-05-anabel-marti-senso-e1749978790831.jpg?resize=300%2C261&amp;ssl=1 300w, https:\/\/i0.wp.com\/escolagrancapita.wpcomstaging.com\/wp-content\/uploads\/2025\/06\/PHOTO-2025-06-06-16-08-05-anabel-marti-senso-e1749978790831.jpg?resize=1024%2C890&amp;ssl=1 1024w, https:\/\/i0.wp.com\/escolagrancapita.wpcomstaging.com\/wp-content\/uploads\/2025\/06\/PHOTO-2025-06-06-16-08-05-anabel-marti-senso-e1749978790831.jpg?resize=768%2C668&amp;ssl=1 768w\" sizes=\"auto, (max-width: 750px) 100vw, 750px\" \/>\n\t\t\t<\/div><\/figure><figure class='gallery-item'>\n\t\t\t<div class='gallery-icon landscape'>\n\t\t\t\t<img loading=\"lazy\" decoding=\"async\" width=\"1200\" height=\"1043\" src=\"https:\/\/i0.wp.com\/escolagrancapita.wpcomstaging.com\/wp-content\/uploads\/2025\/06\/PHOTO-2025-06-06-16-08-05-2-anabel-marti-senso-e1749978812246.jpg?fit=1200%2C1043&amp;ssl=1\" class=\"attachment-full size-full\" alt=\"\" srcset=\"https:\/\/i0.wp.com\/escolagrancapita.wpcomstaging.com\/wp-content\/uploads\/2025\/06\/PHOTO-2025-06-06-16-08-05-2-anabel-marti-senso-e1749978812246.jpg?w=1200&amp;ssl=1 1200w, https:\/\/i0.wp.com\/escolagrancapita.wpcomstaging.com\/wp-content\/uploads\/2025\/06\/PHOTO-2025-06-06-16-08-05-2-anabel-marti-senso-e1749978812246.jpg?resize=300%2C261&amp;ssl=1 300w, https:\/\/i0.wp.com\/escolagrancapita.wpcomstaging.com\/wp-content\/uploads\/2025\/06\/PHOTO-2025-06-06-16-08-05-2-anabel-marti-senso-e1749978812246.jpg?resize=1024%2C890&amp;ssl=1 1024w, https:\/\/i0.wp.com\/escolagrancapita.wpcomstaging.com\/wp-content\/uploads\/2025\/06\/PHOTO-2025-06-06-16-08-05-2-anabel-marti-senso-e1749978812246.jpg?resize=768%2C668&amp;ssl=1 768w\" sizes=\"auto, (max-width: 750px) 100vw, 750px\" \/>\n\t\t\t<\/div><\/figure>\n\t\t<\/div>\n\n<p style=\"text-align: justify;\">Des de l\u2019equip docent, es felicita el grup per la const\u00e0ncia i les ganes d\u2019aprendre demostrades al llarg del cicle. Estem molt orgullosos de cada infant! <strong data-start=\"109\" data-end=\"220\">A m\u00e9s, us convidem a jugar i experimentar amb els jocs i activitats que hem creat des de l\u2019escola amb <a href=\"https:\/\/scratch.mit.edu\/users\/grancapita\/studios\/\" target=\"_blank\" rel=\"noopener\">Scratch<\/a>.<\/strong><\/p>\n<p style=\"text-align: justify;\">Enhorabona, campions i campiones digitals! Comen\u00e7a una nova aventura a Prim\u00e0ria, i de ben segur continuar\u00e0 plena d\u2019\u00e8xits.<\/p>\n","protected":false},"excerpt":{"rendered":"<p>Al juny, I5 va viure una jornada molt especial amb la darrera sessi\u00f3 d\u2019inform\u00e0tica, que va posar punt final a tres anys plens d\u2019aprenentatge, descobertes i grans assoliments tecnol\u00f2gics. Durant aquest temps, han fet les seves primeres passes en el<\/p>\n","protected":false},"author":1,"featured_media":0,"parent":0,"menu_order":0,"comment_status":"closed","ping_status":"closed","template":"","meta":{"_crdt_document":"","footnotes":""},"categories":[],"tags":[149,77],"class_list":["post-26114","page","type-page","status-publish","hentry","tag-curs-2024-25","tag-ed-infantil"],"jetpack_sharing_enabled":true,"_links":{"self":[{"href":"https:\/\/escolagrancapita.wpcomstaging.com\/index.php?rest_route=\/wp\/v2\/pages\/26114","targetHints":{"allow":["GET"]}}],"collection":[{"href":"https:\/\/escolagrancapita.wpcomstaging.com\/index.php?rest_route=\/wp\/v2\/pages"}],"about":[{"href":"https:\/\/escolagrancapita.wpcomstaging.com\/index.php?rest_route=\/wp\/v2\/types\/page"}],"author":[{"embeddable":true,"href":"https:\/\/escolagrancapita.wpcomstaging.com\/index.php?rest_route=\/wp\/v2\/users\/1"}],"replies":[{"embeddable":true,"href":"https:\/\/escolagrancapita.wpcomstaging.com\/index.php?rest_route=%2Fwp%2Fv2%2Fcomments&post=26114"}],"version-history":[{"count":2,"href":"https:\/\/escolagrancapita.wpcomstaging.com\/index.php?rest_route=\/wp\/v2\/pages\/26114\/revisions"}],"predecessor-version":[{"id":26228,"href":"https:\/\/escolagrancapita.wpcomstaging.com\/index.php?rest_route=\/wp\/v2\/pages\/26114\/revisions\/26228"}],"wp:attachment":[{"href":"https:\/\/escolagrancapita.wpcomstaging.com\/index.php?rest_route=%2Fwp%2Fv2%2Fmedia&parent=26114"}],"wp:term":[{"taxonomy":"category","embeddable":true,"href":"https:\/\/escolagrancapita.wpcomstaging.com\/index.php?rest_route=%2Fwp%2Fv2%2Fcategories&post=26114"},{"taxonomy":"post_tag","embeddable":true,"href":"https:\/\/escolagrancapita.wpcomstaging.com\/index.php?rest_route=%2Fwp%2Fv2%2Ftags&post=26114"}],"curies":[{"name":"wp","href":"https:\/\/api.w.org\/{rel}","templated":true}]}}

Cloenda digital plena d’emoció per a I5

<p style="text-align: justify;">Al juny, I5 va viure una jornada molt especial amb la <strong>darrera sessió d’informàtica</strong>, que va posar punt final a tres anys plens d’aprenentatge, descobertes i grans assoliments tecnològics.</p>
<div id='gallery-1' class='gallery galleryid-26114 gallery-columns-2 gallery-size-full'><figure class='gallery-item'>
			<div class='gallery-icon landscape'>
				<img loading="lazy" decoding="async" width="1600" height="1200" src="https://i0.wp.com/escolagrancapita.wpcomstaging.com/wp-content/uploads/2025/06/PHOTO-2025-06-06-16-08-04-anabel-marti-senso.jpg?fit=1600%2C1200&amp;ssl=1" class="attachment-full size-full" alt="" srcset="https://i0.wp.com/escolagrancapita.wpcomstaging.com/wp-content/uploads/2025/06/PHOTO-2025-06-06-16-08-04-anabel-marti-senso.jpg?w=1600&amp;ssl=1 1600w, https://i0.wp.com/escolagrancapita.wpcomstaging.com/wp-content/uploads/2025/06/PHOTO-2025-06-06-16-08-04-anabel-marti-senso.jpg?resize=300%2C225&amp;ssl=1 300w, https://i0.wp.com/escolagrancapita.wpcomstaging.com/wp-content/uploads/2025/06/PHOTO-2025-06-06-16-08-04-anabel-marti-senso.jpg?resize=1024%2C768&amp;ssl=1 1024w, https://i0.wp.com/escolagrancapita.wpcomstaging.com/wp-content/uploads/2025/06/PHOTO-2025-06-06-16-08-04-anabel-marti-senso.jpg?resize=768%2C576&amp;ssl=1 768w, https://i0.wp.com/escolagrancapita.wpcomstaging.com/wp-content/uploads/2025/06/PHOTO-2025-06-06-16-08-04-anabel-marti-senso.jpg?resize=1536%2C1152&amp;ssl=1 1536w" sizes="auto, (max-width: 750px) 100vw, 750px" />
			</div></figure><figure class='gallery-item'>
			<div class='gallery-icon landscape'>
				<img loading="lazy" decoding="async" width="1600" height="1200" src="https://i0.wp.com/escolagrancapita.wpcomstaging.com/wp-content/uploads/2025/06/PHOTO-2025-06-06-16-08-04-4-anabel-marti-senso.jpg?fit=1600%2C1200&amp;ssl=1" class="attachment-full size-full" alt="" srcset="https://i0.wp.com/escolagrancapita.wpcomstaging.com/wp-content/uploads/2025/06/PHOTO-2025-06-06-16-08-04-4-anabel-marti-senso.jpg?w=1600&amp;ssl=1 1600w, https://i0.wp.com/escolagrancapita.wpcomstaging.com/wp-content/uploads/2025/06/PHOTO-2025-06-06-16-08-04-4-anabel-marti-senso.jpg?resize=300%2C225&amp;ssl=1 300w, https://i0.wp.com/escolagrancapita.wpcomstaging.com/wp-content/uploads/2025/06/PHOTO-2025-06-06-16-08-04-4-anabel-marti-senso.jpg?resize=1024%2C768&amp;ssl=1 1024w, https://i0.wp.com/escolagrancapita.wpcomstaging.com/wp-content/uploads/2025/06/PHOTO-2025-06-06-16-08-04-4-anabel-marti-senso.jpg?resize=768%2C576&amp;ssl=1 768w, https://i0.wp.com/escolagrancapita.wpcomstaging.com/wp-content/uploads/2025/06/PHOTO-2025-06-06-16-08-04-4-anabel-marti-senso.jpg?resize=1536%2C1152&amp;ssl=1 1536w" sizes="auto, (max-width: 750px) 100vw, 750px" />
			</div></figure>
		</div>

<p style="text-align: justify;">Durant aquest temps, han fet les seves primeres passes en el món digital, aprenent a utilitzar dispositius, a col·laborar amb els companys i a desenvolupar habilitats fonamentals per al futur. Cada activitat ha estat una mostra de la seva capacitat d’adaptació, creativitat i entusiasme.</p>
<p style="text-align: justify;">Per reconèixer la seva trajectòria, es va celebrar una sessió molt emotiva on tothom va rebre una medalla al &#8220;Millor Informàtic i Informàtica de Nivell Infantil&#8221;, un gest simbòlic que recull tot l’esforç i la il·lusió d’aquesta etapa.</p>
<div id='gallery-2' class='gallery galleryid-26114 gallery-columns-2 gallery-size-full'><figure class='gallery-item'>
			<div class='gallery-icon landscape'>
				<img loading="lazy" decoding="async" width="1200" height="1043" src="https://i0.wp.com/escolagrancapita.wpcomstaging.com/wp-content/uploads/2025/06/PHOTO-2025-06-06-16-08-05-anabel-marti-senso-e1749978790831.jpg?fit=1200%2C1043&amp;ssl=1" class="attachment-full size-full" alt="" srcset="https://i0.wp.com/escolagrancapita.wpcomstaging.com/wp-content/uploads/2025/06/PHOTO-2025-06-06-16-08-05-anabel-marti-senso-e1749978790831.jpg?w=1200&amp;ssl=1 1200w, https://i0.wp.com/escolagrancapita.wpcomstaging.com/wp-content/uploads/2025/06/PHOTO-2025-06-06-16-08-05-anabel-marti-senso-e1749978790831.jpg?resize=300%2C261&amp;ssl=1 300w, https://i0.wp.com/escolagrancapita.wpcomstaging.com/wp-content/uploads/2025/06/PHOTO-2025-06-06-16-08-05-anabel-marti-senso-e1749978790831.jpg?resize=1024%2C890&amp;ssl=1 1024w, https://i0.wp.com/escolagrancapita.wpcomstaging.com/wp-content/uploads/2025/06/PHOTO-2025-06-06-16-08-05-anabel-marti-senso-e1749978790831.jpg?resize=768%2C668&amp;ssl=1 768w" sizes="auto, (max-width: 750px) 100vw, 750px" />
			</div></figure><figure class='gallery-item'>
			<div class='gallery-icon landscape'>
				<img loading="lazy" decoding="async" width="1200" height="1043" src="https://i0.wp.com/escolagrancapita.wpcomstaging.com/wp-content/uploads/2025/06/PHOTO-2025-06-06-16-08-05-2-anabel-marti-senso-e1749978812246.jpg?fit=1200%2C1043&amp;ssl=1" class="attachment-full size-full" alt="" srcset="https://i0.wp.com/escolagrancapita.wpcomstaging.com/wp-content/uploads/2025/06/PHOTO-2025-06-06-16-08-05-2-anabel-marti-senso-e1749978812246.jpg?w=1200&amp;ssl=1 1200w, https://i0.wp.com/escolagrancapita.wpcomstaging.com/wp-content/uploads/2025/06/PHOTO-2025-06-06-16-08-05-2-anabel-marti-senso-e1749978812246.jpg?resize=300%2C261&amp;ssl=1 300w, https://i0.wp.com/escolagrancapita.wpcomstaging.com/wp-content/uploads/2025/06/PHOTO-2025-06-06-16-08-05-2-anabel-marti-senso-e1749978812246.jpg?resize=1024%2C890&amp;ssl=1 1024w, https://i0.wp.com/escolagrancapita.wpcomstaging.com/wp-content/uploads/2025/06/PHOTO-2025-06-06-16-08-05-2-anabel-marti-senso-e1749978812246.jpg?resize=768%2C668&amp;ssl=1 768w" sizes="auto, (max-width: 750px) 100vw, 750px" />
			</div></figure>
		</div>

<p style="text-align: justify;">Des de l’equip docent, es felicita el grup per la constància i les ganes d’aprendre demostrades al llarg del cicle. Estem molt orgullosos de cada infant! <strong data-start="109" data-end="220">A més, us convidem a jugar i experimentar amb els jocs i activitats que hem creat des de l’escola amb <a href="https://scratch.mit.edu/users/grancapita/studios/" target="_blank" rel="noopener">Scratch</a>.</strong></p>
<p style="text-align: justify;">Enhorabona, campions i campiones digitals! Comença una nova aventura a Primària, i de ben segur continuarà plena d’èxits.</p>

<p>Al juny, I5 va viure una jornada molt especial amb la darrera sessió d’informàtica, que va posar punt final a tres anys plens d’aprenentatge, descobertes i grans assoliments tecnològics. Durant aquest temps, han fet les seves primeres passes en el</p>
