{"id":27159,"date":"2025-12-11T19:22:28","date_gmt":"2025-12-11T19:22:28","guid":{"rendered":"https:\/\/escolagrancapita.wpcomstaging.com\/?page_id=27159"},"modified":"2025-12-13T09:44:34","modified_gmt":"2025-12-13T09:44:34","slug":"a-la-recerca-del-tio-de-lescola","status":"publish","type":"page","link":"https:\/\/escolagrancapita.wpcomstaging.com\/?page_id=27159","title":{"rendered":"A la recerca del ti\u00f3 de l&#8217;escola!"},"content":{"rendered":"<p style=\"text-align: justify;\"><span style=\"font-weight: 400;\">Un mat\u00ed de novembre, l\u2019alumnat d&#8217;Infantil de l\u2019escola ha viscut una experi\u00e8ncia plena d\u2019emoci\u00f3 al Parc de la Fontsanta. La missi\u00f3 era rellevant:<strong> trobar el Ti\u00f3<\/strong> perqu\u00e8 pugui passar uns dies ben calent\u00f3 al centre abans de Nadal.<\/span><\/p>\n<div id='gallery-1' class='gallery galleryid-27159 gallery-columns-2 gallery-size-full'><figure class='gallery-item'>\n\t\t\t<div class='gallery-icon portrait'>\n\t\t\t\t<img loading=\"lazy\" decoding=\"async\" width=\"1536\" height=\"2048\" src=\"https:\/\/i0.wp.com\/escolagrancapita.wpcomstaging.com\/wp-content\/uploads\/2025\/12\/1a97664d-f383-41e8-9878-6ebc62ae7aa1-Carol-Garcia-Martinez.jpeg?fit=1536%2C2048&amp;ssl=1\" class=\"attachment-full size-full\" alt=\"\" srcset=\"https:\/\/i0.wp.com\/escolagrancapita.wpcomstaging.com\/wp-content\/uploads\/2025\/12\/1a97664d-f383-41e8-9878-6ebc62ae7aa1-Carol-Garcia-Martinez.jpeg?w=1536&amp;ssl=1 1536w, https:\/\/i0.wp.com\/escolagrancapita.wpcomstaging.com\/wp-content\/uploads\/2025\/12\/1a97664d-f383-41e8-9878-6ebc62ae7aa1-Carol-Garcia-Martinez.jpeg?resize=225%2C300&amp;ssl=1 225w, https:\/\/i0.wp.com\/escolagrancapita.wpcomstaging.com\/wp-content\/uploads\/2025\/12\/1a97664d-f383-41e8-9878-6ebc62ae7aa1-Carol-Garcia-Martinez.jpeg?resize=768%2C1024&amp;ssl=1 768w, https:\/\/i0.wp.com\/escolagrancapita.wpcomstaging.com\/wp-content\/uploads\/2025\/12\/1a97664d-f383-41e8-9878-6ebc62ae7aa1-Carol-Garcia-Martinez.jpeg?resize=1152%2C1536&amp;ssl=1 1152w\" sizes=\"auto, (max-width: 750px) 100vw, 750px\" \/>\n\t\t\t<\/div><\/figure><figure class='gallery-item'>\n\t\t\t<div class='gallery-icon portrait'>\n\t\t\t\t<img loading=\"lazy\" decoding=\"async\" width=\"1536\" height=\"2048\" src=\"https:\/\/i0.wp.com\/escolagrancapita.wpcomstaging.com\/wp-content\/uploads\/2025\/12\/626bfe3f-4ab7-44b0-b59b-15086a2e36f7-Carol-Garcia-Martinez.jpeg?fit=1536%2C2048&amp;ssl=1\" class=\"attachment-full size-full\" alt=\"\" srcset=\"https:\/\/i0.wp.com\/escolagrancapita.wpcomstaging.com\/wp-content\/uploads\/2025\/12\/626bfe3f-4ab7-44b0-b59b-15086a2e36f7-Carol-Garcia-Martinez.jpeg?w=1536&amp;ssl=1 1536w, https:\/\/i0.wp.com\/escolagrancapita.wpcomstaging.com\/wp-content\/uploads\/2025\/12\/626bfe3f-4ab7-44b0-b59b-15086a2e36f7-Carol-Garcia-Martinez.jpeg?resize=225%2C300&amp;ssl=1 225w, https:\/\/i0.wp.com\/escolagrancapita.wpcomstaging.com\/wp-content\/uploads\/2025\/12\/626bfe3f-4ab7-44b0-b59b-15086a2e36f7-Carol-Garcia-Martinez.jpeg?resize=768%2C1024&amp;ssl=1 768w, https:\/\/i0.wp.com\/escolagrancapita.wpcomstaging.com\/wp-content\/uploads\/2025\/12\/626bfe3f-4ab7-44b0-b59b-15086a2e36f7-Carol-Garcia-Martinez.jpeg?resize=1152%2C1536&amp;ssl=1 1152w\" sizes=\"auto, (max-width: 750px) 100vw, 750px\" \/>\n\t\t\t<\/div><\/figure>\n\t\t<\/div>\n\n<p style=\"text-align: justify;\"><span style=\"font-weight: 400;\">El recorregut no ha estat f\u00e0cil. Han <strong>hagut de resoldre diversos reptes<\/strong> en forma de pistes amagades pels racons del parc, una proposta que fomenta l\u2019observaci\u00f3, el treball cooperatiu i la capacitat d\u2019infer\u00e8ncia. Cada pista les apropava una mica m\u00e9s al seu objectiu i, al llarg del mat\u00ed, la il\u00b7lusi\u00f3 i la curiositat han esdevingut protagonistes.<\/span><\/p>\n<div id='gallery-2' class='gallery galleryid-27159 gallery-columns-2 gallery-size-full'><figure class='gallery-item'>\n\t\t\t<div class='gallery-icon landscape'>\n\t\t\t\t<img loading=\"lazy\" decoding=\"async\" width=\"4032\" height=\"3024\" src=\"https:\/\/i0.wp.com\/escolagrancapita.wpcomstaging.com\/wp-content\/uploads\/2025\/12\/IMG_5575-Carol-Garcia-Martinez.jpeg?fit=4032%2C3024&amp;ssl=1\" class=\"attachment-full size-full\" alt=\"\" srcset=\"https:\/\/i0.wp.com\/escolagrancapita.wpcomstaging.com\/wp-content\/uploads\/2025\/12\/IMG_5575-Carol-Garcia-Martinez.jpeg?w=4032&amp;ssl=1 4032w, https:\/\/i0.wp.com\/escolagrancapita.wpcomstaging.com\/wp-content\/uploads\/2025\/12\/IMG_5575-Carol-Garcia-Martinez.jpeg?resize=300%2C225&amp;ssl=1 300w, https:\/\/i0.wp.com\/escolagrancapita.wpcomstaging.com\/wp-content\/uploads\/2025\/12\/IMG_5575-Carol-Garcia-Martinez.jpeg?resize=1024%2C768&amp;ssl=1 1024w, https:\/\/i0.wp.com\/escolagrancapita.wpcomstaging.com\/wp-content\/uploads\/2025\/12\/IMG_5575-Carol-Garcia-Martinez.jpeg?resize=768%2C576&amp;ssl=1 768w, https:\/\/i0.wp.com\/escolagrancapita.wpcomstaging.com\/wp-content\/uploads\/2025\/12\/IMG_5575-Carol-Garcia-Martinez.jpeg?resize=1536%2C1152&amp;ssl=1 1536w, https:\/\/i0.wp.com\/escolagrancapita.wpcomstaging.com\/wp-content\/uploads\/2025\/12\/IMG_5575-Carol-Garcia-Martinez.jpeg?resize=2048%2C1536&amp;ssl=1 2048w, https:\/\/i0.wp.com\/escolagrancapita.wpcomstaging.com\/wp-content\/uploads\/2025\/12\/IMG_5575-Carol-Garcia-Martinez.jpeg?w=2250&amp;ssl=1 2250w\" sizes=\"auto, (max-width: 750px) 100vw, 750px\" \/>\n\t\t\t<\/div><\/figure><figure class='gallery-item'>\n\t\t\t<div class='gallery-icon landscape'>\n\t\t\t\t<img loading=\"lazy\" decoding=\"async\" width=\"4032\" height=\"3024\" src=\"https:\/\/i0.wp.com\/escolagrancapita.wpcomstaging.com\/wp-content\/uploads\/2025\/12\/IMG_5578-Carol-Garcia-Martinez.jpeg?fit=4032%2C3024&amp;ssl=1\" class=\"attachment-full size-full\" alt=\"\" srcset=\"https:\/\/i0.wp.com\/escolagrancapita.wpcomstaging.com\/wp-content\/uploads\/2025\/12\/IMG_5578-Carol-Garcia-Martinez.jpeg?w=4032&amp;ssl=1 4032w, https:\/\/i0.wp.com\/escolagrancapita.wpcomstaging.com\/wp-content\/uploads\/2025\/12\/IMG_5578-Carol-Garcia-Martinez.jpeg?resize=300%2C225&amp;ssl=1 300w, https:\/\/i0.wp.com\/escolagrancapita.wpcomstaging.com\/wp-content\/uploads\/2025\/12\/IMG_5578-Carol-Garcia-Martinez.jpeg?resize=1024%2C768&amp;ssl=1 1024w, https:\/\/i0.wp.com\/escolagrancapita.wpcomstaging.com\/wp-content\/uploads\/2025\/12\/IMG_5578-Carol-Garcia-Martinez.jpeg?resize=768%2C576&amp;ssl=1 768w, https:\/\/i0.wp.com\/escolagrancapita.wpcomstaging.com\/wp-content\/uploads\/2025\/12\/IMG_5578-Carol-Garcia-Martinez.jpeg?resize=1536%2C1152&amp;ssl=1 1536w, https:\/\/i0.wp.com\/escolagrancapita.wpcomstaging.com\/wp-content\/uploads\/2025\/12\/IMG_5578-Carol-Garcia-Martinez.jpeg?resize=2048%2C1536&amp;ssl=1 2048w, https:\/\/i0.wp.com\/escolagrancapita.wpcomstaging.com\/wp-content\/uploads\/2025\/12\/IMG_5578-Carol-Garcia-Martinez.jpeg?w=2250&amp;ssl=1 2250w\" sizes=\"auto, (max-width: 750px) 100vw, 750px\" \/>\n\t\t\t<\/div><\/figure>\n\t\t<\/div>\n\n<div id='gallery-3' class='gallery galleryid-27159 gallery-columns-1 gallery-size-full'><figure class='gallery-item'>\n\t\t\t<div class='gallery-icon portrait'>\n\t\t\t\t<img loading=\"lazy\" decoding=\"async\" width=\"1536\" height=\"1748\" src=\"https:\/\/i0.wp.com\/escolagrancapita.wpcomstaging.com\/wp-content\/uploads\/2025\/12\/2d2b5011-5437-4a8e-abca-602deedb3b4b-Carol-Garcia-Martinez-e1765480776812.jpeg?fit=1536%2C1748&amp;ssl=1\" class=\"attachment-full size-full\" alt=\"\" srcset=\"https:\/\/i0.wp.com\/escolagrancapita.wpcomstaging.com\/wp-content\/uploads\/2025\/12\/2d2b5011-5437-4a8e-abca-602deedb3b4b-Carol-Garcia-Martinez-e1765480776812.jpeg?w=1536&amp;ssl=1 1536w, https:\/\/i0.wp.com\/escolagrancapita.wpcomstaging.com\/wp-content\/uploads\/2025\/12\/2d2b5011-5437-4a8e-abca-602deedb3b4b-Carol-Garcia-Martinez-e1765480776812.jpeg?resize=264%2C300&amp;ssl=1 264w, https:\/\/i0.wp.com\/escolagrancapita.wpcomstaging.com\/wp-content\/uploads\/2025\/12\/2d2b5011-5437-4a8e-abca-602deedb3b4b-Carol-Garcia-Martinez-e1765480776812.jpeg?resize=900%2C1024&amp;ssl=1 900w, https:\/\/i0.wp.com\/escolagrancapita.wpcomstaging.com\/wp-content\/uploads\/2025\/12\/2d2b5011-5437-4a8e-abca-602deedb3b4b-Carol-Garcia-Martinez-e1765480776812.jpeg?resize=768%2C874&amp;ssl=1 768w, https:\/\/i0.wp.com\/escolagrancapita.wpcomstaging.com\/wp-content\/uploads\/2025\/12\/2d2b5011-5437-4a8e-abca-602deedb3b4b-Carol-Garcia-Martinez-e1765480776812.jpeg?resize=1350%2C1536&amp;ssl=1 1350w\" sizes=\"auto, (max-width: 750px) 100vw, 750px\" \/>\n\t\t\t<\/div><\/figure>\n\t\t<\/div>\n\n<p style=\"text-align: justify;\"><span style=\"font-weight: 400;\">Finalment, <strong>despr\u00e9s d\u2019una bona investigaci\u00f3, han trobat el Ti\u00f3<\/strong>, que descansava entre les fulles. L\u2019han rebut amb entusiasme i molta tendresa, conscients que, a partir d\u2019ara, caldr\u00e0 tenir-ne cura i alimentar-lo cada dia. Aquesta atenci\u00f3 col\u00b7lectiva \u00e9s tamb\u00e9 una oportunitat per refor\u00e7ar h\u00e0bits de responsabilitat i de conviv\u00e8ncia.<\/span><\/p>\n<div id='gallery-4' class='gallery galleryid-27159 gallery-columns-1 gallery-size-full'><figure class='gallery-item'>\n\t\t\t<div class='gallery-icon landscape'>\n\t\t\t\t<img loading=\"lazy\" decoding=\"async\" width=\"3840\" height=\"2800\" src=\"https:\/\/i0.wp.com\/escolagrancapita.wpcomstaging.com\/wp-content\/uploads\/2025\/12\/68eb0fca-a47e-455a-94ad-8fbdd7cbf759-Carol-Garcia-Martinez-e1765480898720.jpeg?fit=3840%2C2800&amp;ssl=1\" class=\"attachment-full size-full\" alt=\"\" srcset=\"https:\/\/i0.wp.com\/escolagrancapita.wpcomstaging.com\/wp-content\/uploads\/2025\/12\/68eb0fca-a47e-455a-94ad-8fbdd7cbf759-Carol-Garcia-Martinez-e1765480898720.jpeg?w=3840&amp;ssl=1 3840w, https:\/\/i0.wp.com\/escolagrancapita.wpcomstaging.com\/wp-content\/uploads\/2025\/12\/68eb0fca-a47e-455a-94ad-8fbdd7cbf759-Carol-Garcia-Martinez-e1765480898720.jpeg?resize=300%2C219&amp;ssl=1 300w, https:\/\/i0.wp.com\/escolagrancapita.wpcomstaging.com\/wp-content\/uploads\/2025\/12\/68eb0fca-a47e-455a-94ad-8fbdd7cbf759-Carol-Garcia-Martinez-e1765480898720.jpeg?resize=1024%2C747&amp;ssl=1 1024w, https:\/\/i0.wp.com\/escolagrancapita.wpcomstaging.com\/wp-content\/uploads\/2025\/12\/68eb0fca-a47e-455a-94ad-8fbdd7cbf759-Carol-Garcia-Martinez-e1765480898720.jpeg?resize=768%2C560&amp;ssl=1 768w, https:\/\/i0.wp.com\/escolagrancapita.wpcomstaging.com\/wp-content\/uploads\/2025\/12\/68eb0fca-a47e-455a-94ad-8fbdd7cbf759-Carol-Garcia-Martinez-e1765480898720.jpeg?resize=1536%2C1120&amp;ssl=1 1536w, https:\/\/i0.wp.com\/escolagrancapita.wpcomstaging.com\/wp-content\/uploads\/2025\/12\/68eb0fca-a47e-455a-94ad-8fbdd7cbf759-Carol-Garcia-Martinez-e1765480898720.jpeg?resize=2048%2C1493&amp;ssl=1 2048w, https:\/\/i0.wp.com\/escolagrancapita.wpcomstaging.com\/wp-content\/uploads\/2025\/12\/68eb0fca-a47e-455a-94ad-8fbdd7cbf759-Carol-Garcia-Martinez-e1765480898720.jpeg?w=2250&amp;ssl=1 2250w\" sizes=\"auto, (max-width: 750px) 100vw, 750px\" \/>\n\t\t\t<\/div><\/figure>\n\t\t<\/div>\n\n<div id='gallery-5' class='gallery galleryid-27159 gallery-columns-2 gallery-size-full'><figure class='gallery-item'>\n\t\t\t<div class='gallery-icon landscape'>\n\t\t\t\t<img loading=\"lazy\" decoding=\"async\" width=\"4032\" height=\"3024\" src=\"https:\/\/i0.wp.com\/escolagrancapita.wpcomstaging.com\/wp-content\/uploads\/2025\/12\/IMG_5581-Carol-Garcia-Martinez.jpeg?fit=4032%2C3024&amp;ssl=1\" class=\"attachment-full size-full\" alt=\"\" srcset=\"https:\/\/i0.wp.com\/escolagrancapita.wpcomstaging.com\/wp-content\/uploads\/2025\/12\/IMG_5581-Carol-Garcia-Martinez.jpeg?w=4032&amp;ssl=1 4032w, https:\/\/i0.wp.com\/escolagrancapita.wpcomstaging.com\/wp-content\/uploads\/2025\/12\/IMG_5581-Carol-Garcia-Martinez.jpeg?resize=300%2C225&amp;ssl=1 300w, https:\/\/i0.wp.com\/escolagrancapita.wpcomstaging.com\/wp-content\/uploads\/2025\/12\/IMG_5581-Carol-Garcia-Martinez.jpeg?resize=1024%2C768&amp;ssl=1 1024w, https:\/\/i0.wp.com\/escolagrancapita.wpcomstaging.com\/wp-content\/uploads\/2025\/12\/IMG_5581-Carol-Garcia-Martinez.jpeg?resize=768%2C576&amp;ssl=1 768w, https:\/\/i0.wp.com\/escolagrancapita.wpcomstaging.com\/wp-content\/uploads\/2025\/12\/IMG_5581-Carol-Garcia-Martinez.jpeg?resize=1536%2C1152&amp;ssl=1 1536w, https:\/\/i0.wp.com\/escolagrancapita.wpcomstaging.com\/wp-content\/uploads\/2025\/12\/IMG_5581-Carol-Garcia-Martinez.jpeg?resize=2048%2C1536&amp;ssl=1 2048w, https:\/\/i0.wp.com\/escolagrancapita.wpcomstaging.com\/wp-content\/uploads\/2025\/12\/IMG_5581-Carol-Garcia-Martinez.jpeg?w=2250&amp;ssl=1 2250w\" sizes=\"auto, (max-width: 750px) 100vw, 750px\" \/>\n\t\t\t<\/div><\/figure><figure class='gallery-item'>\n\t\t\t<div class='gallery-icon landscape'>\n\t\t\t\t<img loading=\"lazy\" decoding=\"async\" width=\"4032\" height=\"3024\" src=\"https:\/\/i0.wp.com\/escolagrancapita.wpcomstaging.com\/wp-content\/uploads\/2025\/12\/IMG_5600-Carol-Garcia-Martinez.jpeg?fit=4032%2C3024&amp;ssl=1\" class=\"attachment-full size-full\" alt=\"\" srcset=\"https:\/\/i0.wp.com\/escolagrancapita.wpcomstaging.com\/wp-content\/uploads\/2025\/12\/IMG_5600-Carol-Garcia-Martinez.jpeg?w=4032&amp;ssl=1 4032w, https:\/\/i0.wp.com\/escolagrancapita.wpcomstaging.com\/wp-content\/uploads\/2025\/12\/IMG_5600-Carol-Garcia-Martinez.jpeg?resize=300%2C225&amp;ssl=1 300w, https:\/\/i0.wp.com\/escolagrancapita.wpcomstaging.com\/wp-content\/uploads\/2025\/12\/IMG_5600-Carol-Garcia-Martinez.jpeg?resize=1024%2C768&amp;ssl=1 1024w, https:\/\/i0.wp.com\/escolagrancapita.wpcomstaging.com\/wp-content\/uploads\/2025\/12\/IMG_5600-Carol-Garcia-Martinez.jpeg?resize=768%2C576&amp;ssl=1 768w, https:\/\/i0.wp.com\/escolagrancapita.wpcomstaging.com\/wp-content\/uploads\/2025\/12\/IMG_5600-Carol-Garcia-Martinez.jpeg?resize=1536%2C1152&amp;ssl=1 1536w, https:\/\/i0.wp.com\/escolagrancapita.wpcomstaging.com\/wp-content\/uploads\/2025\/12\/IMG_5600-Carol-Garcia-Martinez.jpeg?resize=2048%2C1536&amp;ssl=1 2048w, https:\/\/i0.wp.com\/escolagrancapita.wpcomstaging.com\/wp-content\/uploads\/2025\/12\/IMG_5600-Carol-Garcia-Martinez.jpeg?w=2250&amp;ssl=1 2250w\" sizes=\"auto, (max-width: 750px) 100vw, 750px\" \/>\n\t\t\t<\/div><\/figure><figure class='gallery-item'>\n\t\t\t<div class='gallery-icon portrait'>\n\t\t\t\t<img loading=\"lazy\" decoding=\"async\" width=\"3024\" height=\"4032\" src=\"https:\/\/i0.wp.com\/escolagrancapita.wpcomstaging.com\/wp-content\/uploads\/2025\/12\/IMG_5584-Carol-Garcia-Martinez-rotated.jpeg?fit=3024%2C4032&amp;ssl=1\" class=\"attachment-full size-full\" alt=\"\" srcset=\"https:\/\/i0.wp.com\/escolagrancapita.wpcomstaging.com\/wp-content\/uploads\/2025\/12\/IMG_5584-Carol-Garcia-Martinez-rotated.jpeg?w=3024&amp;ssl=1 3024w, https:\/\/i0.wp.com\/escolagrancapita.wpcomstaging.com\/wp-content\/uploads\/2025\/12\/IMG_5584-Carol-Garcia-Martinez-rotated.jpeg?resize=225%2C300&amp;ssl=1 225w, https:\/\/i0.wp.com\/escolagrancapita.wpcomstaging.com\/wp-content\/uploads\/2025\/12\/IMG_5584-Carol-Garcia-Martinez-rotated.jpeg?resize=768%2C1024&amp;ssl=1 768w, https:\/\/i0.wp.com\/escolagrancapita.wpcomstaging.com\/wp-content\/uploads\/2025\/12\/IMG_5584-Carol-Garcia-Martinez-rotated.jpeg?resize=1152%2C1536&amp;ssl=1 1152w, https:\/\/i0.wp.com\/escolagrancapita.wpcomstaging.com\/wp-content\/uploads\/2025\/12\/IMG_5584-Carol-Garcia-Martinez-rotated.jpeg?resize=1536%2C2048&amp;ssl=1 1536w, https:\/\/i0.wp.com\/escolagrancapita.wpcomstaging.com\/wp-content\/uploads\/2025\/12\/IMG_5584-Carol-Garcia-Martinez-rotated.jpeg?w=2250&amp;ssl=1 2250w\" sizes=\"auto, (max-width: 750px) 100vw, 750px\" \/>\n\t\t\t<\/div><\/figure><figure class='gallery-item'>\n\t\t\t<div class='gallery-icon portrait'>\n\t\t\t\t<img loading=\"lazy\" decoding=\"async\" width=\"3024\" height=\"4032\" src=\"https:\/\/i0.wp.com\/escolagrancapita.wpcomstaging.com\/wp-content\/uploads\/2025\/12\/IMG_5599-Carol-Garcia-Martinez-rotated.jpeg?fit=3024%2C4032&amp;ssl=1\" class=\"attachment-full size-full\" alt=\"\" srcset=\"https:\/\/i0.wp.com\/escolagrancapita.wpcomstaging.com\/wp-content\/uploads\/2025\/12\/IMG_5599-Carol-Garcia-Martinez-rotated.jpeg?w=3024&amp;ssl=1 3024w, https:\/\/i0.wp.com\/escolagrancapita.wpcomstaging.com\/wp-content\/uploads\/2025\/12\/IMG_5599-Carol-Garcia-Martinez-rotated.jpeg?resize=225%2C300&amp;ssl=1 225w, https:\/\/i0.wp.com\/escolagrancapita.wpcomstaging.com\/wp-content\/uploads\/2025\/12\/IMG_5599-Carol-Garcia-Martinez-rotated.jpeg?resize=768%2C1024&amp;ssl=1 768w, https:\/\/i0.wp.com\/escolagrancapita.wpcomstaging.com\/wp-content\/uploads\/2025\/12\/IMG_5599-Carol-Garcia-Martinez-rotated.jpeg?resize=1152%2C1536&amp;ssl=1 1152w, https:\/\/i0.wp.com\/escolagrancapita.wpcomstaging.com\/wp-content\/uploads\/2025\/12\/IMG_5599-Carol-Garcia-Martinez-rotated.jpeg?resize=1536%2C2048&amp;ssl=1 1536w, https:\/\/i0.wp.com\/escolagrancapita.wpcomstaging.com\/wp-content\/uploads\/2025\/12\/IMG_5599-Carol-Garcia-Martinez-rotated.jpeg?w=2250&amp;ssl=1 2250w\" sizes=\"auto, (max-width: 750px) 100vw, 750px\" \/>\n\t\t\t<\/div><\/figure>\n\t\t<\/div>\n\n<p style=\"text-align: justify;\"><span style=\"font-weight: 400;\">De tornada a l\u2019escola, <strong>han escollit un espai adequat perqu\u00e8 el Ti\u00f3 hi reposi<\/strong> fins a l\u2019arribada de les vacances. Si tot va com esperen, el darrer dia de classe podran celebrar la tradici\u00f3 entonant la can\u00e7\u00f3 del Ti\u00f3 i compartint la sorpresa que habitualment els porta.<\/span><\/p>\n","protected":false},"excerpt":{"rendered":"<p>Un mat\u00ed de novembre, l\u2019alumnat d&#8217;Infantil de l\u2019escola ha viscut una experi\u00e8ncia plena d\u2019emoci\u00f3 al Parc de la Fontsanta. La missi\u00f3 era rellevant: trobar el Ti\u00f3 perqu\u00e8 pugui passar uns dies ben calent\u00f3 al centre abans de Nadal. El recorregut<\/p>\n","protected":false},"author":1,"featured_media":0,"parent":0,"menu_order":0,"comment_status":"closed","ping_status":"closed","template":"","meta":{"_crdt_document":"","footnotes":""},"categories":[],"tags":[151,77,84],"class_list":["post-27159","page","type-page","status-publish","hentry","tag-curs-2025-26","tag-ed-infantil","tag-nadal"],"jetpack_sharing_enabled":true,"_links":{"self":[{"href":"https:\/\/escolagrancapita.wpcomstaging.com\/index.php?rest_route=\/wp\/v2\/pages\/27159","targetHints":{"allow":["GET"]}}],"collection":[{"href":"https:\/\/escolagrancapita.wpcomstaging.com\/index.php?rest_route=\/wp\/v2\/pages"}],"about":[{"href":"https:\/\/escolagrancapita.wpcomstaging.com\/index.php?rest_route=\/wp\/v2\/types\/page"}],"author":[{"embeddable":true,"href":"https:\/\/escolagrancapita.wpcomstaging.com\/index.php?rest_route=\/wp\/v2\/users\/1"}],"replies":[{"embeddable":true,"href":"https:\/\/escolagrancapita.wpcomstaging.com\/index.php?rest_route=%2Fwp%2Fv2%2Fcomments&post=27159"}],"version-history":[{"count":5,"href":"https:\/\/escolagrancapita.wpcomstaging.com\/index.php?rest_route=\/wp\/v2\/pages\/27159\/revisions"}],"predecessor-version":[{"id":27270,"href":"https:\/\/escolagrancapita.wpcomstaging.com\/index.php?rest_route=\/wp\/v2\/pages\/27159\/revisions\/27270"}],"wp:attachment":[{"href":"https:\/\/escolagrancapita.wpcomstaging.com\/index.php?rest_route=%2Fwp%2Fv2%2Fmedia&parent=27159"}],"wp:term":[{"taxonomy":"category","embeddable":true,"href":"https:\/\/escolagrancapita.wpcomstaging.com\/index.php?rest_route=%2Fwp%2Fv2%2Fcategories&post=27159"},{"taxonomy":"post_tag","embeddable":true,"href":"https:\/\/escolagrancapita.wpcomstaging.com\/index.php?rest_route=%2Fwp%2Fv2%2Ftags&post=27159"}],"curies":[{"name":"wp","href":"https:\/\/api.w.org\/{rel}","templated":true}]}}