{"id":28186,"date":"2026-03-22T10:18:51","date_gmt":"2026-03-22T10:18:51","guid":{"rendered":"https:\/\/escolagrancapita.wpcomstaging.com\/?page_id=28186"},"modified":"2026-03-22T10:18:51","modified_gmt":"2026-03-22T10:18:51","slug":"exit-a-la-primera-collita-de-lhort-escolar","status":"publish","type":"page","link":"https:\/\/escolagrancapita.wpcomstaging.com\/?page_id=28186","title":{"rendered":"\u00c8xit a la primera collita de l&#8217;hort escolar"},"content":{"rendered":"<p style=\"text-align: justify;\">Despr\u00e9s de diverses setmanes de treball, en qu\u00e8 s\u2019ha preparat la terra, s\u2019han plantat els cultius i s\u2019ha fet el seguiment del seu creixement, s\u2019han pogut recollir els <strong>primers resultats de l\u2019esfor\u00e7 col\u00b7lectiu<\/strong>. Enciams ben verds i algunes plantes arom\u00e0tiques han estat els protagonistes d\u2019aquesta primera collita.<\/p>\n<p style=\"text-align: justify;\">Aquesta activitat ha anat m\u00e9s enll\u00e0 d\u2019una pr\u00e0ctica de jardineria, ja que ha esdevingut una experi\u00e8ncia educativa a l\u2019aire lliure que ha perm\u00e8s aprofundir en conceptes com la sostenibilitat, els cicles naturals i el proc\u00e9s de creixement de les plantes, des de la germinaci\u00f3 fins a la recol\u00b7lecci\u00f3. Alhora, ha <strong>fomentat la responsabilitat, la const\u00e0ncia i el treball cooperatiu<\/strong>.<\/p>\n<div id='gallery-1' class='gallery galleryid-28186 gallery-columns-3 gallery-size-full'><figure class='gallery-item'>\n\t\t\t<div class='gallery-icon portrait'>\n\t\t\t\t<img loading=\"lazy\" decoding=\"async\" width=\"921\" height=\"2048\" src=\"https:\/\/i0.wp.com\/escolagrancapita.wpcomstaging.com\/wp-content\/uploads\/2026\/03\/WhatsApp-Image-2026-03-10-at-15.32.58-3-REBECA-VANESSA-VILLAMAYOR-CASTANEDA-e1774174084125.jpeg?fit=921%2C2048&amp;ssl=1\" class=\"attachment-full size-full\" alt=\"\" srcset=\"https:\/\/i0.wp.com\/escolagrancapita.wpcomstaging.com\/wp-content\/uploads\/2026\/03\/WhatsApp-Image-2026-03-10-at-15.32.58-3-REBECA-VANESSA-VILLAMAYOR-CASTANEDA-e1774174084125.jpeg?w=921&amp;ssl=1 921w, https:\/\/i0.wp.com\/escolagrancapita.wpcomstaging.com\/wp-content\/uploads\/2026\/03\/WhatsApp-Image-2026-03-10-at-15.32.58-3-REBECA-VANESSA-VILLAMAYOR-CASTANEDA-e1774174084125.jpeg?resize=135%2C300&amp;ssl=1 135w, https:\/\/i0.wp.com\/escolagrancapita.wpcomstaging.com\/wp-content\/uploads\/2026\/03\/WhatsApp-Image-2026-03-10-at-15.32.58-3-REBECA-VANESSA-VILLAMAYOR-CASTANEDA-e1774174084125.jpeg?resize=461%2C1024&amp;ssl=1 461w, https:\/\/i0.wp.com\/escolagrancapita.wpcomstaging.com\/wp-content\/uploads\/2026\/03\/WhatsApp-Image-2026-03-10-at-15.32.58-3-REBECA-VANESSA-VILLAMAYOR-CASTANEDA-e1774174084125.jpeg?resize=768%2C1708&amp;ssl=1 768w, https:\/\/i0.wp.com\/escolagrancapita.wpcomstaging.com\/wp-content\/uploads\/2026\/03\/WhatsApp-Image-2026-03-10-at-15.32.58-3-REBECA-VANESSA-VILLAMAYOR-CASTANEDA-e1774174084125.jpeg?resize=691%2C1536&amp;ssl=1 691w\" sizes=\"auto, (max-width: 750px) 100vw, 750px\" \/>\n\t\t\t<\/div><\/figure><figure class='gallery-item'>\n\t\t\t<div class='gallery-icon portrait'>\n\t\t\t\t<img loading=\"lazy\" decoding=\"async\" width=\"921\" height=\"2048\" src=\"https:\/\/i0.wp.com\/escolagrancapita.wpcomstaging.com\/wp-content\/uploads\/2026\/03\/WhatsApp-Image-2026-03-10-at-15.48.38-1-REBECA-VANESSA-VILLAMAYOR-CASTANEDA.jpeg?fit=921%2C2048&amp;ssl=1\" class=\"attachment-full size-full\" alt=\"\" srcset=\"https:\/\/i0.wp.com\/escolagrancapita.wpcomstaging.com\/wp-content\/uploads\/2026\/03\/WhatsApp-Image-2026-03-10-at-15.48.38-1-REBECA-VANESSA-VILLAMAYOR-CASTANEDA.jpeg?w=921&amp;ssl=1 921w, https:\/\/i0.wp.com\/escolagrancapita.wpcomstaging.com\/wp-content\/uploads\/2026\/03\/WhatsApp-Image-2026-03-10-at-15.48.38-1-REBECA-VANESSA-VILLAMAYOR-CASTANEDA.jpeg?resize=135%2C300&amp;ssl=1 135w, https:\/\/i0.wp.com\/escolagrancapita.wpcomstaging.com\/wp-content\/uploads\/2026\/03\/WhatsApp-Image-2026-03-10-at-15.48.38-1-REBECA-VANESSA-VILLAMAYOR-CASTANEDA.jpeg?resize=461%2C1024&amp;ssl=1 461w, https:\/\/i0.wp.com\/escolagrancapita.wpcomstaging.com\/wp-content\/uploads\/2026\/03\/WhatsApp-Image-2026-03-10-at-15.48.38-1-REBECA-VANESSA-VILLAMAYOR-CASTANEDA.jpeg?resize=768%2C1708&amp;ssl=1 768w, https:\/\/i0.wp.com\/escolagrancapita.wpcomstaging.com\/wp-content\/uploads\/2026\/03\/WhatsApp-Image-2026-03-10-at-15.48.38-1-REBECA-VANESSA-VILLAMAYOR-CASTANEDA.jpeg?resize=691%2C1536&amp;ssl=1 691w\" sizes=\"auto, (max-width: 750px) 100vw, 750px\" \/>\n\t\t\t<\/div><\/figure><figure class='gallery-item'>\n\t\t\t<div class='gallery-icon portrait'>\n\t\t\t\t<img loading=\"lazy\" decoding=\"async\" width=\"921\" height=\"2048\" src=\"https:\/\/i0.wp.com\/escolagrancapita.wpcomstaging.com\/wp-content\/uploads\/2026\/03\/WhatsApp-Image-2026-03-10-at-15.32.58-1-REBECA-VANESSA-VILLAMAYOR-CASTANEDA.jpeg?fit=921%2C2048&amp;ssl=1\" class=\"attachment-full size-full\" alt=\"\" srcset=\"https:\/\/i0.wp.com\/escolagrancapita.wpcomstaging.com\/wp-content\/uploads\/2026\/03\/WhatsApp-Image-2026-03-10-at-15.32.58-1-REBECA-VANESSA-VILLAMAYOR-CASTANEDA.jpeg?w=921&amp;ssl=1 921w, https:\/\/i0.wp.com\/escolagrancapita.wpcomstaging.com\/wp-content\/uploads\/2026\/03\/WhatsApp-Image-2026-03-10-at-15.32.58-1-REBECA-VANESSA-VILLAMAYOR-CASTANEDA.jpeg?resize=135%2C300&amp;ssl=1 135w, https:\/\/i0.wp.com\/escolagrancapita.wpcomstaging.com\/wp-content\/uploads\/2026\/03\/WhatsApp-Image-2026-03-10-at-15.32.58-1-REBECA-VANESSA-VILLAMAYOR-CASTANEDA.jpeg?resize=461%2C1024&amp;ssl=1 461w, https:\/\/i0.wp.com\/escolagrancapita.wpcomstaging.com\/wp-content\/uploads\/2026\/03\/WhatsApp-Image-2026-03-10-at-15.32.58-1-REBECA-VANESSA-VILLAMAYOR-CASTANEDA.jpeg?resize=768%2C1708&amp;ssl=1 768w, https:\/\/i0.wp.com\/escolagrancapita.wpcomstaging.com\/wp-content\/uploads\/2026\/03\/WhatsApp-Image-2026-03-10-at-15.32.58-1-REBECA-VANESSA-VILLAMAYOR-CASTANEDA.jpeg?resize=691%2C1536&amp;ssl=1 691w\" sizes=\"auto, (max-width: 750px) 100vw, 750px\" \/>\n\t\t\t<\/div><\/figure>\n\t\t<\/div>\n\n<div id='gallery-2' class='gallery galleryid-28186 gallery-columns-1 gallery-size-full'><figure class='gallery-item'>\n\t\t\t<div class='gallery-icon landscape'>\n\t\t\t\t<img loading=\"lazy\" decoding=\"async\" width=\"2048\" height=\"921\" src=\"https:\/\/i0.wp.com\/escolagrancapita.wpcomstaging.com\/wp-content\/uploads\/2026\/03\/WhatsApp-Image-2026-03-10-at-15.48.38-2-REBECA-VANESSA-VILLAMAYOR-CASTANEDA.jpeg?fit=2048%2C921&amp;ssl=1\" class=\"attachment-full size-full\" alt=\"\" srcset=\"https:\/\/i0.wp.com\/escolagrancapita.wpcomstaging.com\/wp-content\/uploads\/2026\/03\/WhatsApp-Image-2026-03-10-at-15.48.38-2-REBECA-VANESSA-VILLAMAYOR-CASTANEDA.jpeg?w=2048&amp;ssl=1 2048w, https:\/\/i0.wp.com\/escolagrancapita.wpcomstaging.com\/wp-content\/uploads\/2026\/03\/WhatsApp-Image-2026-03-10-at-15.48.38-2-REBECA-VANESSA-VILLAMAYOR-CASTANEDA.jpeg?resize=300%2C135&amp;ssl=1 300w, https:\/\/i0.wp.com\/escolagrancapita.wpcomstaging.com\/wp-content\/uploads\/2026\/03\/WhatsApp-Image-2026-03-10-at-15.48.38-2-REBECA-VANESSA-VILLAMAYOR-CASTANEDA.jpeg?resize=1024%2C461&amp;ssl=1 1024w, https:\/\/i0.wp.com\/escolagrancapita.wpcomstaging.com\/wp-content\/uploads\/2026\/03\/WhatsApp-Image-2026-03-10-at-15.48.38-2-REBECA-VANESSA-VILLAMAYOR-CASTANEDA.jpeg?resize=768%2C345&amp;ssl=1 768w, https:\/\/i0.wp.com\/escolagrancapita.wpcomstaging.com\/wp-content\/uploads\/2026\/03\/WhatsApp-Image-2026-03-10-at-15.48.38-2-REBECA-VANESSA-VILLAMAYOR-CASTANEDA.jpeg?resize=1536%2C691&amp;ssl=1 1536w\" sizes=\"auto, (max-width: 750px) 100vw, 750px\" \/>\n\t\t\t<\/div><\/figure>\n\t\t<\/div>\n\n<p style=\"text-align: justify;\">Per completar l\u2019experi\u00e8ncia, els productes recollits es tastaran a l\u2019aula, afavorint la connexi\u00f3 entre l\u2019aprenentatge i els h\u00e0bits saludables.<\/p>\n<div id='gallery-3' class='gallery galleryid-28186 gallery-columns-1 gallery-size-full'><figure class='gallery-item'>\n\t\t\t<div class='gallery-icon landscape'>\n\t\t\t\t<img loading=\"lazy\" decoding=\"async\" width=\"2048\" height=\"921\" src=\"https:\/\/i0.wp.com\/escolagrancapita.wpcomstaging.com\/wp-content\/uploads\/2026\/03\/WhatsApp-Image-2026-03-10-at-15.32.58-REBECA-VANESSA-VILLAMAYOR-CASTANEDA.jpeg?fit=2048%2C921&amp;ssl=1\" class=\"attachment-full size-full\" alt=\"\" srcset=\"https:\/\/i0.wp.com\/escolagrancapita.wpcomstaging.com\/wp-content\/uploads\/2026\/03\/WhatsApp-Image-2026-03-10-at-15.32.58-REBECA-VANESSA-VILLAMAYOR-CASTANEDA.jpeg?w=2048&amp;ssl=1 2048w, https:\/\/i0.wp.com\/escolagrancapita.wpcomstaging.com\/wp-content\/uploads\/2026\/03\/WhatsApp-Image-2026-03-10-at-15.32.58-REBECA-VANESSA-VILLAMAYOR-CASTANEDA.jpeg?resize=300%2C135&amp;ssl=1 300w, https:\/\/i0.wp.com\/escolagrancapita.wpcomstaging.com\/wp-content\/uploads\/2026\/03\/WhatsApp-Image-2026-03-10-at-15.32.58-REBECA-VANESSA-VILLAMAYOR-CASTANEDA.jpeg?resize=1024%2C461&amp;ssl=1 1024w, https:\/\/i0.wp.com\/escolagrancapita.wpcomstaging.com\/wp-content\/uploads\/2026\/03\/WhatsApp-Image-2026-03-10-at-15.32.58-REBECA-VANESSA-VILLAMAYOR-CASTANEDA.jpeg?resize=768%2C345&amp;ssl=1 768w, https:\/\/i0.wp.com\/escolagrancapita.wpcomstaging.com\/wp-content\/uploads\/2026\/03\/WhatsApp-Image-2026-03-10-at-15.32.58-REBECA-VANESSA-VILLAMAYOR-CASTANEDA.jpeg?resize=1536%2C691&amp;ssl=1 1536w\" sizes=\"auto, (max-width: 750px) 100vw, 750px\" \/>\n\t\t\t<\/div><\/figure>\n\t\t<\/div>\n\n<p style=\"text-align: justify;\">Des del centre es valora molt positivament la implicaci\u00f3 de l\u2019alumnat de 5\u00e8 i 6\u00e8, que ha mostrat dedicaci\u00f3 i const\u00e0ncia al llarg de tot el proc\u00e9s. Aquesta primera collita representa l\u2019inici d\u2019un projecte que continua creixent i que contribueix a refor\u00e7ar el vincle amb la natura i el respecte pel medi ambient.<\/p>\n","protected":false},"excerpt":{"rendered":"<p>Despr\u00e9s de diverses setmanes de treball, en qu\u00e8 s\u2019ha preparat la terra, s\u2019han plantat els cultius i s\u2019ha fet el seguiment del seu creixement, s\u2019han pogut recollir els primers resultats de l\u2019esfor\u00e7 col\u00b7lectiu. Enciams ben verds i algunes plantes arom\u00e0tiques<\/p>\n","protected":false},"author":1,"featured_media":0,"parent":0,"menu_order":0,"comment_status":"closed","ping_status":"closed","template":"","meta":{"_crdt_document":"","footnotes":""},"categories":[],"tags":[151,86,118],"class_list":["post-28186","page","type-page","status-publish","hentry","tag-curs-2025-26","tag-ed-primaria","tag-sostenibilitat"],"jetpack_sharing_enabled":true,"_links":{"self":[{"href":"https:\/\/escolagrancapita.wpcomstaging.com\/index.php?rest_route=\/wp\/v2\/pages\/28186","targetHints":{"allow":["GET"]}}],"collection":[{"href":"https:\/\/escolagrancapita.wpcomstaging.com\/index.php?rest_route=\/wp\/v2\/pages"}],"about":[{"href":"https:\/\/escolagrancapita.wpcomstaging.com\/index.php?rest_route=\/wp\/v2\/types\/page"}],"author":[{"embeddable":true,"href":"https:\/\/escolagrancapita.wpcomstaging.com\/index.php?rest_route=\/wp\/v2\/users\/1"}],"replies":[{"embeddable":true,"href":"https:\/\/escolagrancapita.wpcomstaging.com\/index.php?rest_route=%2Fwp%2Fv2%2Fcomments&post=28186"}],"version-history":[{"count":2,"href":"https:\/\/escolagrancapita.wpcomstaging.com\/index.php?rest_route=\/wp\/v2\/pages\/28186\/revisions"}],"predecessor-version":[{"id":28266,"href":"https:\/\/escolagrancapita.wpcomstaging.com\/index.php?rest_route=\/wp\/v2\/pages\/28186\/revisions\/28266"}],"wp:attachment":[{"href":"https:\/\/escolagrancapita.wpcomstaging.com\/index.php?rest_route=%2Fwp%2Fv2%2Fmedia&parent=28186"}],"wp:term":[{"taxonomy":"category","embeddable":true,"href":"https:\/\/escolagrancapita.wpcomstaging.com\/index.php?rest_route=%2Fwp%2Fv2%2Fcategories&post=28186"},{"taxonomy":"post_tag","embeddable":true,"href":"https:\/\/escolagrancapita.wpcomstaging.com\/index.php?rest_route=%2Fwp%2Fv2%2Ftags&post=28186"}],"curies":[{"name":"wp","href":"https:\/\/api.w.org\/{rel}","templated":true}]}}