{"id":28576,"date":"2026-04-12T08:55:00","date_gmt":"2026-04-12T08:55:00","guid":{"rendered":"https:\/\/escolagrancapita.wpcomstaging.com\/?page_id=28576"},"modified":"2026-04-12T08:56:17","modified_gmt":"2026-04-12T08:56:17","slug":"projecte-keith-haring","status":"publish","type":"page","link":"https:\/\/escolagrancapita.wpcomstaging.com\/?page_id=28576","title":{"rendered":"Projecte: Keith Haring"},"content":{"rendered":"<p style=\"text-align: justify;\">Durant el segon trimestre, I5 ha desenvolupat un projecte interdisciplinari centrat en l\u2019artista <a href=\"https:\/\/ca.wikipedia.org\/wiki\/Keith_Haring\" target=\"_blank\" rel=\"noopener\"><strong>Keith Haring<\/strong><\/a>, amb una proposta pedag\u00f2gica orientada a fomentar la creativitat, l\u2019expressi\u00f3 art\u00edstica i el treball cooperatiu.<\/p>\n<p style=\"text-align: justify;\">A trav\u00e9s de diverses activitats din\u00e0miques i participatives, l\u2019alumnat ha tingut l\u2019oportunitat de descobrir el seu estil caracter\u00edstic, reconeixent les figures en moviment i comprenent l\u2019art com una eina d\u2019expressi\u00f3 i comunicaci\u00f3. Aquest proc\u00e9s ha afavorit no nom\u00e9s l\u2019aprenentatge art\u00edstic, sin\u00f3 tamb\u00e9 el desenvolupament de la mirada cr\u00edtica i la sensibilitat est\u00e8tica.<\/p>\n<div id='gallery-1' class='gallery galleryid-28576 gallery-columns-1 gallery-size-full'><figure class='gallery-item'>\n\t\t\t<div class='gallery-icon landscape'>\n\t\t\t\t<img loading=\"lazy\" decoding=\"async\" width=\"2048\" height=\"1516\" src=\"https:\/\/i0.wp.com\/escolagrancapita.wpcomstaging.com\/wp-content\/uploads\/2026\/04\/WhatsApp-Image-2026-04-11-at-18.13.16-1-Sandra-Garcia.jpeg?fit=2048%2C1516&amp;ssl=1\" class=\"attachment-full size-full\" alt=\"\" srcset=\"https:\/\/i0.wp.com\/escolagrancapita.wpcomstaging.com\/wp-content\/uploads\/2026\/04\/WhatsApp-Image-2026-04-11-at-18.13.16-1-Sandra-Garcia.jpeg?w=2048&amp;ssl=1 2048w, https:\/\/i0.wp.com\/escolagrancapita.wpcomstaging.com\/wp-content\/uploads\/2026\/04\/WhatsApp-Image-2026-04-11-at-18.13.16-1-Sandra-Garcia.jpeg?resize=300%2C222&amp;ssl=1 300w, https:\/\/i0.wp.com\/escolagrancapita.wpcomstaging.com\/wp-content\/uploads\/2026\/04\/WhatsApp-Image-2026-04-11-at-18.13.16-1-Sandra-Garcia.jpeg?resize=1024%2C758&amp;ssl=1 1024w, https:\/\/i0.wp.com\/escolagrancapita.wpcomstaging.com\/wp-content\/uploads\/2026\/04\/WhatsApp-Image-2026-04-11-at-18.13.16-1-Sandra-Garcia.jpeg?resize=768%2C569&amp;ssl=1 768w, https:\/\/i0.wp.com\/escolagrancapita.wpcomstaging.com\/wp-content\/uploads\/2026\/04\/WhatsApp-Image-2026-04-11-at-18.13.16-1-Sandra-Garcia.jpeg?resize=1536%2C1137&amp;ssl=1 1536w\" sizes=\"auto, (max-width: 750px) 100vw, 750px\" \/>\n\t\t\t<\/div><\/figure>\n\t\t<\/div>\n\n<p style=\"text-align: justify;\">Al llarg del projecte, s\u2019han dut a terme propostes variades que han potenciat la implicaci\u00f3 de tot el grup. Una de les activitats m\u00e9s significatives ha estat la representaci\u00f3 corporal de les figures de l\u2019artista, que ha perm\u00e8s a les criatures experimentar amb el cos i el moviment, afavorint la consci\u00e8ncia corporal i el treball en equip. Paral\u00b7lelament, les activitats de dibuix i pintura de siluetes han facilitat l\u2019exploraci\u00f3 del llenguatge visual de Haring d\u2019una manera vivencial i creativa, contribuint al desenvolupament de la imaginaci\u00f3 i l\u2019expressi\u00f3 personal.<\/p>\n<div id='gallery-2' class='gallery galleryid-28576 gallery-columns-3 gallery-size-full'><figure class='gallery-item'>\n\t\t\t<div class='gallery-icon portrait'>\n\t\t\t\t<img loading=\"lazy\" decoding=\"async\" width=\"1512\" height=\"2016\" src=\"https:\/\/i0.wp.com\/escolagrancapita.wpcomstaging.com\/wp-content\/uploads\/2026\/04\/WhatsApp-Image-2026-04-11-at-18.14.29-Sandra-Garcia.jpeg?fit=1512%2C2016&amp;ssl=1\" class=\"attachment-full size-full\" alt=\"\" srcset=\"https:\/\/i0.wp.com\/escolagrancapita.wpcomstaging.com\/wp-content\/uploads\/2026\/04\/WhatsApp-Image-2026-04-11-at-18.14.29-Sandra-Garcia.jpeg?w=1512&amp;ssl=1 1512w, https:\/\/i0.wp.com\/escolagrancapita.wpcomstaging.com\/wp-content\/uploads\/2026\/04\/WhatsApp-Image-2026-04-11-at-18.14.29-Sandra-Garcia.jpeg?resize=225%2C300&amp;ssl=1 225w, https:\/\/i0.wp.com\/escolagrancapita.wpcomstaging.com\/wp-content\/uploads\/2026\/04\/WhatsApp-Image-2026-04-11-at-18.14.29-Sandra-Garcia.jpeg?resize=768%2C1024&amp;ssl=1 768w, https:\/\/i0.wp.com\/escolagrancapita.wpcomstaging.com\/wp-content\/uploads\/2026\/04\/WhatsApp-Image-2026-04-11-at-18.14.29-Sandra-Garcia.jpeg?resize=1152%2C1536&amp;ssl=1 1152w\" sizes=\"auto, (max-width: 750px) 100vw, 750px\" \/>\n\t\t\t<\/div><\/figure><figure class='gallery-item'>\n\t\t\t<div class='gallery-icon portrait'>\n\t\t\t\t<img loading=\"lazy\" decoding=\"async\" width=\"1512\" height=\"2016\" src=\"https:\/\/i0.wp.com\/escolagrancapita.wpcomstaging.com\/wp-content\/uploads\/2026\/04\/WhatsApp-Image-2026-04-11-at-18.14.29-3-Sandra-Garcia.jpeg?fit=1512%2C2016&amp;ssl=1\" class=\"attachment-full size-full\" alt=\"\" srcset=\"https:\/\/i0.wp.com\/escolagrancapita.wpcomstaging.com\/wp-content\/uploads\/2026\/04\/WhatsApp-Image-2026-04-11-at-18.14.29-3-Sandra-Garcia.jpeg?w=1512&amp;ssl=1 1512w, https:\/\/i0.wp.com\/escolagrancapita.wpcomstaging.com\/wp-content\/uploads\/2026\/04\/WhatsApp-Image-2026-04-11-at-18.14.29-3-Sandra-Garcia.jpeg?resize=225%2C300&amp;ssl=1 225w, https:\/\/i0.wp.com\/escolagrancapita.wpcomstaging.com\/wp-content\/uploads\/2026\/04\/WhatsApp-Image-2026-04-11-at-18.14.29-3-Sandra-Garcia.jpeg?resize=768%2C1024&amp;ssl=1 768w, https:\/\/i0.wp.com\/escolagrancapita.wpcomstaging.com\/wp-content\/uploads\/2026\/04\/WhatsApp-Image-2026-04-11-at-18.14.29-3-Sandra-Garcia.jpeg?resize=1152%2C1536&amp;ssl=1 1152w\" sizes=\"auto, (max-width: 750px) 100vw, 750px\" \/>\n\t\t\t<\/div><\/figure><figure class='gallery-item'>\n\t\t\t<div class='gallery-icon portrait'>\n\t\t\t\t<img loading=\"lazy\" decoding=\"async\" width=\"1512\" height=\"2016\" src=\"https:\/\/i0.wp.com\/escolagrancapita.wpcomstaging.com\/wp-content\/uploads\/2026\/04\/WhatsApp-Image-2026-04-11-at-18.14.28-5-Sandra-Garcia.jpeg?fit=1512%2C2016&amp;ssl=1\" class=\"attachment-full size-full\" alt=\"\" srcset=\"https:\/\/i0.wp.com\/escolagrancapita.wpcomstaging.com\/wp-content\/uploads\/2026\/04\/WhatsApp-Image-2026-04-11-at-18.14.28-5-Sandra-Garcia.jpeg?w=1512&amp;ssl=1 1512w, https:\/\/i0.wp.com\/escolagrancapita.wpcomstaging.com\/wp-content\/uploads\/2026\/04\/WhatsApp-Image-2026-04-11-at-18.14.28-5-Sandra-Garcia.jpeg?resize=225%2C300&amp;ssl=1 225w, https:\/\/i0.wp.com\/escolagrancapita.wpcomstaging.com\/wp-content\/uploads\/2026\/04\/WhatsApp-Image-2026-04-11-at-18.14.28-5-Sandra-Garcia.jpeg?resize=768%2C1024&amp;ssl=1 768w, https:\/\/i0.wp.com\/escolagrancapita.wpcomstaging.com\/wp-content\/uploads\/2026\/04\/WhatsApp-Image-2026-04-11-at-18.14.28-5-Sandra-Garcia.jpeg?resize=1152%2C1536&amp;ssl=1 1152w\" sizes=\"auto, (max-width: 750px) 100vw, 750px\" \/>\n\t\t\t<\/div><\/figure>\n\t\t<\/div>\n\n<p style=\"text-align: justify;\">Tamb\u00e9 cal destacar la creaci\u00f3 d\u2019un gran cor col\u00b7laboratiu elaborat amb les produccions de l\u2019alumnat. Aquesta proposta ha esdevingut una experi\u00e8ncia significativa que ha combinat la creativitat individual amb la construcci\u00f3 d\u2019una obra col\u00b7lectiva, refor\u00e7ant el sentiment de pertinen\u00e7a i la cohesi\u00f3 del grup.<\/p>\n<div id='gallery-3' class='gallery galleryid-28576 gallery-columns-3 gallery-size-full'><figure class='gallery-item'>\n\t\t\t<div class='gallery-icon portrait'>\n\t\t\t\t<img loading=\"lazy\" decoding=\"async\" width=\"1512\" height=\"2016\" src=\"https:\/\/i0.wp.com\/escolagrancapita.wpcomstaging.com\/wp-content\/uploads\/2026\/04\/WhatsApp-Image-2026-04-11-at-18.14.25-Sandra-Garcia.jpeg?fit=1512%2C2016&amp;ssl=1\" class=\"attachment-full size-full\" alt=\"\" srcset=\"https:\/\/i0.wp.com\/escolagrancapita.wpcomstaging.com\/wp-content\/uploads\/2026\/04\/WhatsApp-Image-2026-04-11-at-18.14.25-Sandra-Garcia.jpeg?w=1512&amp;ssl=1 1512w, https:\/\/i0.wp.com\/escolagrancapita.wpcomstaging.com\/wp-content\/uploads\/2026\/04\/WhatsApp-Image-2026-04-11-at-18.14.25-Sandra-Garcia.jpeg?resize=225%2C300&amp;ssl=1 225w, https:\/\/i0.wp.com\/escolagrancapita.wpcomstaging.com\/wp-content\/uploads\/2026\/04\/WhatsApp-Image-2026-04-11-at-18.14.25-Sandra-Garcia.jpeg?resize=768%2C1024&amp;ssl=1 768w, https:\/\/i0.wp.com\/escolagrancapita.wpcomstaging.com\/wp-content\/uploads\/2026\/04\/WhatsApp-Image-2026-04-11-at-18.14.25-Sandra-Garcia.jpeg?resize=1152%2C1536&amp;ssl=1 1152w\" sizes=\"auto, (max-width: 750px) 100vw, 750px\" \/>\n\t\t\t<\/div><\/figure><figure class='gallery-item'>\n\t\t\t<div class='gallery-icon portrait'>\n\t\t\t\t<img loading=\"lazy\" decoding=\"async\" width=\"1512\" height=\"2016\" src=\"https:\/\/i0.wp.com\/escolagrancapita.wpcomstaging.com\/wp-content\/uploads\/2026\/04\/WhatsApp-Image-2026-04-11-at-18.14.26-Sandra-Garcia.jpeg?fit=1512%2C2016&amp;ssl=1\" class=\"attachment-full size-full\" alt=\"\" srcset=\"https:\/\/i0.wp.com\/escolagrancapita.wpcomstaging.com\/wp-content\/uploads\/2026\/04\/WhatsApp-Image-2026-04-11-at-18.14.26-Sandra-Garcia.jpeg?w=1512&amp;ssl=1 1512w, https:\/\/i0.wp.com\/escolagrancapita.wpcomstaging.com\/wp-content\/uploads\/2026\/04\/WhatsApp-Image-2026-04-11-at-18.14.26-Sandra-Garcia.jpeg?resize=225%2C300&amp;ssl=1 225w, https:\/\/i0.wp.com\/escolagrancapita.wpcomstaging.com\/wp-content\/uploads\/2026\/04\/WhatsApp-Image-2026-04-11-at-18.14.26-Sandra-Garcia.jpeg?resize=768%2C1024&amp;ssl=1 768w, https:\/\/i0.wp.com\/escolagrancapita.wpcomstaging.com\/wp-content\/uploads\/2026\/04\/WhatsApp-Image-2026-04-11-at-18.14.26-Sandra-Garcia.jpeg?resize=1152%2C1536&amp;ssl=1 1152w\" sizes=\"auto, (max-width: 750px) 100vw, 750px\" \/>\n\t\t\t<\/div><\/figure><figure class='gallery-item'>\n\t\t\t<div class='gallery-icon portrait'>\n\t\t\t\t<img loading=\"lazy\" decoding=\"async\" width=\"1512\" height=\"2016\" src=\"https:\/\/i0.wp.com\/escolagrancapita.wpcomstaging.com\/wp-content\/uploads\/2026\/04\/WhatsApp-Image-2026-04-11-at-18.14.25-1-Sandra-Garcia.jpeg?fit=1512%2C2016&amp;ssl=1\" class=\"attachment-full size-full\" alt=\"\" srcset=\"https:\/\/i0.wp.com\/escolagrancapita.wpcomstaging.com\/wp-content\/uploads\/2026\/04\/WhatsApp-Image-2026-04-11-at-18.14.25-1-Sandra-Garcia.jpeg?w=1512&amp;ssl=1 1512w, https:\/\/i0.wp.com\/escolagrancapita.wpcomstaging.com\/wp-content\/uploads\/2026\/04\/WhatsApp-Image-2026-04-11-at-18.14.25-1-Sandra-Garcia.jpeg?resize=225%2C300&amp;ssl=1 225w, https:\/\/i0.wp.com\/escolagrancapita.wpcomstaging.com\/wp-content\/uploads\/2026\/04\/WhatsApp-Image-2026-04-11-at-18.14.25-1-Sandra-Garcia.jpeg?resize=768%2C1024&amp;ssl=1 768w, https:\/\/i0.wp.com\/escolagrancapita.wpcomstaging.com\/wp-content\/uploads\/2026\/04\/WhatsApp-Image-2026-04-11-at-18.14.25-1-Sandra-Garcia.jpeg?resize=1152%2C1536&amp;ssl=1 1152w\" sizes=\"auto, (max-width: 750px) 100vw, 750px\" \/>\n\t\t\t<\/div><\/figure><figure class='gallery-item'>\n\t\t\t<div class='gallery-icon portrait'>\n\t\t\t\t<img loading=\"lazy\" decoding=\"async\" width=\"1512\" height=\"2016\" src=\"https:\/\/i0.wp.com\/escolagrancapita.wpcomstaging.com\/wp-content\/uploads\/2026\/04\/WhatsApp-Image-2026-04-11-at-18.14.26-1-Sandra-Garcia.jpeg?fit=1512%2C2016&amp;ssl=1\" class=\"attachment-full size-full\" alt=\"\" srcset=\"https:\/\/i0.wp.com\/escolagrancapita.wpcomstaging.com\/wp-content\/uploads\/2026\/04\/WhatsApp-Image-2026-04-11-at-18.14.26-1-Sandra-Garcia.jpeg?w=1512&amp;ssl=1 1512w, https:\/\/i0.wp.com\/escolagrancapita.wpcomstaging.com\/wp-content\/uploads\/2026\/04\/WhatsApp-Image-2026-04-11-at-18.14.26-1-Sandra-Garcia.jpeg?resize=225%2C300&amp;ssl=1 225w, https:\/\/i0.wp.com\/escolagrancapita.wpcomstaging.com\/wp-content\/uploads\/2026\/04\/WhatsApp-Image-2026-04-11-at-18.14.26-1-Sandra-Garcia.jpeg?resize=768%2C1024&amp;ssl=1 768w, https:\/\/i0.wp.com\/escolagrancapita.wpcomstaging.com\/wp-content\/uploads\/2026\/04\/WhatsApp-Image-2026-04-11-at-18.14.26-1-Sandra-Garcia.jpeg?resize=1152%2C1536&amp;ssl=1 1152w\" sizes=\"auto, (max-width: 750px) 100vw, 750px\" \/>\n\t\t\t<\/div><\/figure><figure class='gallery-item'>\n\t\t\t<div class='gallery-icon portrait'>\n\t\t\t\t<img loading=\"lazy\" decoding=\"async\" width=\"1512\" height=\"2016\" src=\"https:\/\/i0.wp.com\/escolagrancapita.wpcomstaging.com\/wp-content\/uploads\/2026\/04\/WhatsApp-Image-2026-04-11-at-18.14.26-2-Sandra-Garcia.jpeg?fit=1512%2C2016&amp;ssl=1\" class=\"attachment-full size-full\" alt=\"\" srcset=\"https:\/\/i0.wp.com\/escolagrancapita.wpcomstaging.com\/wp-content\/uploads\/2026\/04\/WhatsApp-Image-2026-04-11-at-18.14.26-2-Sandra-Garcia.jpeg?w=1512&amp;ssl=1 1512w, https:\/\/i0.wp.com\/escolagrancapita.wpcomstaging.com\/wp-content\/uploads\/2026\/04\/WhatsApp-Image-2026-04-11-at-18.14.26-2-Sandra-Garcia.jpeg?resize=225%2C300&amp;ssl=1 225w, https:\/\/i0.wp.com\/escolagrancapita.wpcomstaging.com\/wp-content\/uploads\/2026\/04\/WhatsApp-Image-2026-04-11-at-18.14.26-2-Sandra-Garcia.jpeg?resize=768%2C1024&amp;ssl=1 768w, https:\/\/i0.wp.com\/escolagrancapita.wpcomstaging.com\/wp-content\/uploads\/2026\/04\/WhatsApp-Image-2026-04-11-at-18.14.26-2-Sandra-Garcia.jpeg?resize=1152%2C1536&amp;ssl=1 1152w\" sizes=\"auto, (max-width: 750px) 100vw, 750px\" \/>\n\t\t\t<\/div><\/figure><figure class='gallery-item'>\n\t\t\t<div class='gallery-icon portrait'>\n\t\t\t\t<img loading=\"lazy\" decoding=\"async\" width=\"1512\" height=\"2016\" src=\"https:\/\/i0.wp.com\/escolagrancapita.wpcomstaging.com\/wp-content\/uploads\/2026\/04\/WhatsApp-Image-2026-04-11-at-18.14.28-Sandra-Garcia.jpeg?fit=1512%2C2016&amp;ssl=1\" class=\"attachment-full size-full\" alt=\"\" srcset=\"https:\/\/i0.wp.com\/escolagrancapita.wpcomstaging.com\/wp-content\/uploads\/2026\/04\/WhatsApp-Image-2026-04-11-at-18.14.28-Sandra-Garcia.jpeg?w=1512&amp;ssl=1 1512w, https:\/\/i0.wp.com\/escolagrancapita.wpcomstaging.com\/wp-content\/uploads\/2026\/04\/WhatsApp-Image-2026-04-11-at-18.14.28-Sandra-Garcia.jpeg?resize=225%2C300&amp;ssl=1 225w, https:\/\/i0.wp.com\/escolagrancapita.wpcomstaging.com\/wp-content\/uploads\/2026\/04\/WhatsApp-Image-2026-04-11-at-18.14.28-Sandra-Garcia.jpeg?resize=768%2C1024&amp;ssl=1 768w, https:\/\/i0.wp.com\/escolagrancapita.wpcomstaging.com\/wp-content\/uploads\/2026\/04\/WhatsApp-Image-2026-04-11-at-18.14.28-Sandra-Garcia.jpeg?resize=1152%2C1536&amp;ssl=1 1152w\" sizes=\"auto, (max-width: 750px) 100vw, 750px\" \/>\n\t\t\t<\/div><\/figure>\n\t\t<\/div>\n\n<p style=\"text-align: justify;\">En conjunt, la motivaci\u00f3, l\u2019entusiasme i la implicaci\u00f3 mostrats han estat elements clau per afavorir un aprenentatge significatiu, en qu\u00e8 l\u2019art s\u2019ha convertit en un vehicle per expressar emocions, idees i viv\u00e8ncies. Es tracta d\u2019un projecte enriquidor que <strong>posa en valor l\u2019educaci\u00f3 art\u00edstica com a eina fonamental per al desenvolupament integral de les persones<\/strong>.<\/p>\n","protected":false},"excerpt":{"rendered":"<p>Durant el segon trimestre, I5 ha desenvolupat un projecte interdisciplinari centrat en l\u2019artista Keith Haring, amb una proposta pedag\u00f2gica orientada a fomentar la creativitat, l\u2019expressi\u00f3 art\u00edstica i el treball cooperatiu. A trav\u00e9s de diverses activitats din\u00e0miques i participatives, l\u2019alumnat ha<\/p>\n","protected":false},"author":1,"featured_media":0,"parent":0,"menu_order":0,"comment_status":"closed","ping_status":"closed","template":"","meta":{"_crdt_document":"","footnotes":""},"categories":[],"tags":[151,77,79],"class_list":["post-28576","page","type-page","status-publish","hentry","tag-curs-2025-26","tag-ed-infantil","tag-projectes"],"jetpack_sharing_enabled":true,"_links":{"self":[{"href":"https:\/\/escolagrancapita.wpcomstaging.com\/index.php?rest_route=\/wp\/v2\/pages\/28576","targetHints":{"allow":["GET"]}}],"collection":[{"href":"https:\/\/escolagrancapita.wpcomstaging.com\/index.php?rest_route=\/wp\/v2\/pages"}],"about":[{"href":"https:\/\/escolagrancapita.wpcomstaging.com\/index.php?rest_route=\/wp\/v2\/types\/page"}],"author":[{"embeddable":true,"href":"https:\/\/escolagrancapita.wpcomstaging.com\/index.php?rest_route=\/wp\/v2\/users\/1"}],"replies":[{"embeddable":true,"href":"https:\/\/escolagrancapita.wpcomstaging.com\/index.php?rest_route=%2Fwp%2Fv2%2Fcomments&post=28576"}],"version-history":[{"count":3,"href":"https:\/\/escolagrancapita.wpcomstaging.com\/index.php?rest_route=\/wp\/v2\/pages\/28576\/revisions"}],"predecessor-version":[{"id":28621,"href":"https:\/\/escolagrancapita.wpcomstaging.com\/index.php?rest_route=\/wp\/v2\/pages\/28576\/revisions\/28621"}],"wp:attachment":[{"href":"https:\/\/escolagrancapita.wpcomstaging.com\/index.php?rest_route=%2Fwp%2Fv2%2Fmedia&parent=28576"}],"wp:term":[{"taxonomy":"category","embeddable":true,"href":"https:\/\/escolagrancapita.wpcomstaging.com\/index.php?rest_route=%2Fwp%2Fv2%2Fcategories&post=28576"},{"taxonomy":"post_tag","embeddable":true,"href":"https:\/\/escolagrancapita.wpcomstaging.com\/index.php?rest_route=%2Fwp%2Fv2%2Ftags&post=28576"}],"curies":[{"name":"wp","href":"https:\/\/api.w.org\/{rel}","templated":true}]}}