{"id":38,"date":"2013-10-18T16:20:07","date_gmt":"2013-10-18T16:20:07","guid":{"rendered":"http:\/\/escolagrancapita.wpcomstaging.com\/?page_id=38"},"modified":"2025-02-25T19:04:21","modified_gmt":"2025-02-25T19:04:21","slug":"instal%c2%b7lacions","status":"publish","type":"page","link":"https:\/\/escolagrancapita.wpcomstaging.com\/?page_id=38","title":{"rendered":"Instal\u00b7lacions"},"content":{"rendered":"<div style=\"float: right; width: 50%;\"><\/div>\n<div style=\"float: left; width: 50%;\">\n<p>Comptem amb unes completes instal\u00b7lacions i m\u00faltiples recursos:<\/p>\n<ul>\n<li>Menjador<\/li>\n<li>Gimn\u00e0s<\/li>\n<li>Patis independents<\/li>\n<li>Sala d\u2019Inform\u00e0tica<\/li>\n<li>Sala de M\u00fasica<\/li>\n<li>Sala de Visual i Pl\u00e0stica<\/li>\n<li>Sala d\u2019usos m\u00faltiples<\/li>\n<li>Biblioteca<\/li>\n<li>Taller de Tecnologia<\/li>\n<li>Laboratori de Ci\u00e8ncies<\/li>\n<li>Aules de desdoblament i d\u2019estudi<\/li>\n<\/ul>\n<\/div>\n<div style=\"float: left; width: 100%;\">\n<p style=\"text-align: left;\">Podeu fer una <strong>visita virtual<\/strong> per l\u2019escola trav\u00e9s de les seg\u00fcents imatges 360\u00ba:<\/p>\n<\/div>\n<div style=\"width: 100%;\"><iframe style=\"border: 0; display: block; width: 100%;\" src=\"https:\/\/www.google.com\/maps\/embed?pb=!4v1740417224256!6m8!1m7!1sCAoSLEFGMVFpcE1wcGotVmF0QjNDbkxBaXRFVEJtNG9WSW5PcmMtdmZzaU8tV1NB!2m2!1d41.36798543832825!2d2.071775776209294!3f148.43!4f4.939999999999998!5f0.4000000000000002\" height=\"1100\" allowfullscreen=\"allowfullscreen\"><span data-mce-type=\"bookmark\" style=\"display: inline-block; width: 0px; overflow: hidden; line-height: 0;\" class=\"mce_SELRES_start\">\ufeff<\/span><span data-mce-type=\"bookmark\" style=\"display: inline-block; width: 0px; overflow: hidden; line-height: 0;\" class=\"mce_SELRES_start\">\ufeff<\/span><span data-mce-type=\"bookmark\" style=\"display: inline-block; width: 0px; overflow: hidden; line-height: 0;\" class=\"mce_SELRES_start\">\ufeff<\/span><span data-mce-type=\"bookmark\" style=\"display: inline-block; width: 0px; overflow: hidden; line-height: 0;\" class=\"mce_SELRES_start\">\ufeff<\/span><span data-mce-type=\"bookmark\" style=\"display: inline-block; width: 0px; overflow: hidden; line-height: 0;\" class=\"mce_SELRES_start\">\ufeff<\/span><br \/>\n<\/iframe><\/div>\n","protected":false},"excerpt":{"rendered":"<p>Comptem amb unes completes instal\u00b7lacions i m\u00faltiples recursos: Menjador Gimn\u00e0s Patis independents Sala d\u2019Inform\u00e0tica Sala de M\u00fasica Sala de Visual i Pl\u00e0stica Sala d\u2019usos m\u00faltiples Biblioteca Taller de Tecnologia Laboratori de Ci\u00e8ncies Aules de desdoblament i d\u2019estudi Podeu fer una<\/p>\n","protected":false},"author":1,"featured_media":0,"parent":17,"menu_order":3,"comment_status":"closed","ping_status":"closed","template":"","meta":{"_crdt_document":"","footnotes":""},"categories":[91],"tags":[],"class_list":["post-38","page","type-page","status-publish","hentry","category-web"],"jetpack_sharing_enabled":true,"_links":{"self":[{"href":"https:\/\/escolagrancapita.wpcomstaging.com\/index.php?rest_route=\/wp\/v2\/pages\/38","targetHints":{"allow":["GET"]}}],"collection":[{"href":"https:\/\/escolagrancapita.wpcomstaging.com\/index.php?rest_route=\/wp\/v2\/pages"}],"about":[{"href":"https:\/\/escolagrancapita.wpcomstaging.com\/index.php?rest_route=\/wp\/v2\/types\/page"}],"author":[{"embeddable":true,"href":"https:\/\/escolagrancapita.wpcomstaging.com\/index.php?rest_route=\/wp\/v2\/users\/1"}],"replies":[{"embeddable":true,"href":"https:\/\/escolagrancapita.wpcomstaging.com\/index.php?rest_route=%2Fwp%2Fv2%2Fcomments&post=38"}],"version-history":[{"count":12,"href":"https:\/\/escolagrancapita.wpcomstaging.com\/index.php?rest_route=\/wp\/v2\/pages\/38\/revisions"}],"predecessor-version":[{"id":24850,"href":"https:\/\/escolagrancapita.wpcomstaging.com\/index.php?rest_route=\/wp\/v2\/pages\/38\/revisions\/24850"}],"up":[{"embeddable":true,"href":"https:\/\/escolagrancapita.wpcomstaging.com\/index.php?rest_route=\/wp\/v2\/pages\/17"}],"wp:attachment":[{"href":"https:\/\/escolagrancapita.wpcomstaging.com\/index.php?rest_route=%2Fwp%2Fv2%2Fmedia&parent=38"}],"wp:term":[{"taxonomy":"category","embeddable":true,"href":"https:\/\/escolagrancapita.wpcomstaging.com\/index.php?rest_route=%2Fwp%2Fv2%2Fcategories&post=38"},{"taxonomy":"post_tag","embeddable":true,"href":"https:\/\/escolagrancapita.wpcomstaging.com\/index.php?rest_route=%2Fwp%2Fv2%2Ftags&post=38"}],"curies":[{"name":"wp","href":"https:\/\/api.w.org\/{rel}","templated":true}]}}