{"id":5777,"date":"2018-05-05T09:00:00","date_gmt":"2018-05-05T09:00:00","guid":{"rendered":"http:\/\/escolagrancapita.wpcomstaging.com\/?page_id=5777"},"modified":"2018-12-02T10:49:37","modified_gmt":"2018-12-02T10:49:37","slug":"projecte-lagencia-de-viatges","status":"publish","type":"page","link":"https:\/\/escolagrancapita.wpcomstaging.com\/?page_id=5777","title":{"rendered":"Projecte: L&#8217;ag\u00e8ncia de viatges"},"content":{"rendered":"<p><strong>L&#8217;agencia de viatges<\/strong> \u00e9s el nom d&#8217;un dels projectes que 2n de Prim\u00e0ria ha fet durant aquest 2n trimestre.<\/p>\n<p>A partir d&#8217;un mapa del m\u00f3n, s&#8217;ha convidat als nens i nenes a escollir llocs que els agradaria visitar alguna vegada. S&#8217;ha enganxat un gomet a les localitzacions seleccionades.<\/p>\n<p>A partir d\u2019aqu\u00ed ha comen\u00e7at la recerca d&#8217;informaci\u00f3 del seu<em> s\u00faper viatge<\/em>.<\/p>\n<p>Un cop han tingut el material, cada alumne ha preparat una presentaci\u00f3 per conv\u00e8ncer a la resta de la classe per anar a visitar el seu dest\u00ed, de tal forma que han fet el rol de comercials d&#8217;una\u00a0<strong>ag\u00e8ncia de viatges<\/strong>.<\/p>\n<p>A continuaci\u00f3 podeu veure algunes fotos de les seves presentacions:<\/p>\n<div id='gallery-1' class='gallery galleryid-5777 gallery-columns-3 gallery-size-large'><figure class='gallery-item'>\n\t\t\t<div class='gallery-icon portrait'>\n\t\t\t\t<img loading=\"lazy\" decoding=\"async\" width=\"750\" height=\"1000\" src=\"https:\/\/i0.wp.com\/escolagrancapita.wpcomstaging.com\/wp-content\/uploads\/2018\/03\/2pri_ag%C3%A8ncia6-e1522052561993.jpg?fit=750%2C1000&amp;ssl=1\" class=\"attachment-large size-large\" alt=\"\" \/>\n\t\t\t<\/div><\/figure><figure class='gallery-item'>\n\t\t\t<div class='gallery-icon portrait'>\n\t\t\t\t<img loading=\"lazy\" decoding=\"async\" width=\"750\" height=\"1000\" src=\"https:\/\/i0.wp.com\/escolagrancapita.wpcomstaging.com\/wp-content\/uploads\/2018\/03\/2pri_ag%C3%A8ncia5-e1522052509465.jpg?fit=750%2C1000&amp;ssl=1\" class=\"attachment-large size-large\" alt=\"\" \/>\n\t\t\t<\/div><\/figure><figure class='gallery-item'>\n\t\t\t<div class='gallery-icon portrait'>\n\t\t\t\t<img loading=\"lazy\" decoding=\"async\" width=\"750\" height=\"1000\" src=\"https:\/\/i0.wp.com\/escolagrancapita.wpcomstaging.com\/wp-content\/uploads\/2018\/03\/2pri_ag%C3%A8ncia4-e1522052520602.jpg?fit=750%2C1000&amp;ssl=1\" class=\"attachment-large size-large\" alt=\"\" \/>\n\t\t\t<\/div><\/figure><figure class='gallery-item'>\n\t\t\t<div class='gallery-icon portrait'>\n\t\t\t\t<img loading=\"lazy\" decoding=\"async\" width=\"750\" height=\"1000\" src=\"https:\/\/i0.wp.com\/escolagrancapita.wpcomstaging.com\/wp-content\/uploads\/2018\/03\/2pri_ag%C3%A8ncia3-e1522052530205.jpg?fit=750%2C1000&amp;ssl=1\" class=\"attachment-large size-large\" alt=\"\" \/>\n\t\t\t<\/div><\/figure><figure class='gallery-item'>\n\t\t\t<div class='gallery-icon portrait'>\n\t\t\t\t<img loading=\"lazy\" decoding=\"async\" width=\"750\" height=\"1000\" src=\"https:\/\/i0.wp.com\/escolagrancapita.wpcomstaging.com\/wp-content\/uploads\/2018\/03\/2pri_ag%C3%A8ncia1-e1522052539953.jpg?fit=750%2C1000&amp;ssl=1\" class=\"attachment-large size-large\" alt=\"\" \/>\n\t\t\t<\/div><\/figure><figure class='gallery-item'>\n\t\t\t<div class='gallery-icon portrait'>\n\t\t\t\t<img loading=\"lazy\" decoding=\"async\" width=\"750\" height=\"1000\" src=\"https:\/\/i0.wp.com\/escolagrancapita.wpcomstaging.com\/wp-content\/uploads\/2018\/03\/2pri_ag%C3%A8ncia2-e1522052551375.jpg?fit=750%2C1000&amp;ssl=1\" class=\"attachment-large size-large\" alt=\"\" \/>\n\t\t\t<\/div><\/figure>\n\t\t<\/div>\n\n<p>Aviat muntaran la seva paradeta a la <strong>Setmana Cultural<\/strong> on us animaran a viatjar.<\/p>\n<p>Esperem que trobeu algun dest\u00ed que us pugui agradar!<\/p>\n<p><strong>Actualitzaci\u00f3 (3r trimestre)<\/strong><\/p>\n<p>A la <strong><a href=\"https:\/\/escolagrancapita.wpcomstaging.com\/?p=6188\">Setmana Cultural<\/a><\/strong> s&#8217;ha exposat el projecte.<\/p>\n<p>Material de tot tipus: tr\u00edptics, fulletons d&#8217;informaci\u00f3, murals&#8230; s&#8217;han presentat a la resta d&#8217;alumnes i als pares i mares que han visitat l&#8217;escola durant aquest dies.<\/p>\n<p>Ha estat molt interessant mostrar la feina feta als alumnes de 4t de Prim\u00e0ria, que aquest trimestre realitzaven un projecte relacionat (veure <strong><a href=\"https:\/\/escolagrancapita.wpcomstaging.com\/?page_id=5929\">Una ruta per Espanya!<\/a><\/strong>).<\/p>\n<p>A continuaci\u00f3 podeu veure algunes de les fotos:<\/p>\n<div id='gallery-2' class='gallery galleryid-5777 gallery-columns-3 gallery-size-large'><figure class='gallery-item'>\n\t\t\t<div class='gallery-icon landscape'>\n\t\t\t\t<img loading=\"lazy\" decoding=\"async\" width=\"750\" height=\"563\" src=\"https:\/\/i0.wp.com\/escolagrancapita.wpcomstaging.com\/wp-content\/uploads\/2018\/05\/CI_VIATGES3.jpg?fit=750%2C563&amp;ssl=1\" class=\"attachment-large size-large\" alt=\"\" srcset=\"https:\/\/i0.wp.com\/escolagrancapita.wpcomstaging.com\/wp-content\/uploads\/2018\/05\/CI_VIATGES3.jpg?w=4032&amp;ssl=1 4032w, https:\/\/i0.wp.com\/escolagrancapita.wpcomstaging.com\/wp-content\/uploads\/2018\/05\/CI_VIATGES3.jpg?resize=300%2C225&amp;ssl=1 300w, https:\/\/i0.wp.com\/escolagrancapita.wpcomstaging.com\/wp-content\/uploads\/2018\/05\/CI_VIATGES3.jpg?resize=768%2C576&amp;ssl=1 768w, https:\/\/i0.wp.com\/escolagrancapita.wpcomstaging.com\/wp-content\/uploads\/2018\/05\/CI_VIATGES3.jpg?resize=1024%2C768&amp;ssl=1 1024w, https:\/\/i0.wp.com\/escolagrancapita.wpcomstaging.com\/wp-content\/uploads\/2018\/05\/CI_VIATGES3.jpg?w=1500&amp;ssl=1 1500w, https:\/\/i0.wp.com\/escolagrancapita.wpcomstaging.com\/wp-content\/uploads\/2018\/05\/CI_VIATGES3.jpg?w=2250&amp;ssl=1 2250w\" sizes=\"auto, (max-width: 750px) 100vw, 750px\" \/>\n\t\t\t<\/div><\/figure><figure class='gallery-item'>\n\t\t\t<div class='gallery-icon landscape'>\n\t\t\t\t<img loading=\"lazy\" decoding=\"async\" width=\"750\" height=\"563\" src=\"https:\/\/i0.wp.com\/escolagrancapita.wpcomstaging.com\/wp-content\/uploads\/2018\/05\/CI_VIATGES4.jpg?fit=750%2C563&amp;ssl=1\" class=\"attachment-large size-large\" alt=\"\" srcset=\"https:\/\/i0.wp.com\/escolagrancapita.wpcomstaging.com\/wp-content\/uploads\/2018\/05\/CI_VIATGES4.jpg?w=4032&amp;ssl=1 4032w, https:\/\/i0.wp.com\/escolagrancapita.wpcomstaging.com\/wp-content\/uploads\/2018\/05\/CI_VIATGES4.jpg?resize=300%2C225&amp;ssl=1 300w, https:\/\/i0.wp.com\/escolagrancapita.wpcomstaging.com\/wp-content\/uploads\/2018\/05\/CI_VIATGES4.jpg?resize=768%2C576&amp;ssl=1 768w, https:\/\/i0.wp.com\/escolagrancapita.wpcomstaging.com\/wp-content\/uploads\/2018\/05\/CI_VIATGES4.jpg?resize=1024%2C768&amp;ssl=1 1024w, https:\/\/i0.wp.com\/escolagrancapita.wpcomstaging.com\/wp-content\/uploads\/2018\/05\/CI_VIATGES4.jpg?w=1500&amp;ssl=1 1500w, https:\/\/i0.wp.com\/escolagrancapita.wpcomstaging.com\/wp-content\/uploads\/2018\/05\/CI_VIATGES4.jpg?w=2250&amp;ssl=1 2250w\" sizes=\"auto, (max-width: 750px) 100vw, 750px\" \/>\n\t\t\t<\/div><\/figure><figure class='gallery-item'>\n\t\t\t<div class='gallery-icon landscape'>\n\t\t\t\t<img loading=\"lazy\" decoding=\"async\" width=\"750\" height=\"563\" src=\"https:\/\/i0.wp.com\/escolagrancapita.wpcomstaging.com\/wp-content\/uploads\/2018\/05\/CI_VIATGES1.jpg?fit=750%2C563&amp;ssl=1\" class=\"attachment-large size-large\" alt=\"\" srcset=\"https:\/\/i0.wp.com\/escolagrancapita.wpcomstaging.com\/wp-content\/uploads\/2018\/05\/CI_VIATGES1.jpg?w=4032&amp;ssl=1 4032w, https:\/\/i0.wp.com\/escolagrancapita.wpcomstaging.com\/wp-content\/uploads\/2018\/05\/CI_VIATGES1.jpg?resize=300%2C225&amp;ssl=1 300w, https:\/\/i0.wp.com\/escolagrancapita.wpcomstaging.com\/wp-content\/uploads\/2018\/05\/CI_VIATGES1.jpg?resize=768%2C576&amp;ssl=1 768w, https:\/\/i0.wp.com\/escolagrancapita.wpcomstaging.com\/wp-content\/uploads\/2018\/05\/CI_VIATGES1.jpg?resize=1024%2C768&amp;ssl=1 1024w, https:\/\/i0.wp.com\/escolagrancapita.wpcomstaging.com\/wp-content\/uploads\/2018\/05\/CI_VIATGES1.jpg?w=1500&amp;ssl=1 1500w, https:\/\/i0.wp.com\/escolagrancapita.wpcomstaging.com\/wp-content\/uploads\/2018\/05\/CI_VIATGES1.jpg?w=2250&amp;ssl=1 2250w\" sizes=\"auto, (max-width: 750px) 100vw, 750px\" \/>\n\t\t\t<\/div><\/figure>\n\t\t<\/div>\n\n<div id='gallery-3' class='gallery galleryid-5777 gallery-columns-1 gallery-size-large'><figure class='gallery-item'>\n\t\t\t<div class='gallery-icon portrait'>\n\t\t\t\t<img loading=\"lazy\" decoding=\"async\" width=\"750\" height=\"1000\" src=\"https:\/\/i0.wp.com\/escolagrancapita.wpcomstaging.com\/wp-content\/uploads\/2018\/05\/CI_VIATGES2-e1527621803879.jpg?fit=750%2C1000&amp;ssl=1\" class=\"attachment-large size-large\" alt=\"\" srcset=\"https:\/\/i0.wp.com\/escolagrancapita.wpcomstaging.com\/wp-content\/uploads\/2018\/05\/CI_VIATGES2-e1527621803879.jpg?w=3024&amp;ssl=1 3024w, https:\/\/i0.wp.com\/escolagrancapita.wpcomstaging.com\/wp-content\/uploads\/2018\/05\/CI_VIATGES2-e1527621803879.jpg?resize=225%2C300&amp;ssl=1 225w, https:\/\/i0.wp.com\/escolagrancapita.wpcomstaging.com\/wp-content\/uploads\/2018\/05\/CI_VIATGES2-e1527621803879.jpg?resize=768%2C1024&amp;ssl=1 768w, https:\/\/i0.wp.com\/escolagrancapita.wpcomstaging.com\/wp-content\/uploads\/2018\/05\/CI_VIATGES2-e1527621803879.jpg?w=1500&amp;ssl=1 1500w, https:\/\/i0.wp.com\/escolagrancapita.wpcomstaging.com\/wp-content\/uploads\/2018\/05\/CI_VIATGES2-e1527621803879.jpg?w=2250&amp;ssl=1 2250w\" sizes=\"auto, (max-width: 750px) 100vw, 750px\" \/>\n\t\t\t<\/div><\/figure>\n\t\t<\/div>\n\n","protected":false},"excerpt":{"rendered":"<p>L&#8217;agencia de viatges \u00e9s el nom d&#8217;un dels projectes que 2n de Prim\u00e0ria ha fet durant aquest 2n trimestre. A partir d&#8217;un mapa del m\u00f3n, s&#8217;ha convidat als nens i nenes a escollir llocs que els agradaria visitar alguna vegada.<\/p>\n","protected":false},"author":1,"featured_media":0,"parent":661,"menu_order":0,"comment_status":"closed","ping_status":"closed","template":"","meta":{"_crdt_document":"","footnotes":""},"categories":[92],"tags":[72,86,79],"class_list":["post-5777","page","type-page","status-publish","hentry","category-projectes","tag-curs-2017-18","tag-ed-primaria","tag-projectes"],"jetpack_sharing_enabled":true,"_links":{"self":[{"href":"https:\/\/escolagrancapita.wpcomstaging.com\/index.php?rest_route=\/wp\/v2\/pages\/5777","targetHints":{"allow":["GET"]}}],"collection":[{"href":"https:\/\/escolagrancapita.wpcomstaging.com\/index.php?rest_route=\/wp\/v2\/pages"}],"about":[{"href":"https:\/\/escolagrancapita.wpcomstaging.com\/index.php?rest_route=\/wp\/v2\/types\/page"}],"author":[{"embeddable":true,"href":"https:\/\/escolagrancapita.wpcomstaging.com\/index.php?rest_route=\/wp\/v2\/users\/1"}],"replies":[{"embeddable":true,"href":"https:\/\/escolagrancapita.wpcomstaging.com\/index.php?rest_route=%2Fwp%2Fv2%2Fcomments&post=5777"}],"version-history":[{"count":0,"href":"https:\/\/escolagrancapita.wpcomstaging.com\/index.php?rest_route=\/wp\/v2\/pages\/5777\/revisions"}],"up":[{"embeddable":true,"href":"https:\/\/escolagrancapita.wpcomstaging.com\/index.php?rest_route=\/wp\/v2\/pages\/661"}],"wp:attachment":[{"href":"https:\/\/escolagrancapita.wpcomstaging.com\/index.php?rest_route=%2Fwp%2Fv2%2Fmedia&parent=5777"}],"wp:term":[{"taxonomy":"category","embeddable":true,"href":"https:\/\/escolagrancapita.wpcomstaging.com\/index.php?rest_route=%2Fwp%2Fv2%2Fcategories&post=5777"},{"taxonomy":"post_tag","embeddable":true,"href":"https:\/\/escolagrancapita.wpcomstaging.com\/index.php?rest_route=%2Fwp%2Fv2%2Ftags&post=5777"}],"curies":[{"name":"wp","href":"https:\/\/api.w.org\/{rel}","templated":true}]}}

Projecte: L&#8217;agència de viatges

<p><strong>L&#8217;agencia de viatges</strong> és el nom d&#8217;un dels projectes que 2n de Primària ha fet durant aquest 2n trimestre.</p>
<p>A partir d&#8217;un mapa del món, s&#8217;ha convidat als nens i nenes a escollir llocs que els agradaria visitar alguna vegada. S&#8217;ha enganxat un gomet a les localitzacions seleccionades.</p>
<p>A partir d’aquí ha començat la recerca d&#8217;informació del seu<em> súper viatge</em>.</p>
<p>Un cop han tingut el material, cada alumne ha preparat una presentació per convèncer a la resta de la classe per anar a visitar el seu destí, de tal forma que han fet el rol de comercials d&#8217;una <strong>agència de viatges</strong>.</p>
<p>A continuació podeu veure algunes fotos de les seves presentacions:</p>
<div id='gallery-1' class='gallery galleryid-5777 gallery-columns-3 gallery-size-large'><figure class='gallery-item'>
			<div class='gallery-icon portrait'>
				<img loading="lazy" decoding="async" width="750" height="1000" src="https://i0.wp.com/escolagrancapita.wpcomstaging.com/wp-content/uploads/2018/03/2pri_ag%C3%A8ncia6-e1522052561993.jpg?fit=750%2C1000&amp;ssl=1" class="attachment-large size-large" alt="" />
			</div></figure><figure class='gallery-item'>
			<div class='gallery-icon portrait'>
				<img loading="lazy" decoding="async" width="750" height="1000" src="https://i0.wp.com/escolagrancapita.wpcomstaging.com/wp-content/uploads/2018/03/2pri_ag%C3%A8ncia5-e1522052509465.jpg?fit=750%2C1000&amp;ssl=1" class="attachment-large size-large" alt="" />
			</div></figure><figure class='gallery-item'>
			<div class='gallery-icon portrait'>
				<img loading="lazy" decoding="async" width="750" height="1000" src="https://i0.wp.com/escolagrancapita.wpcomstaging.com/wp-content/uploads/2018/03/2pri_ag%C3%A8ncia4-e1522052520602.jpg?fit=750%2C1000&amp;ssl=1" class="attachment-large size-large" alt="" />
			</div></figure><figure class='gallery-item'>
			<div class='gallery-icon portrait'>
				<img loading="lazy" decoding="async" width="750" height="1000" src="https://i0.wp.com/escolagrancapita.wpcomstaging.com/wp-content/uploads/2018/03/2pri_ag%C3%A8ncia3-e1522052530205.jpg?fit=750%2C1000&amp;ssl=1" class="attachment-large size-large" alt="" />
			</div></figure><figure class='gallery-item'>
			<div class='gallery-icon portrait'>
				<img loading="lazy" decoding="async" width="750" height="1000" src="https://i0.wp.com/escolagrancapita.wpcomstaging.com/wp-content/uploads/2018/03/2pri_ag%C3%A8ncia1-e1522052539953.jpg?fit=750%2C1000&amp;ssl=1" class="attachment-large size-large" alt="" />
			</div></figure><figure class='gallery-item'>
			<div class='gallery-icon portrait'>
				<img loading="lazy" decoding="async" width="750" height="1000" src="https://i0.wp.com/escolagrancapita.wpcomstaging.com/wp-content/uploads/2018/03/2pri_ag%C3%A8ncia2-e1522052551375.jpg?fit=750%2C1000&amp;ssl=1" class="attachment-large size-large" alt="" />
			</div></figure>
		</div>

<p>Aviat muntaran la seva paradeta a la <strong>Setmana Cultural</strong> on us animaran a viatjar.</p>
<p>Esperem que trobeu algun destí que us pugui agradar!</p>
<p><strong>Actualització (3r trimestre)</strong></p>
<p>A la <strong><a href="https://escolagrancapita.wpcomstaging.com/?p=6188">Setmana Cultural</a></strong> s&#8217;ha exposat el projecte.</p>
<p>Material de tot tipus: tríptics, fulletons d&#8217;informació, murals&#8230; s&#8217;han presentat a la resta d&#8217;alumnes i als pares i mares que han visitat l&#8217;escola durant aquest dies.</p>
<p>Ha estat molt interessant mostrar la feina feta als alumnes de 4t de Primària, que aquest trimestre realitzaven un projecte relacionat (veure <strong><a href="https://escolagrancapita.wpcomstaging.com/?page_id=5929">Una ruta per Espanya!</a></strong>).</p>
<p>A continuació podeu veure algunes de les fotos:</p>
<div id='gallery-2' class='gallery galleryid-5777 gallery-columns-3 gallery-size-large'><figure class='gallery-item'>
			<div class='gallery-icon landscape'>
				<img loading="lazy" decoding="async" width="750" height="563" src="https://i0.wp.com/escolagrancapita.wpcomstaging.com/wp-content/uploads/2018/05/CI_VIATGES3.jpg?fit=750%2C563&amp;ssl=1" class="attachment-large size-large" alt="" srcset="https://i0.wp.com/escolagrancapita.wpcomstaging.com/wp-content/uploads/2018/05/CI_VIATGES3.jpg?w=4032&amp;ssl=1 4032w, https://i0.wp.com/escolagrancapita.wpcomstaging.com/wp-content/uploads/2018/05/CI_VIATGES3.jpg?resize=300%2C225&amp;ssl=1 300w, https://i0.wp.com/escolagrancapita.wpcomstaging.com/wp-content/uploads/2018/05/CI_VIATGES3.jpg?resize=768%2C576&amp;ssl=1 768w, https://i0.wp.com/escolagrancapita.wpcomstaging.com/wp-content/uploads/2018/05/CI_VIATGES3.jpg?resize=1024%2C768&amp;ssl=1 1024w, https://i0.wp.com/escolagrancapita.wpcomstaging.com/wp-content/uploads/2018/05/CI_VIATGES3.jpg?w=1500&amp;ssl=1 1500w, https://i0.wp.com/escolagrancapita.wpcomstaging.com/wp-content/uploads/2018/05/CI_VIATGES3.jpg?w=2250&amp;ssl=1 2250w" sizes="auto, (max-width: 750px) 100vw, 750px" />
			</div></figure><figure class='gallery-item'>
			<div class='gallery-icon landscape'>
				<img loading="lazy" decoding="async" width="750" height="563" src="https://i0.wp.com/escolagrancapita.wpcomstaging.com/wp-content/uploads/2018/05/CI_VIATGES4.jpg?fit=750%2C563&amp;ssl=1" class="attachment-large size-large" alt="" srcset="https://i0.wp.com/escolagrancapita.wpcomstaging.com/wp-content/uploads/2018/05/CI_VIATGES4.jpg?w=4032&amp;ssl=1 4032w, https://i0.wp.com/escolagrancapita.wpcomstaging.com/wp-content/uploads/2018/05/CI_VIATGES4.jpg?resize=300%2C225&amp;ssl=1 300w, https://i0.wp.com/escolagrancapita.wpcomstaging.com/wp-content/uploads/2018/05/CI_VIATGES4.jpg?resize=768%2C576&amp;ssl=1 768w, https://i0.wp.com/escolagrancapita.wpcomstaging.com/wp-content/uploads/2018/05/CI_VIATGES4.jpg?resize=1024%2C768&amp;ssl=1 1024w, https://i0.wp.com/escolagrancapita.wpcomstaging.com/wp-content/uploads/2018/05/CI_VIATGES4.jpg?w=1500&amp;ssl=1 1500w, https://i0.wp.com/escolagrancapita.wpcomstaging.com/wp-content/uploads/2018/05/CI_VIATGES4.jpg?w=2250&amp;ssl=1 2250w" sizes="auto, (max-width: 750px) 100vw, 750px" />
			</div></figure><figure class='gallery-item'>
			<div class='gallery-icon landscape'>
				<img loading="lazy" decoding="async" width="750" height="563" src="https://i0.wp.com/escolagrancapita.wpcomstaging.com/wp-content/uploads/2018/05/CI_VIATGES1.jpg?fit=750%2C563&amp;ssl=1" class="attachment-large size-large" alt="" srcset="https://i0.wp.com/escolagrancapita.wpcomstaging.com/wp-content/uploads/2018/05/CI_VIATGES1.jpg?w=4032&amp;ssl=1 4032w, https://i0.wp.com/escolagrancapita.wpcomstaging.com/wp-content/uploads/2018/05/CI_VIATGES1.jpg?resize=300%2C225&amp;ssl=1 300w, https://i0.wp.com/escolagrancapita.wpcomstaging.com/wp-content/uploads/2018/05/CI_VIATGES1.jpg?resize=768%2C576&amp;ssl=1 768w, https://i0.wp.com/escolagrancapita.wpcomstaging.com/wp-content/uploads/2018/05/CI_VIATGES1.jpg?resize=1024%2C768&amp;ssl=1 1024w, https://i0.wp.com/escolagrancapita.wpcomstaging.com/wp-content/uploads/2018/05/CI_VIATGES1.jpg?w=1500&amp;ssl=1 1500w, https://i0.wp.com/escolagrancapita.wpcomstaging.com/wp-content/uploads/2018/05/CI_VIATGES1.jpg?w=2250&amp;ssl=1 2250w" sizes="auto, (max-width: 750px) 100vw, 750px" />
			</div></figure>
		</div>

<div id='gallery-3' class='gallery galleryid-5777 gallery-columns-1 gallery-size-large'><figure class='gallery-item'>
			<div class='gallery-icon portrait'>
				<img loading="lazy" decoding="async" width="750" height="1000" src="https://i0.wp.com/escolagrancapita.wpcomstaging.com/wp-content/uploads/2018/05/CI_VIATGES2-e1527621803879.jpg?fit=750%2C1000&amp;ssl=1" class="attachment-large size-large" alt="" srcset="https://i0.wp.com/escolagrancapita.wpcomstaging.com/wp-content/uploads/2018/05/CI_VIATGES2-e1527621803879.jpg?w=3024&amp;ssl=1 3024w, https://i0.wp.com/escolagrancapita.wpcomstaging.com/wp-content/uploads/2018/05/CI_VIATGES2-e1527621803879.jpg?resize=225%2C300&amp;ssl=1 225w, https://i0.wp.com/escolagrancapita.wpcomstaging.com/wp-content/uploads/2018/05/CI_VIATGES2-e1527621803879.jpg?resize=768%2C1024&amp;ssl=1 768w, https://i0.wp.com/escolagrancapita.wpcomstaging.com/wp-content/uploads/2018/05/CI_VIATGES2-e1527621803879.jpg?w=1500&amp;ssl=1 1500w, https://i0.wp.com/escolagrancapita.wpcomstaging.com/wp-content/uploads/2018/05/CI_VIATGES2-e1527621803879.jpg?w=2250&amp;ssl=1 2250w" sizes="auto, (max-width: 750px) 100vw, 750px" />
			</div></figure>
		</div>

<p>L&#8217;agencia de viatges és el nom d&#8217;un dels projectes que 2n de Primària ha fet durant aquest 2n trimestre. A partir d&#8217;un mapa del món, s&#8217;ha convidat als nens i nenes a escollir llocs que els agradaria visitar alguna vegada.</p>
