{"id":7625,"date":"2018-11-24T10:44:21","date_gmt":"2018-11-24T10:44:21","guid":{"rendered":"https:\/\/escolagrancapita.wpcomstaging.com\/?page_id=7625"},"modified":"2018-11-24T11:01:37","modified_gmt":"2018-11-24T11:01:37","slug":"el-rumen-la-nostra-mascota-xesc","status":"publish","type":"page","link":"https:\/\/escolagrancapita.wpcomstaging.com\/?page_id=7625","title":{"rendered":"El RUMEN, la nostra mascota XESC"},"content":{"rendered":"<p style=\"text-align: justify;\">El passat 22 de novembre, el RUMEN, la nostra nova mascota <a href=\"https:\/\/escolagrancapita.wpcomstaging.com\/?page_id=412\">XESC<\/a>, va ser presentada a cadascuna de les classes de l&#8217;escola.<\/p>\n<p style=\"text-align: justify;\">Els encarregats de donar-lo a con\u00e8ixer van ser els delegats verds, que s\u00f3n els alumnes responsables de vetllar per tal d&#8217;assolir tots els objectius que cada curs es marquen des de la Comissi\u00f3 Verda i el Comit\u00e8 Ambiental de la nostra escola.<\/p>\n<div id='gallery-1' class='gallery galleryid-7625 gallery-columns-3 gallery-size-large'><figure class='gallery-item'>\n\t\t\t<div class='gallery-icon landscape'>\n\t\t\t\t<img loading=\"lazy\" decoding=\"async\" width=\"750\" height=\"563\" src=\"https:\/\/i0.wp.com\/escolagrancapita.wpcomstaging.com\/wp-content\/uploads\/2018\/11\/mascota_xesc_1-e1543006186696.jpg?fit=750%2C563&amp;ssl=1\" class=\"attachment-large size-large\" alt=\"\" srcset=\"https:\/\/i0.wp.com\/escolagrancapita.wpcomstaging.com\/wp-content\/uploads\/2018\/11\/mascota_xesc_1-e1543006186696.jpg?w=4032&amp;ssl=1 4032w, https:\/\/i0.wp.com\/escolagrancapita.wpcomstaging.com\/wp-content\/uploads\/2018\/11\/mascota_xesc_1-e1543006186696.jpg?resize=300%2C225&amp;ssl=1 300w, https:\/\/i0.wp.com\/escolagrancapita.wpcomstaging.com\/wp-content\/uploads\/2018\/11\/mascota_xesc_1-e1543006186696.jpg?resize=768%2C576&amp;ssl=1 768w, https:\/\/i0.wp.com\/escolagrancapita.wpcomstaging.com\/wp-content\/uploads\/2018\/11\/mascota_xesc_1-e1543006186696.jpg?resize=1024%2C768&amp;ssl=1 1024w, https:\/\/i0.wp.com\/escolagrancapita.wpcomstaging.com\/wp-content\/uploads\/2018\/11\/mascota_xesc_1-e1543006186696.jpg?w=1500&amp;ssl=1 1500w, https:\/\/i0.wp.com\/escolagrancapita.wpcomstaging.com\/wp-content\/uploads\/2018\/11\/mascota_xesc_1-e1543006186696.jpg?w=2250&amp;ssl=1 2250w\" sizes=\"auto, (max-width: 750px) 100vw, 750px\" \/>\n\t\t\t<\/div><\/figure><figure class='gallery-item'>\n\t\t\t<div class='gallery-icon landscape'>\n\t\t\t\t<img loading=\"lazy\" decoding=\"async\" width=\"750\" height=\"563\" src=\"https:\/\/i0.wp.com\/escolagrancapita.wpcomstaging.com\/wp-content\/uploads\/2018\/11\/mascota_xesc_3.jpg?fit=750%2C563&amp;ssl=1\" class=\"attachment-large size-large\" alt=\"\" srcset=\"https:\/\/i0.wp.com\/escolagrancapita.wpcomstaging.com\/wp-content\/uploads\/2018\/11\/mascota_xesc_3.jpg?w=1599&amp;ssl=1 1599w, https:\/\/i0.wp.com\/escolagrancapita.wpcomstaging.com\/wp-content\/uploads\/2018\/11\/mascota_xesc_3.jpg?resize=300%2C225&amp;ssl=1 300w, https:\/\/i0.wp.com\/escolagrancapita.wpcomstaging.com\/wp-content\/uploads\/2018\/11\/mascota_xesc_3.jpg?resize=768%2C576&amp;ssl=1 768w, https:\/\/i0.wp.com\/escolagrancapita.wpcomstaging.com\/wp-content\/uploads\/2018\/11\/mascota_xesc_3.jpg?resize=1024%2C768&amp;ssl=1 1024w, https:\/\/i0.wp.com\/escolagrancapita.wpcomstaging.com\/wp-content\/uploads\/2018\/11\/mascota_xesc_3.jpg?w=1500&amp;ssl=1 1500w\" sizes=\"auto, (max-width: 750px) 100vw, 750px\" \/>\n\t\t\t<\/div><\/figure><figure class='gallery-item'>\n\t\t\t<div class='gallery-icon landscape'>\n\t\t\t\t<img loading=\"lazy\" decoding=\"async\" width=\"750\" height=\"563\" src=\"https:\/\/i0.wp.com\/escolagrancapita.wpcomstaging.com\/wp-content\/uploads\/2018\/11\/mascota_xesc_2.jpg?fit=750%2C563&amp;ssl=1\" class=\"attachment-large size-large\" alt=\"\" srcset=\"https:\/\/i0.wp.com\/escolagrancapita.wpcomstaging.com\/wp-content\/uploads\/2018\/11\/mascota_xesc_2.jpg?w=1599&amp;ssl=1 1599w, https:\/\/i0.wp.com\/escolagrancapita.wpcomstaging.com\/wp-content\/uploads\/2018\/11\/mascota_xesc_2.jpg?resize=300%2C225&amp;ssl=1 300w, https:\/\/i0.wp.com\/escolagrancapita.wpcomstaging.com\/wp-content\/uploads\/2018\/11\/mascota_xesc_2.jpg?resize=768%2C576&amp;ssl=1 768w, https:\/\/i0.wp.com\/escolagrancapita.wpcomstaging.com\/wp-content\/uploads\/2018\/11\/mascota_xesc_2.jpg?resize=1024%2C768&amp;ssl=1 1024w, https:\/\/i0.wp.com\/escolagrancapita.wpcomstaging.com\/wp-content\/uploads\/2018\/11\/mascota_xesc_2.jpg?w=1500&amp;ssl=1 1500w\" sizes=\"auto, (max-width: 750px) 100vw, 750px\" \/>\n\t\t\t<\/div><\/figure>\n\t\t<\/div>\n\n<p style=\"text-align: justify;\">Aquest mico tan simp\u00e0tic ocupar\u00e0 un espai propi a les aules per donar consells sobre sostenibilitat i ensenyar m\u00e9s sobre reciclatge, efici\u00e8ncia energ\u00e8tica&#8230;<\/p>\n<p style=\"text-align: justify;\">Ahhhh!! Sabeu que significa el seu nom?<\/p>\n<div id='gallery-2' class='gallery galleryid-7625 gallery-columns-1 gallery-size-full'><figure class='gallery-item'>\n\t\t\t<div class='gallery-icon landscape'>\n\t\t\t\t<img loading=\"lazy\" decoding=\"async\" width=\"711\" height=\"40\" src=\"https:\/\/i0.wp.com\/escolagrancapita.wpcomstaging.com\/wp-content\/uploads\/2018\/11\/ESC_MascotaXESC-4-1.png?fit=711%2C40&amp;ssl=1\" class=\"attachment-full size-full\" alt=\"\" srcset=\"https:\/\/i0.wp.com\/escolagrancapita.wpcomstaging.com\/wp-content\/uploads\/2018\/11\/ESC_MascotaXESC-4-1.png?w=711&amp;ssl=1 711w, https:\/\/i0.wp.com\/escolagrancapita.wpcomstaging.com\/wp-content\/uploads\/2018\/11\/ESC_MascotaXESC-4-1.png?resize=300%2C17&amp;ssl=1 300w\" sizes=\"auto, (max-width: 711px) 100vw, 711px\" \/>\n\t\t\t<\/div><\/figure>\n\t\t<\/div>\n\n<p style=\"text-align: justify;\">Aix\u00ed que, tots junts, ajudem-lo en la seva tasca!<\/p>\n","protected":false},"excerpt":{"rendered":"<p>El passat 22 de novembre, el RUMEN, la nostra nova mascota XESC, va ser presentada a cadascuna de les classes de l&#8217;escola. Els encarregats de donar-lo a con\u00e8ixer van ser els delegats verds, que s\u00f3n els alumnes responsables de vetllar<\/p>\n","protected":false},"author":1,"featured_media":0,"parent":4246,"menu_order":0,"comment_status":"closed","ping_status":"closed","template":"","meta":{"_crdt_document":"","footnotes":""},"categories":[75],"tags":[109,77,86,43,48],"class_list":["post-7625","page","type-page","status-publish","hentry","category-activitats","tag-curs-2018-19","tag-ed-infantil","tag-ed-primaria","tag-ed-secundaria","tag-escola"],"jetpack_sharing_enabled":true,"_links":{"self":[{"href":"https:\/\/escolagrancapita.wpcomstaging.com\/index.php?rest_route=\/wp\/v2\/pages\/7625","targetHints":{"allow":["GET"]}}],"collection":[{"href":"https:\/\/escolagrancapita.wpcomstaging.com\/index.php?rest_route=\/wp\/v2\/pages"}],"about":[{"href":"https:\/\/escolagrancapita.wpcomstaging.com\/index.php?rest_route=\/wp\/v2\/types\/page"}],"author":[{"embeddable":true,"href":"https:\/\/escolagrancapita.wpcomstaging.com\/index.php?rest_route=\/wp\/v2\/users\/1"}],"replies":[{"embeddable":true,"href":"https:\/\/escolagrancapita.wpcomstaging.com\/index.php?rest_route=%2Fwp%2Fv2%2Fcomments&post=7625"}],"version-history":[{"count":0,"href":"https:\/\/escolagrancapita.wpcomstaging.com\/index.php?rest_route=\/wp\/v2\/pages\/7625\/revisions"}],"up":[{"embeddable":true,"href":"https:\/\/escolagrancapita.wpcomstaging.com\/index.php?rest_route=\/wp\/v2\/pages\/4246"}],"wp:attachment":[{"href":"https:\/\/escolagrancapita.wpcomstaging.com\/index.php?rest_route=%2Fwp%2Fv2%2Fmedia&parent=7625"}],"wp:term":[{"taxonomy":"category","embeddable":true,"href":"https:\/\/escolagrancapita.wpcomstaging.com\/index.php?rest_route=%2Fwp%2Fv2%2Fcategories&post=7625"},{"taxonomy":"post_tag","embeddable":true,"href":"https:\/\/escolagrancapita.wpcomstaging.com\/index.php?rest_route=%2Fwp%2Fv2%2Ftags&post=7625"}],"curies":[{"name":"wp","href":"https:\/\/api.w.org\/{rel}","templated":true}]}}

<p style="text-align: justify;">El passat 22 de novembre, el RUMEN, la nostra nova mascota <a href="https://escolagrancapita.wpcomstaging.com/?page_id=412">XESC</a>, va ser presentada a cadascuna de les classes de l&#8217;escola.</p>
<p style="text-align: justify;">Els encarregats de donar-lo a conèixer van ser els delegats verds, que són els alumnes responsables de vetllar per tal d&#8217;assolir tots els objectius que cada curs es marquen des de la Comissió Verda i el Comitè Ambiental de la nostra escola.</p>
<div id='gallery-1' class='gallery galleryid-7625 gallery-columns-3 gallery-size-large'><figure class='gallery-item'>
			<div class='gallery-icon landscape'>
				<img loading="lazy" decoding="async" width="750" height="563" src="https://i0.wp.com/escolagrancapita.wpcomstaging.com/wp-content/uploads/2018/11/mascota_xesc_1-e1543006186696.jpg?fit=750%2C563&amp;ssl=1" class="attachment-large size-large" alt="" srcset="https://i0.wp.com/escolagrancapita.wpcomstaging.com/wp-content/uploads/2018/11/mascota_xesc_1-e1543006186696.jpg?w=4032&amp;ssl=1 4032w, https://i0.wp.com/escolagrancapita.wpcomstaging.com/wp-content/uploads/2018/11/mascota_xesc_1-e1543006186696.jpg?resize=300%2C225&amp;ssl=1 300w, https://i0.wp.com/escolagrancapita.wpcomstaging.com/wp-content/uploads/2018/11/mascota_xesc_1-e1543006186696.jpg?resize=768%2C576&amp;ssl=1 768w, https://i0.wp.com/escolagrancapita.wpcomstaging.com/wp-content/uploads/2018/11/mascota_xesc_1-e1543006186696.jpg?resize=1024%2C768&amp;ssl=1 1024w, https://i0.wp.com/escolagrancapita.wpcomstaging.com/wp-content/uploads/2018/11/mascota_xesc_1-e1543006186696.jpg?w=1500&amp;ssl=1 1500w, https://i0.wp.com/escolagrancapita.wpcomstaging.com/wp-content/uploads/2018/11/mascota_xesc_1-e1543006186696.jpg?w=2250&amp;ssl=1 2250w" sizes="auto, (max-width: 750px) 100vw, 750px" />
			</div></figure><figure class='gallery-item'>
			<div class='gallery-icon landscape'>
				<img loading="lazy" decoding="async" width="750" height="563" src="https://i0.wp.com/escolagrancapita.wpcomstaging.com/wp-content/uploads/2018/11/mascota_xesc_3.jpg?fit=750%2C563&amp;ssl=1" class="attachment-large size-large" alt="" srcset="https://i0.wp.com/escolagrancapita.wpcomstaging.com/wp-content/uploads/2018/11/mascota_xesc_3.jpg?w=1599&amp;ssl=1 1599w, https://i0.wp.com/escolagrancapita.wpcomstaging.com/wp-content/uploads/2018/11/mascota_xesc_3.jpg?resize=300%2C225&amp;ssl=1 300w, https://i0.wp.com/escolagrancapita.wpcomstaging.com/wp-content/uploads/2018/11/mascota_xesc_3.jpg?resize=768%2C576&amp;ssl=1 768w, https://i0.wp.com/escolagrancapita.wpcomstaging.com/wp-content/uploads/2018/11/mascota_xesc_3.jpg?resize=1024%2C768&amp;ssl=1 1024w, https://i0.wp.com/escolagrancapita.wpcomstaging.com/wp-content/uploads/2018/11/mascota_xesc_3.jpg?w=1500&amp;ssl=1 1500w" sizes="auto, (max-width: 750px) 100vw, 750px" />
			</div></figure><figure class='gallery-item'>
			<div class='gallery-icon landscape'>
				<img loading="lazy" decoding="async" width="750" height="563" src="https://i0.wp.com/escolagrancapita.wpcomstaging.com/wp-content/uploads/2018/11/mascota_xesc_2.jpg?fit=750%2C563&amp;ssl=1" class="attachment-large size-large" alt="" srcset="https://i0.wp.com/escolagrancapita.wpcomstaging.com/wp-content/uploads/2018/11/mascota_xesc_2.jpg?w=1599&amp;ssl=1 1599w, https://i0.wp.com/escolagrancapita.wpcomstaging.com/wp-content/uploads/2018/11/mascota_xesc_2.jpg?resize=300%2C225&amp;ssl=1 300w, https://i0.wp.com/escolagrancapita.wpcomstaging.com/wp-content/uploads/2018/11/mascota_xesc_2.jpg?resize=768%2C576&amp;ssl=1 768w, https://i0.wp.com/escolagrancapita.wpcomstaging.com/wp-content/uploads/2018/11/mascota_xesc_2.jpg?resize=1024%2C768&amp;ssl=1 1024w, https://i0.wp.com/escolagrancapita.wpcomstaging.com/wp-content/uploads/2018/11/mascota_xesc_2.jpg?w=1500&amp;ssl=1 1500w" sizes="auto, (max-width: 750px) 100vw, 750px" />
			</div></figure>
		</div>

<p style="text-align: justify;">Aquest mico tan simpàtic ocuparà un espai propi a les aules per donar consells sobre sostenibilitat i ensenyar més sobre reciclatge, eficiència energètica&#8230;</p>
<p style="text-align: justify;">Ahhhh!! Sabeu que significa el seu nom?</p>
<div id='gallery-2' class='gallery galleryid-7625 gallery-columns-1 gallery-size-full'><figure class='gallery-item'>
			<div class='gallery-icon landscape'>
				<img loading="lazy" decoding="async" width="711" height="40" src="https://i0.wp.com/escolagrancapita.wpcomstaging.com/wp-content/uploads/2018/11/ESC_MascotaXESC-4-1.png?fit=711%2C40&amp;ssl=1" class="attachment-full size-full" alt="" srcset="https://i0.wp.com/escolagrancapita.wpcomstaging.com/wp-content/uploads/2018/11/ESC_MascotaXESC-4-1.png?w=711&amp;ssl=1 711w, https://i0.wp.com/escolagrancapita.wpcomstaging.com/wp-content/uploads/2018/11/ESC_MascotaXESC-4-1.png?resize=300%2C17&amp;ssl=1 300w" sizes="auto, (max-width: 711px) 100vw, 711px" />
			</div></figure>
		</div>

<p style="text-align: justify;">Així que, tots junts, ajudem-lo en la seva tasca!</p>

<p>El passat 22 de novembre, el RUMEN, la nostra nova mascota XESC, va ser presentada a cadascuna de les classes de l&#8217;escola. Els encarregats de donar-lo a conèixer van ser els delegats verds, que són els alumnes responsables de vetllar</p>
