{"id":9266,"date":"2019-04-30T07:58:57","date_gmt":"2019-04-30T07:58:57","guid":{"rendered":"https:\/\/escolagrancapita.wpcomstaging.com\/?page_id=9266"},"modified":"2019-10-05T10:35:11","modified_gmt":"2019-10-05T10:35:11","slug":"certamen-literari-sant-jordi-2019","status":"publish","type":"page","link":"https:\/\/escolagrancapita.wpcomstaging.com\/?page_id=9266","title":{"rendered":"Certamen Literari &#8211; Sant Jordi 2019"},"content":{"rendered":"<p>El passat 23 d&#8217;abril, es va celebrar a l&#8217;escola el <strong>Certamen Literari &#8211; Sant Jordi 2019<\/strong> amb la participaci\u00f3 de tots els alumnes de Prim\u00e0ria i Secund\u00e0ria.<\/p>\n<p>Aquest concurs se celebra cada any amb l&#8217;objectiu de fomentar l&#8217;esperit literari i creatiu dels nostres alumnes.<\/p>\n<p>Despr\u00e9s d&#8217;haver realitzat diverses composicions: <em>cal\u00b7ligrames, c\u00f2mics, pictogrames, petites hist\u00f2ries, etc., <\/em>es van premiar els treballs m\u00e9s ben elaborats. Cal dir per\u00f2, que va ser una decisi\u00f3 molt dif\u00edcil, ja que hi havia una gran quantitat de treballs molt ben fets.<\/p>\n<p>Aix\u00ed doncs, els guanyadors\/es de l&#8217;edici\u00f3 d&#8217;enguany van ser:<\/p>\n<p style=\"padding-left: 40px;\"><strong>CICLE INICIAL (1r i 2n):<\/strong><\/p>\n<ul>\n<li style=\"list-style-type: none;\">\n<ul>\n<li>1r premi: Naia Garz\u00f3n (2n de Prim\u00e0ria)<\/li>\n<li>2n premi: Daniela Rodr\u00edguez (1r de Prim\u00e0ria)<\/li>\n<li>3r premi: \u00d3scar Camarena (2n de Prim\u00e0ria)<\/li>\n<\/ul>\n<\/li>\n<\/ul>\n<p style=\"padding-left: 40px;\"><strong>CICLE MITJ\u00c0 (3r i 4t):<\/strong><\/p>\n<ul>\n<li style=\"list-style-type: none;\">\n<ul>\n<li style=\"text-align: justify;\">1r premi: Zoe Anselmo (3r de Prim\u00e0ria)<\/li>\n<li style=\"text-align: justify;\">2n premi: Hugo Ferri (3r de Prim\u00e0ria)<\/li>\n<li style=\"text-align: justify;\">3r premi: Ariadna Oliver (4t de Prim\u00e0ria)<\/li>\n<\/ul>\n<\/li>\n<\/ul>\n<p style=\"padding-left: 40px;\"><strong>CICLE SUPERIOR (5\u00e8 i 6\u00e8):<\/strong><\/p>\n<ul>\n<li style=\"list-style-type: none;\">\n<ul>\n<li>1r premi: Ainhoa Trincado (5\u00e8 de Prim\u00e0ria)<\/li>\n<li>2n premi: Martina Baeza (6\u00e8 de Prim\u00e0ria)<\/li>\n<li>3r premi: Ainara Meseguer (5\u00e8 de Prim\u00e0ria)<\/li>\n<\/ul>\n<\/li>\n<\/ul>\n<p style=\"padding-left: 40px;\"><strong>SECUND\u00c0RIA (1r i 2n d&#8217;ESO):<\/strong><\/p>\n<ul>\n<li style=\"list-style-type: none;\">\n<ul>\n<li>1r premi:\u00a0 Judith Rodr\u00edguez (2n d&#8217;ESO)<\/li>\n<li>2n premi: Vega Ayuso (2n d&#8217; ESO)<\/li>\n<li>3r premi: Luc\u00eda Camejo (1r d&#8217;ESO)<\/li>\n<\/ul>\n<\/li>\n<\/ul>\n<p style=\"padding-left: 40px;\"><strong>SECUND\u00c0RIA (3r i 4t d&#8217;ESO):<\/strong><\/p>\n<ul>\n<li style=\"list-style-type: none;\">\n<ul>\n<li style=\"text-align: justify;\">1r premi:\u00a0 Lorena Ca\u00f1ero (4t d&#8217;ESO)<\/li>\n<li style=\"text-align: justify;\">2n premi: Ainoa Vera (3r d&#8217; ESO)<\/li>\n<li style=\"text-align: justify;\">3r premi: David Corbacho (4t d&#8217;ESO)<\/li>\n<\/ul>\n<\/li>\n<\/ul>\n<div id='gallery-1' class='gallery galleryid-9266 gallery-columns-3 gallery-size-large'><figure class='gallery-item'>\n\t\t\t<div class='gallery-icon portrait'>\n\t\t\t\t<img loading=\"lazy\" decoding=\"async\" width=\"750\" height=\"1000\" src=\"https:\/\/i0.wp.com\/escolagrancapita.wpcomstaging.com\/wp-content\/uploads\/2019\/04\/ESC_santjordi-5.jpg?fit=750%2C1000&amp;ssl=1\" class=\"attachment-large size-large\" alt=\"\" srcset=\"https:\/\/i0.wp.com\/escolagrancapita.wpcomstaging.com\/wp-content\/uploads\/2019\/04\/ESC_santjordi-5.jpg?w=1200&amp;ssl=1 1200w, https:\/\/i0.wp.com\/escolagrancapita.wpcomstaging.com\/wp-content\/uploads\/2019\/04\/ESC_santjordi-5.jpg?resize=225%2C300&amp;ssl=1 225w, https:\/\/i0.wp.com\/escolagrancapita.wpcomstaging.com\/wp-content\/uploads\/2019\/04\/ESC_santjordi-5.jpg?resize=768%2C1024&amp;ssl=1 768w\" sizes=\"auto, (max-width: 750px) 100vw, 750px\" \/>\n\t\t\t<\/div><\/figure><figure class='gallery-item'>\n\t\t\t<div class='gallery-icon portrait'>\n\t\t\t\t<img loading=\"lazy\" decoding=\"async\" width=\"750\" height=\"1000\" src=\"https:\/\/i0.wp.com\/escolagrancapita.wpcomstaging.com\/wp-content\/uploads\/2019\/04\/ESC_santjordi-6.jpg?fit=750%2C1000&amp;ssl=1\" class=\"attachment-large size-large\" alt=\"\" srcset=\"https:\/\/i0.wp.com\/escolagrancapita.wpcomstaging.com\/wp-content\/uploads\/2019\/04\/ESC_santjordi-6.jpg?w=1200&amp;ssl=1 1200w, https:\/\/i0.wp.com\/escolagrancapita.wpcomstaging.com\/wp-content\/uploads\/2019\/04\/ESC_santjordi-6.jpg?resize=225%2C300&amp;ssl=1 225w, https:\/\/i0.wp.com\/escolagrancapita.wpcomstaging.com\/wp-content\/uploads\/2019\/04\/ESC_santjordi-6.jpg?resize=768%2C1024&amp;ssl=1 768w\" sizes=\"auto, (max-width: 750px) 100vw, 750px\" \/>\n\t\t\t<\/div><\/figure><figure class='gallery-item'>\n\t\t\t<div class='gallery-icon portrait'>\n\t\t\t\t<img loading=\"lazy\" decoding=\"async\" width=\"750\" height=\"1000\" src=\"https:\/\/i0.wp.com\/escolagrancapita.wpcomstaging.com\/wp-content\/uploads\/2019\/04\/ESC_santjordi-7.jpg?fit=750%2C1000&amp;ssl=1\" class=\"attachment-large size-large\" alt=\"\" srcset=\"https:\/\/i0.wp.com\/escolagrancapita.wpcomstaging.com\/wp-content\/uploads\/2019\/04\/ESC_santjordi-7.jpg?w=1200&amp;ssl=1 1200w, https:\/\/i0.wp.com\/escolagrancapita.wpcomstaging.com\/wp-content\/uploads\/2019\/04\/ESC_santjordi-7.jpg?resize=225%2C300&amp;ssl=1 225w, https:\/\/i0.wp.com\/escolagrancapita.wpcomstaging.com\/wp-content\/uploads\/2019\/04\/ESC_santjordi-7.jpg?resize=768%2C1024&amp;ssl=1 768w\" sizes=\"auto, (max-width: 750px) 100vw, 750px\" \/>\n\t\t\t<\/div><\/figure>\n\t\t<\/div>\n\n<div id='gallery-2' class='gallery galleryid-9266 gallery-columns-2 gallery-size-large'><figure class='gallery-item'>\n\t\t\t<div class='gallery-icon landscape'>\n\t\t\t\t<img loading=\"lazy\" decoding=\"async\" width=\"750\" height=\"571\" src=\"https:\/\/i0.wp.com\/escolagrancapita.wpcomstaging.com\/wp-content\/uploads\/2019\/04\/ESC_santjordi-3.jpg?fit=750%2C571&amp;ssl=1\" class=\"attachment-large size-large\" alt=\"\" srcset=\"https:\/\/i0.wp.com\/escolagrancapita.wpcomstaging.com\/wp-content\/uploads\/2019\/04\/ESC_santjordi-3.jpg?w=1345&amp;ssl=1 1345w, https:\/\/i0.wp.com\/escolagrancapita.wpcomstaging.com\/wp-content\/uploads\/2019\/04\/ESC_santjordi-3.jpg?resize=300%2C229&amp;ssl=1 300w, https:\/\/i0.wp.com\/escolagrancapita.wpcomstaging.com\/wp-content\/uploads\/2019\/04\/ESC_santjordi-3.jpg?resize=768%2C585&amp;ssl=1 768w, https:\/\/i0.wp.com\/escolagrancapita.wpcomstaging.com\/wp-content\/uploads\/2019\/04\/ESC_santjordi-3.jpg?resize=1024%2C780&amp;ssl=1 1024w\" sizes=\"auto, (max-width: 750px) 100vw, 750px\" \/>\n\t\t\t<\/div><\/figure><figure class='gallery-item'>\n\t\t\t<div class='gallery-icon landscape'>\n\t\t\t\t<img loading=\"lazy\" decoding=\"async\" width=\"750\" height=\"563\" src=\"https:\/\/i0.wp.com\/escolagrancapita.wpcomstaging.com\/wp-content\/uploads\/2019\/04\/ESC_santjordi-1.jpg?fit=750%2C563&amp;ssl=1\" class=\"attachment-large size-large\" alt=\"\" srcset=\"https:\/\/i0.wp.com\/escolagrancapita.wpcomstaging.com\/wp-content\/uploads\/2019\/04\/ESC_santjordi-1.jpg?w=1600&amp;ssl=1 1600w, https:\/\/i0.wp.com\/escolagrancapita.wpcomstaging.com\/wp-content\/uploads\/2019\/04\/ESC_santjordi-1.jpg?resize=300%2C225&amp;ssl=1 300w, https:\/\/i0.wp.com\/escolagrancapita.wpcomstaging.com\/wp-content\/uploads\/2019\/04\/ESC_santjordi-1.jpg?resize=768%2C576&amp;ssl=1 768w, https:\/\/i0.wp.com\/escolagrancapita.wpcomstaging.com\/wp-content\/uploads\/2019\/04\/ESC_santjordi-1.jpg?resize=1024%2C768&amp;ssl=1 1024w, https:\/\/i0.wp.com\/escolagrancapita.wpcomstaging.com\/wp-content\/uploads\/2019\/04\/ESC_santjordi-1.jpg?w=1500&amp;ssl=1 1500w\" sizes=\"auto, (max-width: 750px) 100vw, 750px\" \/>\n\t\t\t<\/div><\/figure>\n\t\t<\/div>\n\n<p style=\"text-align: justify;\"><strong>Felicitats a tots els premiats i gr\u00e0cies a tots els participants! &#x1f339;&#x1f4d6;!<\/strong><\/p>\n","protected":false},"excerpt":{"rendered":"<p>El passat 23 d&#8217;abril, es va celebrar a l&#8217;escola el Certamen Literari &#8211; Sant Jordi 2019 amb la participaci\u00f3 de tots els alumnes de Prim\u00e0ria i Secund\u00e0ria. Aquest concurs se celebra cada any amb l&#8217;objectiu de fomentar l&#8217;esperit literari i<\/p>\n","protected":false},"author":1,"featured_media":0,"parent":4246,"menu_order":0,"comment_status":"closed","ping_status":"closed","template":"","meta":{"_crdt_document":"","footnotes":""},"categories":[75],"tags":[109,86,43,123],"class_list":["post-9266","page","type-page","status-publish","hentry","category-activitats","tag-curs-2018-19","tag-ed-primaria","tag-ed-secundaria","tag-sant-jordi"],"jetpack_sharing_enabled":true,"_links":{"self":[{"href":"https:\/\/escolagrancapita.wpcomstaging.com\/index.php?rest_route=\/wp\/v2\/pages\/9266","targetHints":{"allow":["GET"]}}],"collection":[{"href":"https:\/\/escolagrancapita.wpcomstaging.com\/index.php?rest_route=\/wp\/v2\/pages"}],"about":[{"href":"https:\/\/escolagrancapita.wpcomstaging.com\/index.php?rest_route=\/wp\/v2\/types\/page"}],"author":[{"embeddable":true,"href":"https:\/\/escolagrancapita.wpcomstaging.com\/index.php?rest_route=\/wp\/v2\/users\/1"}],"replies":[{"embeddable":true,"href":"https:\/\/escolagrancapita.wpcomstaging.com\/index.php?rest_route=%2Fwp%2Fv2%2Fcomments&post=9266"}],"version-history":[{"count":0,"href":"https:\/\/escolagrancapita.wpcomstaging.com\/index.php?rest_route=\/wp\/v2\/pages\/9266\/revisions"}],"up":[{"embeddable":true,"href":"https:\/\/escolagrancapita.wpcomstaging.com\/index.php?rest_route=\/wp\/v2\/pages\/4246"}],"wp:attachment":[{"href":"https:\/\/escolagrancapita.wpcomstaging.com\/index.php?rest_route=%2Fwp%2Fv2%2Fmedia&parent=9266"}],"wp:term":[{"taxonomy":"category","embeddable":true,"href":"https:\/\/escolagrancapita.wpcomstaging.com\/index.php?rest_route=%2Fwp%2Fv2%2Fcategories&post=9266"},{"taxonomy":"post_tag","embeddable":true,"href":"https:\/\/escolagrancapita.wpcomstaging.com\/index.php?rest_route=%2Fwp%2Fv2%2Ftags&post=9266"}],"curies":[{"name":"wp","href":"https:\/\/api.w.org\/{rel}","templated":true}]}}

<p>El passat 23 d&#8217;abril, es va celebrar a l&#8217;escola el <strong>Certamen Literari &#8211; Sant Jordi 2019</strong> amb la participació de tots els alumnes de Primària i Secundària.</p>
<p>Aquest concurs se celebra cada any amb l&#8217;objectiu de fomentar l&#8217;esperit literari i creatiu dels nostres alumnes.</p>
<p>Després d&#8217;haver realitzat diverses composicions: <em>cal·ligrames, còmics, pictogrames, petites històries, etc., </em>es van premiar els treballs més ben elaborats. Cal dir però, que va ser una decisió molt difícil, ja que hi havia una gran quantitat de treballs molt ben fets.</p>
<p>Així doncs, els guanyadors/es de l&#8217;edició d&#8217;enguany van ser:</p>
<p style="padding-left: 40px;"><strong>CICLE INICIAL (1r i 2n):</strong></p>
<ul>
<li style="list-style-type: none;">
<ul>
<li>1r premi: Naia Garzón (2n de Primària)</li>
<li>2n premi: Daniela Rodríguez (1r de Primària)</li>
<li>3r premi: Óscar Camarena (2n de Primària)</li>
</ul>
</li>
</ul>
<p style="padding-left: 40px;"><strong>CICLE MITJÀ (3r i 4t):</strong></p>
<ul>
<li style="list-style-type: none;">
<ul>
<li style="text-align: justify;">1r premi: Zoe Anselmo (3r de Primària)</li>
<li style="text-align: justify;">2n premi: Hugo Ferri (3r de Primària)</li>
<li style="text-align: justify;">3r premi: Ariadna Oliver (4t de Primària)</li>
</ul>
</li>
</ul>
<p style="padding-left: 40px;"><strong>CICLE SUPERIOR (5è i 6è):</strong></p>
<ul>
<li style="list-style-type: none;">
<ul>
<li>1r premi: Ainhoa Trincado (5è de Primària)</li>
<li>2n premi: Martina Baeza (6è de Primària)</li>
<li>3r premi: Ainara Meseguer (5è de Primària)</li>
</ul>
</li>
</ul>
<p style="padding-left: 40px;"><strong>SECUNDÀRIA (1r i 2n d&#8217;ESO):</strong></p>
<ul>
<li style="list-style-type: none;">
<ul>
<li>1r premi:  Judith Rodríguez (2n d&#8217;ESO)</li>
<li>2n premi: Vega Ayuso (2n d&#8217; ESO)</li>
<li>3r premi: Lucía Camejo (1r d&#8217;ESO)</li>
</ul>
</li>
</ul>
<p style="padding-left: 40px;"><strong>SECUNDÀRIA (3r i 4t d&#8217;ESO):</strong></p>
<ul>
<li style="list-style-type: none;">
<ul>
<li style="text-align: justify;">1r premi:  Lorena Cañero (4t d&#8217;ESO)</li>
<li style="text-align: justify;">2n premi: Ainoa Vera (3r d&#8217; ESO)</li>
<li style="text-align: justify;">3r premi: David Corbacho (4t d&#8217;ESO)</li>
</ul>
</li>
</ul>
<div id='gallery-1' class='gallery galleryid-9266 gallery-columns-3 gallery-size-large'><figure class='gallery-item'>
			<div class='gallery-icon portrait'>
				<img loading="lazy" decoding="async" width="750" height="1000" src="https://i0.wp.com/escolagrancapita.wpcomstaging.com/wp-content/uploads/2019/04/ESC_santjordi-5.jpg?fit=750%2C1000&amp;ssl=1" class="attachment-large size-large" alt="" srcset="https://i0.wp.com/escolagrancapita.wpcomstaging.com/wp-content/uploads/2019/04/ESC_santjordi-5.jpg?w=1200&amp;ssl=1 1200w, https://i0.wp.com/escolagrancapita.wpcomstaging.com/wp-content/uploads/2019/04/ESC_santjordi-5.jpg?resize=225%2C300&amp;ssl=1 225w, https://i0.wp.com/escolagrancapita.wpcomstaging.com/wp-content/uploads/2019/04/ESC_santjordi-5.jpg?resize=768%2C1024&amp;ssl=1 768w" sizes="auto, (max-width: 750px) 100vw, 750px" />
			</div></figure><figure class='gallery-item'>
			<div class='gallery-icon portrait'>
				<img loading="lazy" decoding="async" width="750" height="1000" src="https://i0.wp.com/escolagrancapita.wpcomstaging.com/wp-content/uploads/2019/04/ESC_santjordi-6.jpg?fit=750%2C1000&amp;ssl=1" class="attachment-large size-large" alt="" srcset="https://i0.wp.com/escolagrancapita.wpcomstaging.com/wp-content/uploads/2019/04/ESC_santjordi-6.jpg?w=1200&amp;ssl=1 1200w, https://i0.wp.com/escolagrancapita.wpcomstaging.com/wp-content/uploads/2019/04/ESC_santjordi-6.jpg?resize=225%2C300&amp;ssl=1 225w, https://i0.wp.com/escolagrancapita.wpcomstaging.com/wp-content/uploads/2019/04/ESC_santjordi-6.jpg?resize=768%2C1024&amp;ssl=1 768w" sizes="auto, (max-width: 750px) 100vw, 750px" />
			</div></figure><figure class='gallery-item'>
			<div class='gallery-icon portrait'>
				<img loading="lazy" decoding="async" width="750" height="1000" src="https://i0.wp.com/escolagrancapita.wpcomstaging.com/wp-content/uploads/2019/04/ESC_santjordi-7.jpg?fit=750%2C1000&amp;ssl=1" class="attachment-large size-large" alt="" srcset="https://i0.wp.com/escolagrancapita.wpcomstaging.com/wp-content/uploads/2019/04/ESC_santjordi-7.jpg?w=1200&amp;ssl=1 1200w, https://i0.wp.com/escolagrancapita.wpcomstaging.com/wp-content/uploads/2019/04/ESC_santjordi-7.jpg?resize=225%2C300&amp;ssl=1 225w, https://i0.wp.com/escolagrancapita.wpcomstaging.com/wp-content/uploads/2019/04/ESC_santjordi-7.jpg?resize=768%2C1024&amp;ssl=1 768w" sizes="auto, (max-width: 750px) 100vw, 750px" />
			</div></figure>
		</div>

<div id='gallery-2' class='gallery galleryid-9266 gallery-columns-2 gallery-size-large'><figure class='gallery-item'>
			<div class='gallery-icon landscape'>
				<img loading="lazy" decoding="async" width="750" height="571" src="https://i0.wp.com/escolagrancapita.wpcomstaging.com/wp-content/uploads/2019/04/ESC_santjordi-3.jpg?fit=750%2C571&amp;ssl=1" class="attachment-large size-large" alt="" srcset="https://i0.wp.com/escolagrancapita.wpcomstaging.com/wp-content/uploads/2019/04/ESC_santjordi-3.jpg?w=1345&amp;ssl=1 1345w, https://i0.wp.com/escolagrancapita.wpcomstaging.com/wp-content/uploads/2019/04/ESC_santjordi-3.jpg?resize=300%2C229&amp;ssl=1 300w, https://i0.wp.com/escolagrancapita.wpcomstaging.com/wp-content/uploads/2019/04/ESC_santjordi-3.jpg?resize=768%2C585&amp;ssl=1 768w, https://i0.wp.com/escolagrancapita.wpcomstaging.com/wp-content/uploads/2019/04/ESC_santjordi-3.jpg?resize=1024%2C780&amp;ssl=1 1024w" sizes="auto, (max-width: 750px) 100vw, 750px" />
			</div></figure><figure class='gallery-item'>
			<div class='gallery-icon landscape'>
				<img loading="lazy" decoding="async" width="750" height="563" src="https://i0.wp.com/escolagrancapita.wpcomstaging.com/wp-content/uploads/2019/04/ESC_santjordi-1.jpg?fit=750%2C563&amp;ssl=1" class="attachment-large size-large" alt="" srcset="https://i0.wp.com/escolagrancapita.wpcomstaging.com/wp-content/uploads/2019/04/ESC_santjordi-1.jpg?w=1600&amp;ssl=1 1600w, https://i0.wp.com/escolagrancapita.wpcomstaging.com/wp-content/uploads/2019/04/ESC_santjordi-1.jpg?resize=300%2C225&amp;ssl=1 300w, https://i0.wp.com/escolagrancapita.wpcomstaging.com/wp-content/uploads/2019/04/ESC_santjordi-1.jpg?resize=768%2C576&amp;ssl=1 768w, https://i0.wp.com/escolagrancapita.wpcomstaging.com/wp-content/uploads/2019/04/ESC_santjordi-1.jpg?resize=1024%2C768&amp;ssl=1 1024w, https://i0.wp.com/escolagrancapita.wpcomstaging.com/wp-content/uploads/2019/04/ESC_santjordi-1.jpg?w=1500&amp;ssl=1 1500w" sizes="auto, (max-width: 750px) 100vw, 750px" />
			</div></figure>
		</div>

<p style="text-align: justify;"><strong>Felicitats a tots els premiats i gràcies a tots els participants! &#x1f339;&#x1f4d6;!</strong></p>

<p>El passat 23 d&#8217;abril, es va celebrar a l&#8217;escola el Certamen Literari &#8211; Sant Jordi 2019 amb la participació de tots els alumnes de Primària i Secundària. Aquest concurs se celebra cada any amb l&#8217;objectiu de fomentar l&#8217;esperit literari i</p>
